{"version":"1.0","provider_name":"Stuttgarti Katolikusok","provider_url":"https:\/\/stuttgarti-katolikusok.de","title":"Az \u00e9let k\u00f6nyv\u00e9b\u0151l - Stuttgarti Katolikusok","type":"rich","width":600,"height":338,"html":"<blockquote class=\"wp-embedded-content\" data-secret=\"gR2Q6Uy4dh\"><a href=\"https:\/\/stuttgarti-katolikusok.de\/index.php\/az-elet-konyvebol\/\">Az \u00e9let k\u00f6nyv\u00e9b\u0151l<\/a><\/blockquote><iframe sandbox=\"allow-scripts\" security=\"restricted\" src=\"https:\/\/stuttgarti-katolikusok.de\/index.php\/az-elet-konyvebol\/embed\/#?secret=gR2Q6Uy4dh\" width=\"600\" height=\"338\" title=\"&#8220;Az \u00e9let k\u00f6nyv\u00e9b\u0151l&#8221; &#8212; Stuttgarti Katolikusok\" data-secret=\"gR2Q6Uy4dh\" frameborder=\"0\" marginwidth=\"0\" marginheight=\"0\" scrolling=\"no\" class=\"wp-embedded-content\"><\/iframe><script type=\"text\/javascript\">\n\/* <![CDATA[ *\/\n\/*! This file is auto-generated *\/\n!function(d,l){\"use strict\";l.querySelector&&d.addEventListener&&\"undefined\"!=typeof URL&&(d.wp=d.wp||{},d.wp.receiveEmbedMessage||(d.wp.receiveEmbedMessage=function(e){var t=e.data;if((t||t.secret||t.message||t.value)&&!\/[^a-zA-Z0-9]\/.test(t.secret)){for(var s,r,n,a=l.querySelectorAll('iframe[data-secret=\"'+t.secret+'\"]'),o=l.querySelectorAll('blockquote[data-secret=\"'+t.secret+'\"]'),c=new RegExp(\"^https?:$\",\"i\"),i=0;i<o.length;i++)o[i].style.display=\"none\";for(i=0;i<a.length;i++)s=a[i],e.source===s.contentWindow&&(s.removeAttribute(\"style\"),\"height\"===t.message?(1e3<(r=parseInt(t.value,10))?r=1e3:~~r<200&&(r=200),s.height=r):\"link\"===t.message&&(r=new URL(s.getAttribute(\"src\")),n=new URL(t.value),c.test(n.protocol))&&n.host===r.host&&l.activeElement===s&&(d.top.location.href=t.value))}},d.addEventListener(\"message\",d.wp.receiveEmbedMessage,!1),l.addEventListener(\"DOMContentLoaded\",function(){for(var e,t,s=l.querySelectorAll(\"iframe.wp-embedded-content\"),r=0;r<s.length;r++)(t=(e=s[r]).getAttribute(\"data-secret\"))||(t=Math.random().toString(36).substring(2,12),e.src+=\"#?secret=\"+t,e.setAttribute(\"data-secret\",t)),e.contentWindow.postMessage({message:\"ready\",secret:t},\"*\")},!1)))}(window,document);\n\/\/# sourceURL=https:\/\/stuttgarti-katolikusok.de\/wp-includes\/js\/wp-embed.min.js\n\/* ]]> *\/\n<\/script>\n","thumbnail_url":"https:\/\/stuttgarti-katolikusok.de\/wp-content\/uploads\/2022\/04\/stauder-eva-1.jpg","thumbnail_width":840,"thumbnail_height":897,"description":"Szomor\u00fa sz\u00edvvel eml\u00e9kez\u00fcnk meg Stauder sz\u00fcl. Kaiser \u00c9v\u00e1r\u00f3l, Egyh\u00e1zk\u00f6zs\u00e9g\u00fcnk oszlopos tagj\u00e1r\u00f3l, aki hossz\u00fa, de t\u00fcrelmesen viselt szenved\u00e9s ut\u00e1n, 2022. m\u00e1rcius 27-\u00e9n, vas\u00e1rnap reggel hunyt el. \u00c9v\u00e1t \u00e9vtizedek \u00f3ta ismerj\u00fck, egy\u00fctt im\u00e1dkoztunk, l\u00e1togattuk a zar\u00e1ndokhelyeket, ismerkedt\u00fcnk a k\u00fcl\u00f6nb\u00f6z\u0151 orsz\u00e1gok kult\u00far\u00e1j\u00e1val, nevezetess\u00e9geivel azokon a felejthetetlen utakon, amelyeket Horv\u00e1th J\u00e1nos atya kezdem\u00e9nyez\u00e9s\u00e9vel tett\u00fcnk meg. \u0150 volt az \u00f6nk\u00e9ntes munk\u00e1t v\u00e1llal\u00f3k egyik legnagyobb p\u00e9ldak\u00e9pe Egyh\u00e1zk\u00f6zs\u00e9g\u00fcnkben. \u00c9veken \u00e1t vezette Imre atya k\u00e9r\u00e9s\u00e9re a p\u00e9ntek d\u00e9lut\u00e1ni Bar\u00e1ts\u00e1g Klubot, programokat szervezett megh\u00edvott vend\u00e9gekkel, akik egyh\u00e1zi \u00fcnnepekr\u0151l, m\u0171v\u00e9szetr\u0151l, irodalomr\u00f3l, t\u00f6rt\u00e9nelemr\u0151l tartottak el\u0151ad\u00e1sokat, zar\u00e1ndokutakr\u00f3l mutattak be filmeket. T\u00f6bbsz\u00f6r \u00e9n is ott voltam ezeken a d\u00e9lut\u00e1ni esem\u00e9nyeken. \u00c9v\u00e1t dics\u00e9rte a gy\u00f6ny\u00f6r\u0171 ter\u00edt\u00e9k az asztalokon \u00e9s a bar\u00e1ts\u00e1gos fogadtat\u00e1s. \u00c9v\u00e1nak k\u00f6sz\u00f6nhetj\u00fck azt is, hogy testv\u00e9re, Vit\u00e9z Nemes Kaiser Ern\u0151, a Szent Gy\u00f6rgy Lovagrend tagjak\u00e9nt, lovagt\u00e1rsaival egy\u00fctt 2017-ben Szent Erzs\u00e9bet erekly\u00e9t adom\u00e1nyozott Egyh\u00e1zk\u00f6zs\u00e9g\u00fcnknek. Tavaly szeptemberben, a stuttgarti b\u00facs\u00fankon, Tibor aty\u00e1nak tov\u00e1bbi k\u00e9t erekly\u00e9t ny\u00fajtott \u00e1t, Szent Gell\u00e9rt \u00e9s Szent Istv\u00e1n erekly\u00e9t, \u00edgy h\u00e1rom ereklye el\u0151tt k\u00e9rhetj\u00fck Isten k\u00f6zbenj\u00e1r\u00e1s\u00e1t. Stauder \u00c9va testv\u00e9r\u00fcnkt\u0151l 2022. \u00e1prilis 13-\u00e1n, szerd\u00e1n, 12.00 \u00f3rakor vesz\u00fcnk b\u00facs\u00fat Stuttgartban a Pragfriedhof temet\u0151ben. Kedves \u00c9va, p\u00e9ld\u00e1dat k\u00f6vetni fogjuk. Isten nyugtasson b\u00e9k\u00e9ben! D\u00e1vid Melinda"}

Az élet könyvéből - Stuttgarti Katolikusok

<blockquote class="wp-embedded-content" data-secret="gR2Q6Uy4dh"><a href="https://stuttgarti-katolikusok.de/index.php/az-elet-konyvebol/">Az élet könyvéből</a></blockquote><iframe sandbox="allow-scripts" security="restricted" src="https://stuttgarti-katolikusok.de/index.php/az-elet-konyvebol/embed/#?secret=gR2Q6Uy4dh" width="600" height="338" title="&#8220;Az élet könyvéből&#8221; &#8212; Stuttgarti Katolikusok" data-secret="gR2Q6Uy4dh" frameborder="0" marginwidth="0" marginheight="0" scrolling="no" class="wp-embedded-content"></iframe><script type="text/javascript">
/* <![CDATA[ */
/*! This file is auto-generated */
!function(d,l){"use strict";l.querySelector&&d.addEventListener&&"undefined"!=typeof URL&&(d.wp=d.wp||{},d.wp.receiveEmbedMessage||(d.wp.receiveEmbedMessage=function(e){var t=e.data;if((t||t.secret||t.message||t.value)&&!/[^a-zA-Z0-9]/.test(t.secret)){for(var s,r,n,a=l.querySelectorAll('iframe[data-secret="'+t.secret+'"]'),o=l.querySelectorAll('blockquote[data-secret="'+t.secret+'"]'),c=new RegExp("^https?:$","i"),i=0;i<o.length;i++)o[i].style.display="none";for(i=0;i<a.length;i++)s=a[i],e.source===s.contentWindow&&(s.removeAttribute("style"),"height"===t.message?(1e3<(r=parseInt(t.value,10))?r=1e3:~~r<200&&(r=200),s.height=r):"link"===t.message&&(r=new URL(s.getAttribute("src")),n=new URL(t.value),c.test(n.protocol))&&n.host===r.host&&l.activeElement===s&&(d.top.location.href=t.value))}},d.addEventListener("message",d.wp.receiveEmbedMessage,!1),l.addEventListener("DOMContentLoaded",function(){for(var e,t,s=l.querySelectorAll("iframe.wp-embedded-content"),r=0;r<s.length;r++)(t=(e=s[r]).getAttribute("data-secret"))||(t=Math.random().toString(36).substring(2,12),e.src+="#?secret="+t,e.setAttribute("data-secret",t)),e.contentWindow.postMessage({message:"ready",secret:t},"*")},!1)))}(window,document);
//# sourceURL=https://stuttgarti-katolikusok.de/wp-includes/js/wp-embed.min.js
/* ]]> */
</script>

Szomorú szívvel emlékezünk meg Stauder szül. Kaiser Éváról, Egyházközségünk oszlopos tagjáról, aki hosszú, de türelmesen viselt szenvedés után, 2022. március 27-én, vasárnap reggel hunyt el. Évát évtizedek óta ismerjük, együtt imádkoztunk, látogattuk a zarándokhelyeket, ismerkedtünk a különböző országok kultúrájával, nevezetességeivel azokon a felejthetetlen utakon, amelyeket Horváth János atya kezdeményezésével tettünk meg. Ő volt az önkéntes munkát vállalók egyik legnagyobb példaképe Egyházközségünkben. Éveken át vezette Imre atya kérésére a péntek délutáni Barátság Klubot, programokat szervezett meghívott vendégekkel, akik egyházi ünnepekről, művészetről, irodalomról, történelemről tartottak előadásokat, zarándokutakról mutattak be filmeket. Többször én is ott voltam ezeken a délutáni eseményeken. Évát dicsérte a gyönyörű teríték az asztalokon és a barátságos fogadtatás. Évának köszönhetjük azt is, hogy testvére, Vitéz Nemes Kaiser Ernő, a Szent György Lovagrend tagjaként, lovagtársaival együtt 2017-ben Szent Erzsébet ereklyét adományozott Egyházközségünknek. Tavaly szeptemberben, a stuttgarti búcsúnkon, Tibor atyának további két ereklyét nyújtott át, Szent Gellért és Szent István ereklyét, így három ereklye előtt kérhetjük Isten közbenjárását. Stauder Éva testvérünktől 2022. április 13-án, szerdán, 12.00 órakor veszünk búcsút Stuttgartban a Pragfriedhof temetőben. Kedves Éva, példádat követni fogjuk. Isten nyugtasson békében! Dávid Melinda
