{"version":"1.0","provider_name":"Stuttgarti Katolikusok","provider_url":"https:\/\/stuttgarti-katolikusok.de","title":"Any\u00e1k napja Weingartenben - Stuttgarti Katolikusok","type":"rich","width":600,"height":338,"html":"<blockquote class=\"wp-embedded-content\" data-secret=\"aYP3cgOXdV\"><a href=\"https:\/\/stuttgarti-katolikusok.de\/index.php\/anyak-napja-weingartenben\/\">Any\u00e1k napja Weingartenben<\/a><\/blockquote><iframe sandbox=\"allow-scripts\" security=\"restricted\" src=\"https:\/\/stuttgarti-katolikusok.de\/index.php\/anyak-napja-weingartenben\/embed\/#?secret=aYP3cgOXdV\" width=\"600\" height=\"338\" title=\"&#8220;Any\u00e1k napja Weingartenben&#8221; &#8212; Stuttgarti Katolikusok\" data-secret=\"aYP3cgOXdV\" frameborder=\"0\" marginwidth=\"0\" marginheight=\"0\" scrolling=\"no\" class=\"wp-embedded-content\"><\/iframe><script type=\"text\/javascript\">\n\/* <![CDATA[ *\/\n\/*! This file is auto-generated *\/\n!function(d,l){\"use strict\";l.querySelector&&d.addEventListener&&\"undefined\"!=typeof URL&&(d.wp=d.wp||{},d.wp.receiveEmbedMessage||(d.wp.receiveEmbedMessage=function(e){var t=e.data;if((t||t.secret||t.message||t.value)&&!\/[^a-zA-Z0-9]\/.test(t.secret)){for(var s,r,n,a=l.querySelectorAll('iframe[data-secret=\"'+t.secret+'\"]'),o=l.querySelectorAll('blockquote[data-secret=\"'+t.secret+'\"]'),c=new RegExp(\"^https?:$\",\"i\"),i=0;i<o.length;i++)o[i].style.display=\"none\";for(i=0;i<a.length;i++)s=a[i],e.source===s.contentWindow&&(s.removeAttribute(\"style\"),\"height\"===t.message?(1e3<(r=parseInt(t.value,10))?r=1e3:~~r<200&&(r=200),s.height=r):\"link\"===t.message&&(r=new URL(s.getAttribute(\"src\")),n=new URL(t.value),c.test(n.protocol))&&n.host===r.host&&l.activeElement===s&&(d.top.location.href=t.value))}},d.addEventListener(\"message\",d.wp.receiveEmbedMessage,!1),l.addEventListener(\"DOMContentLoaded\",function(){for(var e,t,s=l.querySelectorAll(\"iframe.wp-embedded-content\"),r=0;r<s.length;r++)(t=(e=s[r]).getAttribute(\"data-secret\"))||(t=Math.random().toString(36).substring(2,12),e.src+=\"#?secret=\"+t,e.setAttribute(\"data-secret\",t)),e.contentWindow.postMessage({message:\"ready\",secret:t},\"*\")},!1)))}(window,document);\n\/\/# sourceURL=https:\/\/stuttgarti-katolikusok.de\/wp-includes\/js\/wp-embed.min.js\n\/* ]]> *\/\n<\/script>\n","thumbnail_url":"https:\/\/stuttgarti-katolikusok.de\/wp-content\/uploads\/2016\/05\/dscf3137.jpg","thumbnail_width":1024,"thumbnail_height":577,"description":"Any\u00e1k napja 2016. m\u00e1jus 8. &#8211; Weingarten Mit jelent a m\u00e1jusi h\u00f3nap sz\u00e1modra, sz\u00e1momra, mivel tudom ezt a gy\u00f6ny\u00f6r\u0171 h\u00f3napot \u00f6sszef\u00fcgg\u00e9sbe hozni? Tal\u00e1n gondolunk a term\u00e9szet f\u00f6l\u00e9led\u00e9s\u00e9re a hossz\u00fa t\u00e9li napokat, h\u00f3napokat k\u00f6vet\u0151en, avagy gondolunk a gy\u00f6ny\u00f6r\u0171\u00a0sz\u00e9p vir\u00e1gokra, amelyek csod\u00e1latos sz\u00edneikkel olykor elb\u0171v\u00f6lik emberi pillant\u00e1sainkat. Gondolunk tov\u00e1bb\u00e1 a Sz\u0171z Any\u00e1ra, akit nevezhet\u00fcnk a legszebb t\u00f6vis n\u00e9lk\u00fcli r\u00f3zs\u00e1nak. \u0150, aki \u00e9letet adott J\u00e9zusnak, Szent Fi\u00e1nak, aki meghalt \u00e9rt\u00fcnk, hogy hal\u00e1l\u00e1val legy\u0151zze a b\u0171nt, a mi emberi gyarl\u00f3s\u00e1gainkat, \u00e9s ezen kereszt\u00fcl megv\u00e1ltson minket. Tov\u00e1bb\u00e1 eml\u00e9kez\u00fcnk e gy\u00f6ny\u00f6r\u0171 h\u00f3napban az \u00e9desany\u00e1kra, \u00a0\u00e9desany\u00e1nkra, aki \u00e9letet adott nek\u00fcnk, test\u00e9vel v\u00e9dett, oltalmazott, t\u00e1pl\u00e1lt benn\u00fcnket. Ezen gy\u00f6ny\u00f6r\u0171 sz\u00e9p \u00fcnnepet, Any\u00e1k napj\u00e1t, \u00fcnnepelt\u00fck a mai szentmis\u00e9ben is, m\u00e1jus 8-\u00e1n Weingartenben a mi k\u00f6z\u00f6ss\u00e9g\u00fcnkben. M\u00e9lyen elgondolkodtat\u00f3, gy\u00f6ny\u00f6r\u0171 gondolatokat adott \u00e1t nek\u00fcnk Tibor atya a pr\u00e9dik\u00e1ci\u00f3j\u00e1ban, elm\u00e9lked\u00e9s\u00e9ben, hogy mit is kell jelentsen sz\u00e1munkra, minden egyes jelenl\u00e9v\u0151 sz\u00e1m\u00e1ra az \u00e9desanya, akit\u0151l kezdett\u0151l fogva v\u00e9delemeben, testi- \u00e9s lelki t\u00e1pl\u00e1l\u00e9kban, vigasztal\u00e1sban volt \u00e9s van r\u00e9sz\u00fcnk. Ez\u00e9rt szeretn\u00fcnk, tiszteln\u00fcnk, \u00a0v\u00e9den\u00fcnk kell.Gyermeki k\u00f6teless\u00e9g, szer\u00e9ny h\u00e1la a sok kapott j\u00f3\u00e9rt. Egy m\u00e1sik, e napot kiemel\u0151 nagyon sz\u00e9p esem\u00e9ny volt a mai napon, Korn\u00e9lia (Nelli) megkeresztel\u00e9se, valamint b\u00e9rm\u00e1l\u00e1sa, aki feln\u0151ttk\u00e9nt \u00e9s \u00e9desanyak\u00e9nt nyerte el a mai napon csal\u00e1dja \u00e9s az eg\u00e9sz k\u00f6z\u00f6ss\u00e9g k\u00f6r\u00e9ben ezeket a szents\u00e9geket. \u0150, akinek nem hagyom\u00e1nyosan, kisgyermekk\u00e9nt adatott lehet\u0151s\u00e9ge e szents\u00e9gek f\u00f6lv\u00e9tel\u00e9re, most, feln\u0151ttk\u00e9nt \u00e9s \u00e9desanyak\u00e9nt j\u00e1rulhatott az els\u0151 szent \u00e1ldoz\u00e1shoz. Tal\u00e1n a Gondvisel\u00e9s is \u00edgy akarta hogy, aki k\u00e9t gyermeknek adott \u00e9letet, ezen a sz\u00e9p napon, az \u00c9desany\u00e1k napj\u00e1n, a Sz\u0171z Anya h\u00f3napj\u00e1ban nyerje el ezeket a sz\u00e1munkra, kereszt\u00e9nyek sz\u00e1m\u00e1ra, sz\u00e9p \u00e9s fontos szents\u00e9geket. Ezen \u00faton sz\u00edvb\u0151l k\u00edv\u00e1nom Nellinek hogy a kereszt\u00e9nys\u00e9g m\u00e9lyen gy\u00f6kerezzen meg sz\u00edv\u00e9ben \u00e9s a Sz\u0171z Anya v\u00e9d\u0151 pal\u00e1stja alatt mindig lelki b\u00e9k\u00e9re \u00e9s oltalomra tal\u00e1ljon. A szentmis\u00e9nek egy gy\u00f6ny\u00f6r\u0171 befejez\u0151 szakaszt adott a gyermekeknek, leend\u0151 ministr\u00e1nsoknak, valamint a pillanatnyilag akt\u00edv ministr\u00e1nsoknak az \u00e9desany\u00e1kat egy-egy verssel val\u00f3 k\u00f6sz\u00f6nt\u00e9se. Ezt... R\u00e9szletek"}

Anyák napja Weingartenben - Stuttgarti Katolikusok

<blockquote class="wp-embedded-content" data-secret="aYP3cgOXdV"><a href="https://stuttgarti-katolikusok.de/index.php/anyak-napja-weingartenben/">Anyák napja Weingartenben</a></blockquote><iframe sandbox="allow-scripts" security="restricted" src="https://stuttgarti-katolikusok.de/index.php/anyak-napja-weingartenben/embed/#?secret=aYP3cgOXdV" width="600" height="338" title="&#8220;Anyák napja Weingartenben&#8221; &#8212; Stuttgarti Katolikusok" data-secret="aYP3cgOXdV" frameborder="0" marginwidth="0" marginheight="0" scrolling="no" class="wp-embedded-content"></iframe><script type="text/javascript">
/* <![CDATA[ */
/*! This file is auto-generated */
!function(d,l){"use strict";l.querySelector&&d.addEventListener&&"undefined"!=typeof URL&&(d.wp=d.wp||{},d.wp.receiveEmbedMessage||(d.wp.receiveEmbedMessage=function(e){var t=e.data;if((t||t.secret||t.message||t.value)&&!/[^a-zA-Z0-9]/.test(t.secret)){for(var s,r,n,a=l.querySelectorAll('iframe[data-secret="'+t.secret+'"]'),o=l.querySelectorAll('blockquote[data-secret="'+t.secret+'"]'),c=new RegExp("^https?:$","i"),i=0;i<o.length;i++)o[i].style.display="none";for(i=0;i<a.length;i++)s=a[i],e.source===s.contentWindow&&(s.removeAttribute("style"),"height"===t.message?(1e3<(r=parseInt(t.value,10))?r=1e3:~~r<200&&(r=200),s.height=r):"link"===t.message&&(r=new URL(s.getAttribute("src")),n=new URL(t.value),c.test(n.protocol))&&n.host===r.host&&l.activeElement===s&&(d.top.location.href=t.value))}},d.addEventListener("message",d.wp.receiveEmbedMessage,!1),l.addEventListener("DOMContentLoaded",function(){for(var e,t,s=l.querySelectorAll("iframe.wp-embedded-content"),r=0;r<s.length;r++)(t=(e=s[r]).getAttribute("data-secret"))||(t=Math.random().toString(36).substring(2,12),e.src+="#?secret="+t,e.setAttribute("data-secret",t)),e.contentWindow.postMessage({message:"ready",secret:t},"*")},!1)))}(window,document);
//# sourceURL=https://stuttgarti-katolikusok.de/wp-includes/js/wp-embed.min.js
/* ]]> */
</script>

Anyák napja 2016. május 8. &#8211; Weingarten Mit jelent a májusi hónap számodra, számomra, mivel tudom ezt a gyönyörű hónapot összefüggésbe hozni? Talán gondolunk a természet föléledésére a hosszú téli napokat, hónapokat követően, avagy gondolunk a gyönyörű szép virágokra, amelyek csodálatos színeikkel olykor elbűvölik emberi pillantásainkat. Gondolunk továbbá a Szűz Anyára, akit nevezhetünk a legszebb tövis nélküli rózsának. Ő, aki életet adott Jézusnak, Szent Fiának, aki meghalt értünk, hogy halálával legyőzze a bűnt, a mi emberi gyarlóságainkat, és ezen keresztül megváltson minket. Továbbá emlékezünk e gyönyörű hónapban az édesanyákra,  édesanyánkra, aki életet adott nekünk, testével védett, oltalmazott, táplált bennünket. Ezen gyönyörű szép ünnepet, Anyák napját, ünnepeltük a mai szentmisében is, május 8-án Weingartenben a mi közösségünkben. Mélyen elgondolkodtató, gyönyörű gondolatokat adott át nekünk Tibor atya a prédikációjában, elmélkedésében, hogy mit is kell jelentsen számunkra, minden egyes jelenlévő számára az édesanya, akitől kezdettől fogva védelemeben, testi- és lelki táplálékban, vigasztalásban volt és van részünk. Ezért szeretnünk, tisztelnünk,  védenünk kell.Gyermeki kötelesség, szerény hála a sok kapott jóért. Egy másik, e napot kiemelő nagyon szép esemény volt a mai napon, Kornélia (Nelli) megkeresztelése, valamint bérmálása, aki felnőttként és édesanyaként nyerte el a mai napon családja és az egész közösség körében ezeket a szentségeket. Ő, akinek nem hagyományosan, kisgyermekként adatott lehetősége e szentségek fölvételére, most, felnőttként és édesanyaként járulhatott az első szent áldozáshoz. Talán a Gondviselés is így akarta hogy, aki két gyermeknek adott életet, ezen a szép napon, az Édesanyák napján, a Szűz Anya hónapjában nyerje el ezeket a számunkra, keresztények számára, szép és fontos szentségeket. Ezen úton szívből kívánom Nellinek hogy a kereszténység mélyen gyökerezzen meg szívében és a Szűz Anya védő palástja alatt mindig lelki békére és oltalomra találjon. A szentmisének egy gyönyörű befejező szakaszt adott a gyermekeknek, leendő ministránsoknak, valamint a pillanatnyilag aktív ministránsoknak az édesanyákat egy-egy verssel való köszöntése. Ezt... Részletek
