{"version":"1.0","provider_name":"Stuttgarti Katolikusok","provider_url":"https:\/\/stuttgarti-katolikusok.de","title":"Kar\u00e1csony \u00fcnnepe - Stuttgarti Katolikusok","type":"rich","width":600,"height":338,"html":"<blockquote class=\"wp-embedded-content\" data-secret=\"S3S7ey2k7o\"><a href=\"https:\/\/stuttgarti-katolikusok.de\/index.php\/advent-4-vasarnapja-karacsony-unnepe\/\">Kar\u00e1csony \u00fcnnepe<\/a><\/blockquote><iframe sandbox=\"allow-scripts\" security=\"restricted\" src=\"https:\/\/stuttgarti-katolikusok.de\/index.php\/advent-4-vasarnapja-karacsony-unnepe\/embed\/#?secret=S3S7ey2k7o\" width=\"600\" height=\"338\" title=\"&#8220;Kar\u00e1csony \u00fcnnepe&#8221; &#8212; Stuttgarti Katolikusok\" data-secret=\"S3S7ey2k7o\" frameborder=\"0\" marginwidth=\"0\" marginheight=\"0\" scrolling=\"no\" class=\"wp-embedded-content\"><\/iframe><script type=\"text\/javascript\">\n\/* <![CDATA[ *\/\n\/*! This file is auto-generated *\/\n!function(d,l){\"use strict\";l.querySelector&&d.addEventListener&&\"undefined\"!=typeof URL&&(d.wp=d.wp||{},d.wp.receiveEmbedMessage||(d.wp.receiveEmbedMessage=function(e){var t=e.data;if((t||t.secret||t.message||t.value)&&!\/[^a-zA-Z0-9]\/.test(t.secret)){for(var s,r,n,a=l.querySelectorAll('iframe[data-secret=\"'+t.secret+'\"]'),o=l.querySelectorAll('blockquote[data-secret=\"'+t.secret+'\"]'),c=new RegExp(\"^https?:$\",\"i\"),i=0;i<o.length;i++)o[i].style.display=\"none\";for(i=0;i<a.length;i++)s=a[i],e.source===s.contentWindow&&(s.removeAttribute(\"style\"),\"height\"===t.message?(1e3<(r=parseInt(t.value,10))?r=1e3:~~r<200&&(r=200),s.height=r):\"link\"===t.message&&(r=new URL(s.getAttribute(\"src\")),n=new URL(t.value),c.test(n.protocol))&&n.host===r.host&&l.activeElement===s&&(d.top.location.href=t.value))}},d.addEventListener(\"message\",d.wp.receiveEmbedMessage,!1),l.addEventListener(\"DOMContentLoaded\",function(){for(var e,t,s=l.querySelectorAll(\"iframe.wp-embedded-content\"),r=0;r<s.length;r++)(t=(e=s[r]).getAttribute(\"data-secret\"))||(t=Math.random().toString(36).substring(2,12),e.src+=\"#?secret=\"+t,e.setAttribute(\"data-secret\",t)),e.contentWindow.postMessage({message:\"ready\",secret:t},\"*\")},!1)))}(window,document);\n\/\/# sourceURL=https:\/\/stuttgarti-katolikusok.de\/wp-includes\/js\/wp-embed.min.js\n\/* ]]> *\/\n<\/script>\n","description":"december 25. URUNK SZ\u00dcLET\u00c9SE: KAR\u00c1CSONY \u00c9jf\u00e9li mise &nbsp; OLVASM\u00c1NY Iz 9, 1-6 A pr\u00f3f\u00e9ta jelk\u00e9pekben j\u00f6vend\u00f6l a Messi\u00e1sr\u00f3l. H\u00e1rom k\u00e9pet haszn\u00e1l: a s\u00f6t\u00e9tben lev\u0151knek vil\u00e1goss\u00e1got hoz, \u00f6r\u00f6mre hangol, mint j\u00f3 arat\u00e1skor, \u00e9s megszabad\u00edt a szolgas\u00e1gt\u00f3l, mert leveszi a terhet \u00e9s elt\u00f6ri a fel\u00fcgyel\u0151k botj\u00e1t. Az\u00e9rt teheti meg, mert a v\u00e1ll\u00e1n hatalom van, isteni er\u0151t hordoz, s \u0151 a b\u00e9ke fejedelme. Krisztus val\u00f3ban meghozta a hit vil\u00e1goss\u00e1g\u00e1t, a szeretet \u00f6r\u00f6m\u00e9t, \u00e9s kiszabad\u00edtott a b\u0171n szolgas\u00e1g\u00e1b\u00f3l. V\u00c1LASZOS ZSOLT\u00c1R 95, 1-2a. 2b-3. 11-12. 13 V\u00e1lasz: Ma sz\u00fcletett a Megv\u00e1lt\u00f3nk, * \u00a0\u00a0\u00a0\u00a0\u00a0\u00a0\u00a0\u00a0\u00a0\u00a0\u00a0\u00a0\u00a0 az \u00dar J\u00e9zus Krisztus. Lk 2, 11. SZENTLECKE Tit 2, 11-14 A sz\u00f6vegben benne van az apostoli egyh\u00e1z tapasztal\u00e1sa: Kiv\u00e9tel n\u00e9lk\u00fcl minden ember sz\u00e1m\u00e1ra megjelent az \u00fcdv\u00f6z\u00edt\u00e9s kegyelme Krisztusban, s ez megk\u00f6veteli a b\u0171nnel val\u00f3 szak\u00edt\u00e1st, \u00e9s \u00e9rtelmet ad az \u00e9letnek. Rem\u00e9nnyel v\u00e1rhatjuk az Urunkkal val\u00f3 tal\u00e1lkoz\u00e1st, ha j\u00f3tettekben t\u00f6lt\u00f6tt\u00fck el \u00e9let\u00fcnk idej\u00e9t. EVANG\u00c9LIUM Lk 2, 1-14 J\u00e9zus sz\u00fclet\u00e9se az \u00fcdvt\u00f6rt\u00e9net kimagasl\u00f3 esem\u00e9nye. A R\u00f3mai Birodalom el\u0151k\u00e9sz\u00edtette a term\u00e9szetes keretet a Megv\u00e1lt\u00f3 e j\u00f6vetel\u00e9hez. A kinyilatkoztat\u00e1st azok kapj\u00e1k, akik \u00c1brah\u00e1m egyszer\u0171 hit\u00e9ben \u00e9lnek, \u00e9s k\u00e9szek a felh\u00edv\u00e1snak engedelmeskedni. Isten kinyilv\u00e1n\u00edtotta v\u00e9gs\u0151 terv\u00e9t. az embernek az \u0151 dics\u0151s\u00e9g\u00e9t kell szolg\u00e1lnia, s ugyanakkor az ember sz\u00e1m\u00e1ra ez lesz a b\u00e9ke biztos\u00edt\u00e9ka. A b\u00e9ke els\u0151sorban lelki \u00e1llapot, amit a j\u00f3akarat\u00fa emberek tapasztalnak meg. &nbsp; P\u00e1sztorok mis\u00e9je &nbsp; OLVASM\u00c1NY Iz 62, 11-12 Az \u00fczenet Sion le\u00e1ny\u00e1nak, vagyis Jeruzs\u00e1lem lak\u00f3inak sz\u00f3l: a fogs\u00e1g megsz\u0171nik, Isten felkarolja \u00fajra n\u00e9p\u00e9t. De a babiloni fogs\u00e1gb\u00f3l val\u00f3 szabadul\u00e1s egy v\u00e9gleges nagy esem\u00e9ny el\u0151k\u00e9pe. Az ilyen kifejez\u00e9sek, hogy ,,szent n\u00e9pnek&#8221;, ,,az \u00dar megv\u00e1ltottjainak&#8221; h\u00edvj\u00e1k \u0151ket, mutatj\u00e1k, hogy a pr\u00f3f\u00e9ta egy m\u00e1sik, lelki szabadul\u00e1sra gondol. V\u00c1LASZOS ZSOLT\u00c1R 96, 1 \u00e9s 6, 11-12 V\u00e1lasz: F\u00e9nyess\u00e9g ragyog ma f\u00f6l\u00f6tt\u00fcnk, + \u00a0\u00a0\u00a0\u00a0\u00a0\u00a0\u00a0\u00a0\u00a0\u00a0\u00a0\u00a0 \u00a0mert megsz\u00fcletett Urunk, J\u00e9zus Krisztus. SZENTLECKE Tit 3, 4-7 J\u00e9zusban Isten j\u00f3s\u00e1ga \u00e9s emberszeretete jelent meg. Ennek kell tulajdon\u00edtani megv\u00e1lt\u00e1sunkat \u00e9s megigazul\u00e1sunkat, nem pedig... R\u00e9szletek"}

Karácsony ünnepe - Stuttgarti Katolikusok

<blockquote class="wp-embedded-content" data-secret="S3S7ey2k7o"><a href="https://stuttgarti-katolikusok.de/index.php/advent-4-vasarnapja-karacsony-unnepe/">Karácsony ünnepe</a></blockquote><iframe sandbox="allow-scripts" security="restricted" src="https://stuttgarti-katolikusok.de/index.php/advent-4-vasarnapja-karacsony-unnepe/embed/#?secret=S3S7ey2k7o" width="600" height="338" title="&#8220;Karácsony ünnepe&#8221; &#8212; Stuttgarti Katolikusok" data-secret="S3S7ey2k7o" frameborder="0" marginwidth="0" marginheight="0" scrolling="no" class="wp-embedded-content"></iframe><script type="text/javascript">
/* <![CDATA[ */
/*! This file is auto-generated */
!function(d,l){"use strict";l.querySelector&&d.addEventListener&&"undefined"!=typeof URL&&(d.wp=d.wp||{},d.wp.receiveEmbedMessage||(d.wp.receiveEmbedMessage=function(e){var t=e.data;if((t||t.secret||t.message||t.value)&&!/[^a-zA-Z0-9]/.test(t.secret)){for(var s,r,n,a=l.querySelectorAll('iframe[data-secret="'+t.secret+'"]'),o=l.querySelectorAll('blockquote[data-secret="'+t.secret+'"]'),c=new RegExp("^https?:$","i"),i=0;i<o.length;i++)o[i].style.display="none";for(i=0;i<a.length;i++)s=a[i],e.source===s.contentWindow&&(s.removeAttribute("style"),"height"===t.message?(1e3<(r=parseInt(t.value,10))?r=1e3:~~r<200&&(r=200),s.height=r):"link"===t.message&&(r=new URL(s.getAttribute("src")),n=new URL(t.value),c.test(n.protocol))&&n.host===r.host&&l.activeElement===s&&(d.top.location.href=t.value))}},d.addEventListener("message",d.wp.receiveEmbedMessage,!1),l.addEventListener("DOMContentLoaded",function(){for(var e,t,s=l.querySelectorAll("iframe.wp-embedded-content"),r=0;r<s.length;r++)(t=(e=s[r]).getAttribute("data-secret"))||(t=Math.random().toString(36).substring(2,12),e.src+="#?secret="+t,e.setAttribute("data-secret",t)),e.contentWindow.postMessage({message:"ready",secret:t},"*")},!1)))}(window,document);
//# sourceURL=https://stuttgarti-katolikusok.de/wp-includes/js/wp-embed.min.js
/* ]]> */
</script>

december 25. URUNK SZÜLETÉSE: KARÁCSONY Éjféli mise &nbsp; OLVASMÁNY Iz 9, 1-6 A próféta jelképekben jövendöl a Messiásról. Három képet használ: a sötétben levőknek világosságot hoz, örömre hangol, mint jó aratáskor, és megszabadít a szolgaságtól, mert leveszi a terhet és eltöri a felügyelők botját. Azért teheti meg, mert a vállán hatalom van, isteni erőt hordoz, s ő a béke fejedelme. Krisztus valóban meghozta a hit világosságát, a szeretet örömét, és kiszabadított a bűn szolgaságából. VÁLASZOS ZSOLTÁR 95, 1-2a. 2b-3. 11-12. 13 Válasz: Ma született a Megváltónk, *               az Úr Jézus Krisztus. Lk 2, 11. SZENTLECKE Tit 2, 11-14 A szövegben benne van az apostoli egyház tapasztalása: Kivétel nélkül minden ember számára megjelent az üdvözítés kegyelme Krisztusban, s ez megköveteli a bűnnel való szakítást, és értelmet ad az életnek. Reménnyel várhatjuk az Urunkkal való találkozást, ha jótettekben töltöttük el életünk idejét. EVANGÉLIUM Lk 2, 1-14 Jézus születése az üdvtörténet kimagasló eseménye. A Római Birodalom előkészítette a természetes keretet a Megváltó e jöveteléhez. A kinyilatkoztatást azok kapják, akik Ábrahám egyszerű hitében élnek, és készek a felhívásnak engedelmeskedni. Isten kinyilvánította végső tervét. az embernek az ő dicsőségét kell szolgálnia, s ugyanakkor az ember számára ez lesz a béke biztosítéka. A béke elsősorban lelki állapot, amit a jóakaratú emberek tapasztalnak meg. &nbsp; Pásztorok miséje &nbsp; OLVASMÁNY Iz 62, 11-12 Az üzenet Sion leányának, vagyis Jeruzsálem lakóinak szól: a fogság megszűnik, Isten felkarolja újra népét. De a babiloni fogságból való szabadulás egy végleges nagy esemény előképe. Az ilyen kifejezések, hogy ,,szent népnek&#8221;, ,,az Úr megváltottjainak&#8221; hívják őket, mutatják, hogy a próféta egy másik, lelki szabadulásra gondol. VÁLASZOS ZSOLTÁR 96, 1 és 6, 11-12 Válasz: Fényesség ragyog ma fölöttünk, +               mert megszületett Urunk, Jézus Krisztus. SZENTLECKE Tit 3, 4-7 Jézusban Isten jósága és emberszeretete jelent meg. Ennek kell tulajdonítani megváltásunkat és megigazulásunkat, nem pedig... Részletek
