{"version":"1.0","provider_name":"Stuttgarti Katolikusok","provider_url":"https:\/\/stuttgarti-katolikusok.de","title":"Advent 4. vas\u00e1rnapja - Stuttgarti Katolikusok","type":"rich","width":600,"height":338,"html":"<blockquote class=\"wp-embedded-content\" data-secret=\"PukHrmeFlr\"><a href=\"https:\/\/stuttgarti-katolikusok.de\/index.php\/advent-4-vasarnapja-3\/\">Advent 4. vas\u00e1rnapja<\/a><\/blockquote><iframe sandbox=\"allow-scripts\" security=\"restricted\" src=\"https:\/\/stuttgarti-katolikusok.de\/index.php\/advent-4-vasarnapja-3\/embed\/#?secret=PukHrmeFlr\" width=\"600\" height=\"338\" title=\"&#8220;Advent 4. vas\u00e1rnapja&#8221; &#8212; Stuttgarti Katolikusok\" data-secret=\"PukHrmeFlr\" frameborder=\"0\" marginwidth=\"0\" marginheight=\"0\" scrolling=\"no\" class=\"wp-embedded-content\"><\/iframe><script type=\"text\/javascript\">\n\/* <![CDATA[ *\/\n\/*! This file is auto-generated *\/\n!function(d,l){\"use strict\";l.querySelector&&d.addEventListener&&\"undefined\"!=typeof URL&&(d.wp=d.wp||{},d.wp.receiveEmbedMessage||(d.wp.receiveEmbedMessage=function(e){var t=e.data;if((t||t.secret||t.message||t.value)&&!\/[^a-zA-Z0-9]\/.test(t.secret)){for(var s,r,n,a=l.querySelectorAll('iframe[data-secret=\"'+t.secret+'\"]'),o=l.querySelectorAll('blockquote[data-secret=\"'+t.secret+'\"]'),c=new RegExp(\"^https?:$\",\"i\"),i=0;i<o.length;i++)o[i].style.display=\"none\";for(i=0;i<a.length;i++)s=a[i],e.source===s.contentWindow&&(s.removeAttribute(\"style\"),\"height\"===t.message?(1e3<(r=parseInt(t.value,10))?r=1e3:~~r<200&&(r=200),s.height=r):\"link\"===t.message&&(r=new URL(s.getAttribute(\"src\")),n=new URL(t.value),c.test(n.protocol))&&n.host===r.host&&l.activeElement===s&&(d.top.location.href=t.value))}},d.addEventListener(\"message\",d.wp.receiveEmbedMessage,!1),l.addEventListener(\"DOMContentLoaded\",function(){for(var e,t,s=l.querySelectorAll(\"iframe.wp-embedded-content\"),r=0;r<s.length;r++)(t=(e=s[r]).getAttribute(\"data-secret\"))||(t=Math.random().toString(36).substring(2,12),e.src+=\"#?secret=\"+t,e.setAttribute(\"data-secret\",t)),e.contentWindow.postMessage({message:\"ready\",secret:t},\"*\")},!1)))}(window,document);\n\/\/# sourceURL=https:\/\/stuttgarti-katolikusok.de\/wp-includes\/js\/wp-embed.min.js\n\/* ]]> *\/\n<\/script>\n","thumbnail_url":"https:\/\/stuttgarti-katolikusok.de\/wp-content\/uploads\/2024\/12\/advent-4-masolat-scaled.jpg","thumbnail_width":2560,"thumbnail_height":1947,"description":"A nagy Isten jeleket k\u00fcld az emberis\u00e9gnek, hogy megismerje \u0151t, akarat\u00e1t \u00e9s szeretet\u00e9t. V\u00e9gs\u0151 soron e jelek az \u00e9gre mutatnak. Rem\u00e9nyt gy\u00fajtanak az emberek lelk\u00e9ben, s elvezetik az embert Istenhez. Advent 4. vas\u00e1rnapja ezt a rem\u00e9nyt er\u0151s\u00edti fel benn\u00fcnk.\u00a0 Ma reggel, szombat, rorate szentmise volt Weingartenben. Szentmise v\u00e9gezt\u00e9vel egyik kedves h\u00edvem sz\u00f3l\u00edtott meg, akinek f\u00e9rj\u00e9t az elm\u00falt vas\u00e1rnap l\u00e1togattam meg Ravensburgban a Szent Erzs\u00e9bet k\u00f3rh\u00e1zban. &#8222;A f\u00e9rjem nagyon h\u00e1l\u00e1s \u00d6nnek!&#8221; &#8211; mondta \u0151. Term\u00e9szetesen h\u00e1r\u00edtottam ezeket a dics\u00e9r\u0151 szavakat. Vallom ugyanis, hogy mindannyian csak eszk\u00f6z\u00f6k vagyunk. \u0150szint\u00e9n elmondtam, hogy \u00e9n is sokat kaptam kedves f\u00e9rj\u00e9t\u0151l. Sokkal ink\u00e1bb azt \u00e9reztem, s ennek hangot is adtam, hogy \u00e9n is legal\u00e1bb annyira megaj\u00e1nd\u00e9kozott lettem, mint beteg testv\u00e9r\u00fcnk. A szentlecke \u00fczenete vil\u00e1gos. Szent P\u00e1l apostol Krisztus J\u00e9zus nev\u00e9ben tan\u00fas\u00e1got. Ez a magam \u00fatja is, amely szint\u00e9n egy\u00e9ni elk\u00f6telezetts\u00e9get felt\u00e9telez. Az evang\u00e9liumban Szent J\u00f3zsef csendess\u00e9g\u00e9re figyelhet\u00fcnk fel. H\u00e1tt\u00e9rben marad, s teszi a dolg\u00e1t. \u00c1lm\u00e1ban azt\u00e1n k\u00f6vetkezik is a meger\u0151s\u00edt\u00e9s, amely feloldja addigi f\u00e9lelmeit, k\u00e9telyeit \u00e9s agg\u00e1lyait feloldja. Sz\u00e1momra is ez a k\u00f6vetend\u0151 \u00fat! Amennyiben szabadd\u00e1 akarok v\u00e1lni f\u00e9lelmeimt\u0151l, k\u00e9rjek jeleket. A sz\u00e1momra k\u00fcld\u00f6tt jelek az egy\u00e9ni szabads\u00e1g felemel\u0151 \u00e9rz\u00e9s\u00e9ben lesz r\u00e9szem. Hiszen v\u00e9gs\u0151 soron a legf\u0151bb felismer\u00e9s: &#8222;Vel\u00fcnk az Isten!&#8221; Kezd\u0151\u00e9nek: Harmatozzatok, egek a magass\u00e1gb\u00f3l, \u00e9s a felh\u0151k hullass\u00e1k k\u00f6z\u00e9nk az Igazat! Ny\u00edlj\u00e9k meg a f\u00f6ld, \u00e9s teremje az \u00dcdv\u00f6z\u00edt\u0151t. (Iz 45,8) K\u00f6ny\u00f6rg\u00e9s: K\u00e9r\u00fcnk t\u00e9ged, \u00daristen, \u00f6ntsd lelk\u00fcnkbe szent kegyelmedet, hogy akik az angyali \u00fczenet \u00e1ltal szent Fiadnak, J\u00e9zus Krisztusnak megtestes\u00fcl\u00e9s\u00e9t megismert\u00fck, az \u0151 k\u00ednszenved\u00e9se \u00e9s keresztje \u00e1ltal a felt\u00e1mad\u00e1s dics\u0151s\u00e9g\u00e9be vitess\u00fcnk. A mi Urunk, J\u00e9zus Krisztus, a te Fiad \u00e1ltal, aki veled \u00e9l \u00e9s uralkodik a Szentl\u00e9lekkel egys\u00e9gben, Isten mind\u00f6r\u00f6kk\u00f6n \u00f6r\u00f6kk\u00e9. OLVASM\u00c1NY Izaj\u00e1s pr\u00f3f\u00e9ta k\u00f6nyv\u00e9b\u0151l (Iz 7,10-14) \u00cdme, a sz\u0171z fogan. Azokban a napokban: \u00cdgy sz\u00f3lt az \u00dar Ach\u00e1z kir\u00e1lyhoz: \u201eK\u00e9rj magadnak jelet az \u00dart\u00f3l, a te Istenedt\u0151l, ak\u00e1r az alvil\u00e1g m\u00e9lys\u00e9geib\u0151l, ak\u00e1r fel\u00fclr\u0151l... R\u00e9szletek"}

Advent 4. vasárnapja - Stuttgarti Katolikusok

<blockquote class="wp-embedded-content" data-secret="PukHrmeFlr"><a href="https://stuttgarti-katolikusok.de/index.php/advent-4-vasarnapja-3/">Advent 4. vasárnapja</a></blockquote><iframe sandbox="allow-scripts" security="restricted" src="https://stuttgarti-katolikusok.de/index.php/advent-4-vasarnapja-3/embed/#?secret=PukHrmeFlr" width="600" height="338" title="&#8220;Advent 4. vasárnapja&#8221; &#8212; Stuttgarti Katolikusok" data-secret="PukHrmeFlr" frameborder="0" marginwidth="0" marginheight="0" scrolling="no" class="wp-embedded-content"></iframe><script type="text/javascript">
/* <![CDATA[ */
/*! This file is auto-generated */
!function(d,l){"use strict";l.querySelector&&d.addEventListener&&"undefined"!=typeof URL&&(d.wp=d.wp||{},d.wp.receiveEmbedMessage||(d.wp.receiveEmbedMessage=function(e){var t=e.data;if((t||t.secret||t.message||t.value)&&!/[^a-zA-Z0-9]/.test(t.secret)){for(var s,r,n,a=l.querySelectorAll('iframe[data-secret="'+t.secret+'"]'),o=l.querySelectorAll('blockquote[data-secret="'+t.secret+'"]'),c=new RegExp("^https?:$","i"),i=0;i<o.length;i++)o[i].style.display="none";for(i=0;i<a.length;i++)s=a[i],e.source===s.contentWindow&&(s.removeAttribute("style"),"height"===t.message?(1e3<(r=parseInt(t.value,10))?r=1e3:~~r<200&&(r=200),s.height=r):"link"===t.message&&(r=new URL(s.getAttribute("src")),n=new URL(t.value),c.test(n.protocol))&&n.host===r.host&&l.activeElement===s&&(d.top.location.href=t.value))}},d.addEventListener("message",d.wp.receiveEmbedMessage,!1),l.addEventListener("DOMContentLoaded",function(){for(var e,t,s=l.querySelectorAll("iframe.wp-embedded-content"),r=0;r<s.length;r++)(t=(e=s[r]).getAttribute("data-secret"))||(t=Math.random().toString(36).substring(2,12),e.src+="#?secret="+t,e.setAttribute("data-secret",t)),e.contentWindow.postMessage({message:"ready",secret:t},"*")},!1)))}(window,document);
//# sourceURL=https://stuttgarti-katolikusok.de/wp-includes/js/wp-embed.min.js
/* ]]> */
</script>

A nagy Isten jeleket küld az emberiségnek, hogy megismerje őt, akaratát és szeretetét. Végső soron e jelek az égre mutatnak. Reményt gyújtanak az emberek lelkében, s elvezetik az embert Istenhez. Advent 4. vasárnapja ezt a reményt erősíti fel bennünk.  Ma reggel, szombat, rorate szentmise volt Weingartenben. Szentmise végeztével egyik kedves hívem szólított meg, akinek férjét az elmúlt vasárnap látogattam meg Ravensburgban a Szent Erzsébet kórházban. &#8222;A férjem nagyon hálás Önnek!&#8221; &#8211; mondta ő. Természetesen hárítottam ezeket a dicsérő szavakat. Vallom ugyanis, hogy mindannyian csak eszközök vagyunk. Őszintén elmondtam, hogy én is sokat kaptam kedves férjétől. Sokkal inkább azt éreztem, s ennek hangot is adtam, hogy én is legalább annyira megajándékozott lettem, mint beteg testvérünk. A szentlecke üzenete világos. Szent Pál apostol Krisztus Jézus nevében tanúságot. Ez a magam útja is, amely szintén egyéni elkötelezettséget feltételez. Az evangéliumban Szent József csendességére figyelhetünk fel. Háttérben marad, s teszi a dolgát. Álmában aztán következik is a megerősítés, amely feloldja addigi félelmeit, kételyeit és aggályait feloldja. Számomra is ez a követendő út! Amennyiben szabaddá akarok válni félelmeimtől, kérjek jeleket. A számomra küldött jelek az egyéni szabadság felemelő érzésében lesz részem. Hiszen végső soron a legfőbb felismerés: &#8222;Velünk az Isten!&#8221; Kezdőének: Harmatozzatok, egek a magasságból, és a felhők hullassák közénk az Igazat! Nyíljék meg a föld, és teremje az Üdvözítőt. (Iz 45,8) Könyörgés: Kérünk téged, Úristen, öntsd lelkünkbe szent kegyelmedet, hogy akik az angyali üzenet által szent Fiadnak, Jézus Krisztusnak megtestesülését megismertük, az ő kínszenvedése és keresztje által a feltámadás dicsőségébe vitessünk. A mi Urunk, Jézus Krisztus, a te Fiad által, aki veled él és uralkodik a Szentlélekkel egységben, Isten mindörökkön örökké. OLVASMÁNY Izajás próféta könyvéből (Iz 7,10-14) Íme, a szűz fogan. Azokban a napokban: Így szólt az Úr Acház királyhoz: „Kérj magadnak jelet az Úrtól, a te Istenedtől, akár az alvilág mélységeiből, akár felülről... Részletek
