{"version":"1.0","provider_name":"Stuttgarti Katolikusok","provider_url":"https:\/\/stuttgarti-katolikusok.de","title":"Advent 3. hete - Stuttgarti Katolikusok","type":"rich","width":600,"height":338,"html":"<blockquote class=\"wp-embedded-content\" data-secret=\"wV4yLrPKkx\"><a href=\"https:\/\/stuttgarti-katolikusok.de\/index.php\/advent-3-hete\/\">Advent 3. hete<\/a><\/blockquote><iframe sandbox=\"allow-scripts\" security=\"restricted\" src=\"https:\/\/stuttgarti-katolikusok.de\/index.php\/advent-3-hete\/embed\/#?secret=wV4yLrPKkx\" width=\"600\" height=\"338\" title=\"&#8220;Advent 3. hete&#8221; &#8212; Stuttgarti Katolikusok\" data-secret=\"wV4yLrPKkx\" frameborder=\"0\" marginwidth=\"0\" marginheight=\"0\" scrolling=\"no\" class=\"wp-embedded-content\"><\/iframe><script type=\"text\/javascript\">\n\/* <![CDATA[ *\/\n\/*! This file is auto-generated *\/\n!function(d,l){\"use strict\";l.querySelector&&d.addEventListener&&\"undefined\"!=typeof URL&&(d.wp=d.wp||{},d.wp.receiveEmbedMessage||(d.wp.receiveEmbedMessage=function(e){var t=e.data;if((t||t.secret||t.message||t.value)&&!\/[^a-zA-Z0-9]\/.test(t.secret)){for(var s,r,n,a=l.querySelectorAll('iframe[data-secret=\"'+t.secret+'\"]'),o=l.querySelectorAll('blockquote[data-secret=\"'+t.secret+'\"]'),c=new RegExp(\"^https?:$\",\"i\"),i=0;i<o.length;i++)o[i].style.display=\"none\";for(i=0;i<a.length;i++)s=a[i],e.source===s.contentWindow&&(s.removeAttribute(\"style\"),\"height\"===t.message?(1e3<(r=parseInt(t.value,10))?r=1e3:~~r<200&&(r=200),s.height=r):\"link\"===t.message&&(r=new URL(s.getAttribute(\"src\")),n=new URL(t.value),c.test(n.protocol))&&n.host===r.host&&l.activeElement===s&&(d.top.location.href=t.value))}},d.addEventListener(\"message\",d.wp.receiveEmbedMessage,!1),l.addEventListener(\"DOMContentLoaded\",function(){for(var e,t,s=l.querySelectorAll(\"iframe.wp-embedded-content\"),r=0;r<s.length;r++)(t=(e=s[r]).getAttribute(\"data-secret\"))||(t=Math.random().toString(36).substring(2,12),e.src+=\"#?secret=\"+t,e.setAttribute(\"data-secret\",t)),e.contentWindow.postMessage({message:\"ready\",secret:t},\"*\")},!1)))}(window,document);\n\/\/# sourceURL=https:\/\/stuttgarti-katolikusok.de\/wp-includes\/js\/wp-embed.min.js\n\/* ]]> *\/\n<\/script>\n","description":"december 16. ADVENT 3. VAS\u00c1RNAPJA A kereszt\u00e9nys\u00e9g az \u00f6r\u00f6m vall\u00e1sa. Kit\u0171nik ez abb\u00f3l is, hogy m\u00e9g a k\u00e9t b\u0171nb\u00e1nati id\u0151ben (Adventben \u00e9s Nagy-b\u00f6jtben) is egy-egy vas\u00e1rnapot az \u00f6r\u00f6mnek szentel. Ilyen a mai nap is. Egyh\u00e1zunk p\u00e9ld\u00e1ja szerint haszn\u00e1ljuk fel mi is az igazi \u00f6r\u00f6mnek, az Istennel val\u00f3 tal\u00e1lkoz\u00e1snak sok \u00e9s k\u00fcl\u00f6nf\u00e9le alkalm\u00e1t. Ilyenek p\u00e9ld\u00e1ul: az im\u00e1ds\u00e1g csendje, a k\u00f6z\u00f6ss\u00e9gben gyakorolt szeretet \u00e9s a j\u00f3cselekedetek felett \u00e9rzett \u00f6r\u00f6m. KEZD\u0150\u00c9NEK\u00a0\u00a0 \u00a0\u00a0\u00a0\u00a0\u00a0\u00a0\u00a0\u00a0\u00a0\u00a0\u00a0\u00a0\u00a0\u00a0\u00a0\u00a0\u00a0\u00a0\u00a0\u00a0\u00a0\u00a0\u00a0\u00a0\u00a0\u00a0\u00a0\u00a0\u00a0\u00a0\u00a0\u00a0\u00a0\u00a0\u00a0\u00a0\u00a0\u00a0\u00a0\u00a0\u00a0\u00a0\u00a0\u00a0\u00a0\u00a0\u00a0\u00a0\u00a0\u00a0\u00a0\u00a0Fil 4, 4\u20135 \u00d6r\u00fcljetek az \u00darban sz\u00fcntelen\u00fcl: \u00fajra csak azt mondom, \u00f6r\u00fcljetek, az \u00dar k\u00f6zel van! OLVASM\u00c1NY\u00a0\u00a0\u00a0\u00a0\u00a0\u00a0\u00a0\u00a0\u00a0\u00a0\u00a0\u00a0\u00a0\u00a0\u00a0\u00a0\u00a0\u00a0\u00a0\u00a0\u00a0\u00a0\u00a0\u00a0\u00a0\u00a0\u00a0\u00a0\u00a0\u00a0\u00a0\u00a0\u00a0\u00a0\u00a0\u00a0\u00a0\u00a0\u00a0\u00a0\u00a0\u00a0\u00a0\u00a0\u00a0\u00a0\u00a0\u00a0\u00a0\u00a0\u00a0 Szof 3, 14\u201318a Egy\u00e9ni \u00e9s k\u00f6z\u00f6ss\u00e9gi \u00e9let\u00fcnkben nemegyszer let\u00e9r\u00fcnk az Isten \u00fatj\u00e1r\u00f3l. Sz\u00fcks\u00e9g\u00fcnk van \u00fcdv\u00f6s figyelmeztet\u00e9sre \u00e9s meg\u00e9rdemelj\u00fck a feny\u00edt\u00e9st is. A h\u00edv\u0151 ember komolyan veszi az \u00dar szav\u00e1t \u00e9s k\u00e9sz a megt\u00e9r\u00e9sre. Tudja, hogy ennek nyom\u00e1ban lelk\u00e9t vigasztal\u00e1s \u00e9s \u00f6r\u00f6m t\u00f6lti el. V\u00c1LASZOS ZSOLT\u00c1R \u00a0\u00a0\u00a0\u00a0\u00a0\u00a0\u00a0\u00a0\u00a0\u00a0\u00a0\u00a0\u00a0\u00a0\u00a0\u00a0\u00a0\u00a0\u00a0\u00a0\u00a0\u00a0Iz 12, 2\u20133. 4bcd. 5\u20136 V\u00e1lasz: Ujjong \u00e9s zengj\u00e9l h\u00e1ladalt, * \u00a0\u00a0\u00a0\u00a0\u00a0\u00a0\u00a0\u00a0\u00a0\u00a0\u00a0\u00a0\u00a0 mert nagy \u00e9s szent a te Megv\u00e1lt\u00f3d. SZENTLECKE\u00a0\u00a0 \u00a0\u00a0\u00a0\u00a0\u00a0\u00a0\u00a0\u00a0\u00a0\u00a0\u00a0\u00a0\u00a0\u00a0\u00a0\u00a0\u00a0\u00a0\u00a0\u00a0\u00a0\u00a0\u00a0\u00a0\u00a0\u00a0\u00a0\u00a0\u00a0\u00a0\u00a0\u00a0\u00a0\u00a0\u00a0\u00a0\u00a0\u00a0\u00a0\u00a0\u00a0\u00a0\u00a0\u00a0\u00a0\u00a0\u00a0\u00a0\u00a0\u00a0\u00a0Fil 4 ,4\u20137 J\u00e9zus meg\u00edg\u00e9rte, hogy Egyh\u00e1z\u00e1ban egy\u00fctt lesz \u00f6v\u00e9ivel a vil\u00e1g v\u00e9g\u00e9ig. A vele val\u00f3 tal\u00e1lkoz\u00e1s lelki b\u00e9k\u00e9t \u00e9s meg-nyugv\u00e1st ad nek\u00fcnk. Haszn\u00e1ljuk ki az alkalmat arra is, hogy bizalommal el\u00e9je terjesztj\u00fck k\u00e9r\u00e9seinket. Hiszen \u0151 a kegyelem \u00e9s az \u00fcdv\u00f6ss\u00e9g forr\u00e1sa. ALLELUJA\u00a0\u00a0\u00a0\u00a0\u00a0\u00a0\u00a0\u00a0\u00a0\u00a0\u00a0\u00a0\u00a0\u00a0\u00a0\u00a0\u00a0\u00a0\u00a0\u00a0\u00a0\u00a0\u00a0\u00a0\u00a0\u00a0\u00a0\u00a0\u00a0\u00a0\u00a0\u00a0\u00a0\u00a0\u00a0\u00a0\u00a0\u00a0\u00a0\u00a0\u00a0\u00a0\u00a0\u00a0\u00a0\u00a0\u00a0\u00a0\u00a0\u00a0\u00a0\u00a0\u00a0\u00a0\u00a0\u00a0\u00a0\u00a0\u00a0\u00a0\u00a0\u00a0\u00a0\u00a0\u00a0\u00a0\u00a0\u00a0\u00a0\u00a0\u00a0 Iz 61, 1 Az \u00dar lelke van rajtam * elk\u00fcld\u00f6tt, hogy a szeg\u00e9nyeknek \u00f6r\u00f6mh\u00edrt vigyek. EVANG\u00c9LIUM \u00a0\u00a0\u00a0\u00a0\u00a0\u00a0\u00a0\u00a0\u00a0\u00a0\u00a0\u00a0\u00a0\u00a0\u00a0\u00a0\u00a0\u00a0\u00a0\u00a0\u00a0\u00a0\u00a0\u00a0\u00a0\u00a0\u00a0\u00a0\u00a0\u00a0\u00a0\u00a0\u00a0\u00a0\u00a0\u00a0\u00a0\u00a0\u00a0\u00a0\u00a0\u00a0\u00a0\u00a0\u00a0\u00a0\u00a0\u00a0Lk 3, 10\u201318 Keresztel\u0151 Szent J\u00e1nos b\u0171nb\u00e1natra \u00e9s megt\u00e9r\u00e9sre h\u00edvja fel a n\u00e9p figyelm\u00e9t. Ez teremti meg ugyanis a kiengesz-tel\u0151d\u00e9st Istennel \u00e9s az emberekkel. Lelki meg\u00fajul\u00e1sunknak azonban tettekben is meg kell mutatkoznia: mindenben igyekezz\u00fcnk teljes\u00edteni Isten akarat\u00e1t, felebar\u00e1taink ir\u00e1nt pedig legyen meg benn\u00fcnk az \u0151szinte j\u00f3akarat \u00e9s szeretet. R\u00d6VID FOH\u00c1SZOK Neveld, Urunk, j\u00f3s\u00e1gra n\u00e9pedet, \u00e9s engedd, hogy h\u00edveid j\u00f3s\u00e1g\u00e1t megismerje minden ember! * Add, hogy Szent-aty\u00e1nk, Ferenc p\u00e1pa \u00e9s p\u00fcsp\u00f6keink a t\u00e1rsadalmi igazs\u00e1goss\u00e1g \u00e9s szeretet lankadatlan hirdet\u0151i legyenek! * \u00c9breszd fel a vil\u00e1g n\u00e9peiben a testv\u00e9ri egybetartoz\u00e1s tudat\u00e1t \u00e9s a seg\u00edt\u0151... R\u00e9szletek"}

december 16. ADVENT 3. VASÁRNAPJA A kereszténység az öröm vallása. Kitűnik ez abból is, hogy még a két bűnbánati időben (Adventben és Nagy-böjtben) is egy-egy vasárnapot az örömnek szentel. Ilyen a mai nap is. Egyházunk példája szerint használjuk fel mi is az igazi örömnek, az Istennel való találkozásnak sok és különféle alkalmát. Ilyenek például: az imádság csendje, a közösségben gyakorolt szeretet és a jócselekedetek felett érzett öröm. KEZDŐÉNEK                                                       Fil 4, 4–5 Örüljetek az Úrban szüntelenül: újra csak azt mondom, örüljetek, az Úr közel van! OLVASMÁNY                                                    Szof 3, 14–18a Egyéni és közösségi életünkben nemegyszer letérünk az Isten útjáról. Szükségünk van üdvös figyelmeztetésre és megérdemeljük a fenyítést is. A hívő ember komolyan veszi az Úr szavát és kész a megtérésre. Tudja, hogy ennek nyomában lelkét vigasztalás és öröm tölti el. VÁLASZOS ZSOLTÁR                       Iz 12, 2–3. 4bcd. 5–6 Válasz: Ujjong és zengjél háladalt, *               mert nagy és szent a te Megváltód. SZENTLECKE                                                      Fil 4 ,4–7 Jézus megígérte, hogy Egyházában együtt lesz övéivel a világ végéig. A vele való találkozás lelki békét és meg-nyugvást ad nekünk. Használjuk ki az alkalmat arra is, hogy bizalommal eléje terjesztjük kéréseinket. Hiszen ő a kegyelem és az üdvösség forrása. ALLELUJA                                                                        Iz 61, 1 Az Úr lelke van rajtam * elküldött, hogy a szegényeknek örömhírt vigyek. EVANGÉLIUM                                                 Lk 3, 10–18 Keresztelő Szent János bűnbánatra és megtérésre hívja fel a nép figyelmét. Ez teremti meg ugyanis a kiengesz-telődést Istennel és az emberekkel. Lelki megújulásunknak azonban tettekben is meg kell mutatkoznia: mindenben igyekezzünk teljesíteni Isten akaratát, felebarátaink iránt pedig legyen meg bennünk az őszinte jóakarat és szeretet. RÖVID FOHÁSZOK Neveld, Urunk, jóságra népedet, és engedd, hogy híveid jóságát megismerje minden ember! * Add, hogy Szent-atyánk, Ferenc pápa és püspökeink a társadalmi igazságosság és szeretet lankadatlan hirdetői legyenek! * Ébreszd fel a világ népeiben a testvéri egybetartozás tudatát és a segítő... Részletek
