{"version":"1.0","provider_name":"Stuttgarti Katolikusok","provider_url":"https:\/\/stuttgarti-katolikusok.de","title":"Advent 1. vas\u00e1rnapja - Stuttgarti Katolikusok","type":"rich","width":600,"height":338,"html":"<blockquote class=\"wp-embedded-content\" data-secret=\"9cLWL3wzgD\"><a href=\"https:\/\/stuttgarti-katolikusok.de\/index.php\/advent-1-vasarnapja-3\/\">Advent 1. vas\u00e1rnapja<\/a><\/blockquote><iframe sandbox=\"allow-scripts\" security=\"restricted\" src=\"https:\/\/stuttgarti-katolikusok.de\/index.php\/advent-1-vasarnapja-3\/embed\/#?secret=9cLWL3wzgD\" width=\"600\" height=\"338\" title=\"&#8220;Advent 1. vas\u00e1rnapja&#8221; &#8212; Stuttgarti Katolikusok\" data-secret=\"9cLWL3wzgD\" frameborder=\"0\" marginwidth=\"0\" marginheight=\"0\" scrolling=\"no\" class=\"wp-embedded-content\"><\/iframe><script type=\"text\/javascript\">\n\/* <![CDATA[ *\/\n\/*! This file is auto-generated *\/\n!function(d,l){\"use strict\";l.querySelector&&d.addEventListener&&\"undefined\"!=typeof URL&&(d.wp=d.wp||{},d.wp.receiveEmbedMessage||(d.wp.receiveEmbedMessage=function(e){var t=e.data;if((t||t.secret||t.message||t.value)&&!\/[^a-zA-Z0-9]\/.test(t.secret)){for(var s,r,n,a=l.querySelectorAll('iframe[data-secret=\"'+t.secret+'\"]'),o=l.querySelectorAll('blockquote[data-secret=\"'+t.secret+'\"]'),c=new RegExp(\"^https?:$\",\"i\"),i=0;i<o.length;i++)o[i].style.display=\"none\";for(i=0;i<a.length;i++)s=a[i],e.source===s.contentWindow&&(s.removeAttribute(\"style\"),\"height\"===t.message?(1e3<(r=parseInt(t.value,10))?r=1e3:~~r<200&&(r=200),s.height=r):\"link\"===t.message&&(r=new URL(s.getAttribute(\"src\")),n=new URL(t.value),c.test(n.protocol))&&n.host===r.host&&l.activeElement===s&&(d.top.location.href=t.value))}},d.addEventListener(\"message\",d.wp.receiveEmbedMessage,!1),l.addEventListener(\"DOMContentLoaded\",function(){for(var e,t,s=l.querySelectorAll(\"iframe.wp-embedded-content\"),r=0;r<s.length;r++)(t=(e=s[r]).getAttribute(\"data-secret\"))||(t=Math.random().toString(36).substring(2,12),e.src+=\"#?secret=\"+t,e.setAttribute(\"data-secret\",t)),e.contentWindow.postMessage({message:\"ready\",secret:t},\"*\")},!1)))}(window,document);\n\/\/# sourceURL=https:\/\/stuttgarti-katolikusok.de\/wp-includes\/js\/wp-embed.min.js\n\/* ]]> *\/\n<\/script>\n","thumbnail_url":"https:\/\/stuttgarti-katolikusok.de\/wp-content\/uploads\/2021\/11\/img-20211128-wa0015.jpg","thumbnail_width":2000,"thumbnail_height":1500,"description":"Adventban visszaeml\u00e9kez\u00fcnk arra az id\u0151re, amikor az emberis\u00e9g v\u00e1rta a meg\u00edg\u00e9rt Megv\u00e1lt\u00f3t. Egy\u00fattal az \u0151 sz\u00fclet\u00e9s\u00e9nek \u00fcnnep\u00e9re \u00e9s m\u00e1sodik elj\u00f6vetel\u00e9re is k\u00e9sz\u00fcl\u00fcnk. Az \u0151skereszt\u00e9nyek foh\u00e1sz\u00e1val im\u00e1dkozunk: &#8222;J\u00f6jj el, Uram J\u00e9zus!&#8221; (Jel 22,20) J\u00f6jj, \u00e9s kegyelmeddel seg\u00edts \u00e9s szentelj meg benn\u00fcnket. Kezd\u0151\u00e9nek: Hozz\u00e1d emelem az \u00e9n lelkemet, Uram, \u00e9n Istenem, tebenned b\u00edzom, pirulnom ne kelljen! Ne ujjongjon ellens\u00e9g f\u00f6l\u00f6ttem, hiszen aki t\u00e9ged v\u00e1r, meg nem sz\u00e9gyen\u00fcl. (V\u00f6. Zsolt 24,1-3) K\u00f6ny\u00f6rg\u00e9s: Mindenhat\u00f3, \u00f6r\u00f6k Isten, \u00f6nts h\u00edveid sz\u00edv\u00e9be szent elhat\u00e1roz\u00e1st, hogy j\u00f3tettekkel siess\u00fcnk a k\u00f6zelg\u0151 Krisztus el\u00e9, \u0151 pedig egykor jobbj\u00e1ra \u00e1ll\u00edtson minket orsz\u00e1g\u00e1ban, \u00e9s mindny\u00e1jan egy\u00fctt \u00f6rvendj\u00fcnk a boldog \u00f6r\u00f6kk\u00e9val\u00f3s\u00e1gban. A mi Urunk, J\u00e9zus Krisztus, a te Fiad \u00e1ltal, aki veled \u00e9l \u00e9s uralkodik a Szentl\u00e9lekkel egys\u00e9gben, Isten mind\u00f6r\u00f6kk\u00f6n \u00f6r\u00f6kk\u00e9. OLVASM\u00c1NY Jeremi\u00e1s pr\u00f3f\u00e9ta k\u00f6nyv\u00e9b\u0151l (Jer 33,14-16) Isten elk\u00fcldi a Messi\u00e1st, aki D\u00e1vid nemzets\u00e9g\u00e9b\u0151l sz\u00fcletik. \u00cdme, j\u00f6nnek majd napok \u2013 mondja az \u00dar \u2013, amikor teljes\u00edtem a j\u00f3t, amelyet Izrael h\u00e1z\u00e1nak \u00e9s J\u00fada h\u00e1z\u00e1nak meg\u00edg\u00e9rtem: Azokban a napokban \u00e9s abban az id\u0151ben igaz sarjat t\u00e1masztok D\u00e1vidnak, aki jogot \u00e9s igazs\u00e1got teremt az orsz\u00e1gban. Azokban a napokban megszabadul J\u00fada, \u00e9s biztons\u00e1gban \u00e9l Jeruzs\u00e1lem. \u00c9s a v\u00e1rost \u00edgy h\u00edvj\u00e1k majd: \u201eAz \u00dar a mi igazs\u00e1gunk!\u201d Ez az Isten ig\u00e9je. V\u00c1LASZOS ZSOLT\u00c1R (Zsolt 24,4bc-5ab.8-9.10 \u00e9s 14) V\u00e1lasz:\u00a0Hozz\u00e1d emelem\u00a0a lelkem, * \u00e9n Uram, Istenem.\u00a0(4 g. t\u00f3nus) El\u0151\u00e9nekes: Utaidat, Uram, mutasd\u00a0meg n\u00e9kem, * \u00f6sv\u00e9nyeidre tan\u00edts meg engem. Tan\u00edts \u00e9s vezess igazs\u00e1god szerint, * mert te vagy \u00fcdv\u00f6z\u00edt\u0151 Istenem. H\u00edvek:\u00a0Hozz\u00e1d emelem\u00a0a lelkem, * \u00e9n Uram, Istenem. E: Az \u00dar igazs\u00e1gos\u00a0\u00e9s j\u00f3s\u00e1gos, * ez\u00e9rt a b\u0171n\u00f6s\u00f6knek is utat mutat. Az al\u00e1zatost a\u00a0j\u00f3ban vez\u00e9rli, * a szel\u00eddet \u00fatj\u00e1ra tan\u00edtja. H:\u00a0Hozz\u00e1d emelem\u00a0a lelkem, * \u00e9n Uram, Istenem. E: Az \u00dar minden \u00fatja irgalom \u00e9s\u00a0h\u0171s\u00e9g azoknak, * akik sz\u00f6vets\u00e9g\u00e9t \u00e9s t\u00f6rv\u00e9ny\u00e9t megtartj\u00e1k. Isten bar\u00e1ts\u00e1g\u00e1t \u00e9lvezik, akik\u00a0\u0151t f\u00e9lik, * sz\u00f6vets\u00e9g\u00e9t felt\u00e1rja n\u00e9kik. H:\u00a0Hozz\u00e1d emelem\u00a0a lelkem, * \u00e9n Uram, Istenem. SZENTLECKE Szent P\u00e1l apostolnak a... R\u00e9szletek"}

Advent 1. vasárnapja - Stuttgarti Katolikusok

<blockquote class="wp-embedded-content" data-secret="9cLWL3wzgD"><a href="https://stuttgarti-katolikusok.de/index.php/advent-1-vasarnapja-3/">Advent 1. vasárnapja</a></blockquote><iframe sandbox="allow-scripts" security="restricted" src="https://stuttgarti-katolikusok.de/index.php/advent-1-vasarnapja-3/embed/#?secret=9cLWL3wzgD" width="600" height="338" title="&#8220;Advent 1. vasárnapja&#8221; &#8212; Stuttgarti Katolikusok" data-secret="9cLWL3wzgD" frameborder="0" marginwidth="0" marginheight="0" scrolling="no" class="wp-embedded-content"></iframe><script type="text/javascript">
/* <![CDATA[ */
/*! This file is auto-generated */
!function(d,l){"use strict";l.querySelector&&d.addEventListener&&"undefined"!=typeof URL&&(d.wp=d.wp||{},d.wp.receiveEmbedMessage||(d.wp.receiveEmbedMessage=function(e){var t=e.data;if((t||t.secret||t.message||t.value)&&!/[^a-zA-Z0-9]/.test(t.secret)){for(var s,r,n,a=l.querySelectorAll('iframe[data-secret="'+t.secret+'"]'),o=l.querySelectorAll('blockquote[data-secret="'+t.secret+'"]'),c=new RegExp("^https?:$","i"),i=0;i<o.length;i++)o[i].style.display="none";for(i=0;i<a.length;i++)s=a[i],e.source===s.contentWindow&&(s.removeAttribute("style"),"height"===t.message?(1e3<(r=parseInt(t.value,10))?r=1e3:~~r<200&&(r=200),s.height=r):"link"===t.message&&(r=new URL(s.getAttribute("src")),n=new URL(t.value),c.test(n.protocol))&&n.host===r.host&&l.activeElement===s&&(d.top.location.href=t.value))}},d.addEventListener("message",d.wp.receiveEmbedMessage,!1),l.addEventListener("DOMContentLoaded",function(){for(var e,t,s=l.querySelectorAll("iframe.wp-embedded-content"),r=0;r<s.length;r++)(t=(e=s[r]).getAttribute("data-secret"))||(t=Math.random().toString(36).substring(2,12),e.src+="#?secret="+t,e.setAttribute("data-secret",t)),e.contentWindow.postMessage({message:"ready",secret:t},"*")},!1)))}(window,document);
//# sourceURL=https://stuttgarti-katolikusok.de/wp-includes/js/wp-embed.min.js
/* ]]> */
</script>

Adventban visszaemlékezünk arra az időre, amikor az emberiség várta a megígért Megváltót. Egyúttal az ő születésének ünnepére és második eljövetelére is készülünk. Az őskeresztények fohászával imádkozunk: &#8222;Jöjj el, Uram Jézus!&#8221; (Jel 22,20) Jöjj, és kegyelmeddel segíts és szentelj meg bennünket. Kezdőének: Hozzád emelem az én lelkemet, Uram, én Istenem, tebenned bízom, pirulnom ne kelljen! Ne ujjongjon ellenség fölöttem, hiszen aki téged vár, meg nem szégyenül. (Vö. Zsolt 24,1-3) Könyörgés: Mindenható, örök Isten, önts híveid szívébe szent elhatározást, hogy jótettekkel siessünk a közelgő Krisztus elé, ő pedig egykor jobbjára állítson minket országában, és mindnyájan együtt örvendjünk a boldog örökkévalóságban. A mi Urunk, Jézus Krisztus, a te Fiad által, aki veled él és uralkodik a Szentlélekkel egységben, Isten mindörökkön örökké. OLVASMÁNY Jeremiás próféta könyvéből (Jer 33,14-16) Isten elküldi a Messiást, aki Dávid nemzetségéből születik. Íme, jönnek majd napok – mondja az Úr –, amikor teljesítem a jót, amelyet Izrael házának és Júda házának megígértem: Azokban a napokban és abban az időben igaz sarjat támasztok Dávidnak, aki jogot és igazságot teremt az országban. Azokban a napokban megszabadul Júda, és biztonságban él Jeruzsálem. És a várost így hívják majd: „Az Úr a mi igazságunk!” Ez az Isten igéje. VÁLASZOS ZSOLTÁR (Zsolt 24,4bc-5ab.8-9.10 és 14) Válasz: Hozzád emelem a lelkem, * én Uram, Istenem. (4 g. tónus) Előénekes: Utaidat, Uram, mutasd meg nékem, * ösvényeidre taníts meg engem. Taníts és vezess igazságod szerint, * mert te vagy üdvözítő Istenem. Hívek: Hozzád emelem a lelkem, * én Uram, Istenem. E: Az Úr igazságos és jóságos, * ezért a bűnösöknek is utat mutat. Az alázatost a jóban vezérli, * a szelídet útjára tanítja. H: Hozzád emelem a lelkem, * én Uram, Istenem. E: Az Úr minden útja irgalom és hűség azoknak, * akik szövetségét és törvényét megtartják. Isten barátságát élvezik, akik őt félik, * szövetségét feltárja nékik. H: Hozzád emelem a lelkem, * én Uram, Istenem. SZENTLECKE Szent Pál apostolnak a... Részletek
