{"version":"1.0","provider_name":"Stuttgarti Katolikusok","provider_url":"https:\/\/stuttgarti-katolikusok.de","title":"A t\u00f6k\u00e9letes b\u00e1nat felind\u00edt\u00e1sa - Stuttgarti Katolikusok","type":"rich","width":600,"height":338,"html":"<blockquote class=\"wp-embedded-content\" data-secret=\"Pdl3DyWuAg\"><a href=\"https:\/\/stuttgarti-katolikusok.de\/index.php\/a-tokeletes-banat-felinditasa\/\">A t\u00f6k\u00e9letes b\u00e1nat felind\u00edt\u00e1sa<\/a><\/blockquote><iframe sandbox=\"allow-scripts\" security=\"restricted\" src=\"https:\/\/stuttgarti-katolikusok.de\/index.php\/a-tokeletes-banat-felinditasa\/embed\/#?secret=Pdl3DyWuAg\" width=\"600\" height=\"338\" title=\"&#8220;A t\u00f6k\u00e9letes b\u00e1nat felind\u00edt\u00e1sa&#8221; &#8212; Stuttgarti Katolikusok\" data-secret=\"Pdl3DyWuAg\" frameborder=\"0\" marginwidth=\"0\" marginheight=\"0\" scrolling=\"no\" class=\"wp-embedded-content\"><\/iframe><script type=\"text\/javascript\">\n\/* <![CDATA[ *\/\n\/*! This file is auto-generated *\/\n!function(d,l){\"use strict\";l.querySelector&&d.addEventListener&&\"undefined\"!=typeof URL&&(d.wp=d.wp||{},d.wp.receiveEmbedMessage||(d.wp.receiveEmbedMessage=function(e){var t=e.data;if((t||t.secret||t.message||t.value)&&!\/[^a-zA-Z0-9]\/.test(t.secret)){for(var s,r,n,a=l.querySelectorAll('iframe[data-secret=\"'+t.secret+'\"]'),o=l.querySelectorAll('blockquote[data-secret=\"'+t.secret+'\"]'),c=new RegExp(\"^https?:$\",\"i\"),i=0;i<o.length;i++)o[i].style.display=\"none\";for(i=0;i<a.length;i++)s=a[i],e.source===s.contentWindow&&(s.removeAttribute(\"style\"),\"height\"===t.message?(1e3<(r=parseInt(t.value,10))?r=1e3:~~r<200&&(r=200),s.height=r):\"link\"===t.message&&(r=new URL(s.getAttribute(\"src\")),n=new URL(t.value),c.test(n.protocol))&&n.host===r.host&&l.activeElement===s&&(d.top.location.href=t.value))}},d.addEventListener(\"message\",d.wp.receiveEmbedMessage,!1),l.addEventListener(\"DOMContentLoaded\",function(){for(var e,t,s=l.querySelectorAll(\"iframe.wp-embedded-content\"),r=0;r<s.length;r++)(t=(e=s[r]).getAttribute(\"data-secret\"))||(t=Math.random().toString(36).substring(2,12),e.src+=\"#?secret=\"+t,e.setAttribute(\"data-secret\",t)),e.contentWindow.postMessage({message:\"ready\",secret:t},\"*\")},!1)))}(window,document);\n\/\/# sourceURL=https:\/\/stuttgarti-katolikusok.de\/wp-includes\/js\/wp-embed.min.js\n\/* ]]> *\/\n<\/script>\n","description":"A t\u00f6k\u00e9letes b\u00e1nat felind\u00edt\u00e1sa &nbsp; K\u00e9t h\u00e9ttel ezel\u0151tt \u00edrtam a lelki\u00e1ldoz\u00e1sr\u00f3l. Most, mivel az elk\u00f6vetkezend\u0151\u00a0 napok liturgi\u00e1j\u00e1hoz ez is szorosan hozz\u00e1 tartozik, \u00edrok p\u00e1r sz\u00f3t a t\u00f6k\u00e9letes b\u00e1nat felind\u00edt\u00e1s\u00e1r\u00f3l is, abban a rem\u00e9nyben, hogy a nagyheti Szent H\u00e1rom Nap alatt lesz lehet\u0151s\u00e9ged annak alkalmaz\u00e1s\u00e1ra \u00e9s haszn\u00e1lat\u00e1ra! M\u00e1ramarosszigeti k\u00e1pl\u00e1n\u00e9veim papi \u00e9letem legszebb id\u0151szak\u00e1hoz tartoztak. Sok mindenre eml\u00e9kszem, de a legszebb napok, a legsz\u00edvbemarkol\u00f3bb \u00f3r\u00e1k sz\u00e1momra a nagyheti szertart\u00e1sok voltak. Kezd\u0151dtek azzal, hogy nagyh\u00e9tf\u0151n, nagykedden \u00e9s nagyszerd\u00e1n \u2013 term\u00e9szetesen az \u00e9v t\u00f6bbi napjain is, de ekkor k\u00fcl\u00f6n! \u2013 a reggeli szentmise kezdet\u00e9t\u0151l, negyed 7-t\u0151l eg\u00e9szen d\u00e9lig a f\u0151esperes \u00farral, Dr. Dobos J\u00e1nossal \u00e9s Szolom\u00e1jer Istv\u00e1n atya k\u00e1pl\u00e1nt\u00e1rsammal egy\u00fctt eg\u00e9szen d\u00e9lig sz\u00fcnet n\u00e9lk\u00fcl gy\u00f3ntattunk. A szentgy\u00f3n\u00e1s szents\u00e9g\u00e9nek tisztelete \u00e9s haszn\u00e1lata nagyb\u00f6jtben, amely viszont az eg\u00e9sz egyh\u00e1zmegy\u00e9ben ilyen \u00e9s ehhez hasonl\u00f3 jelekben mutatkozott meg, M\u00e1ramarosszigeten \u00edgy v\u00e1lt k\u00e9zzelfoghat\u00f3v\u00e1. A jelenlegi koronav\u00edrus j\u00e1rv\u00e1nnyal kapcsolatosan a Szentsz\u00e9k m\u00e1rciusban k\u00e9tszer is megnyilatkozott. A szents\u00e9gek kiszolg\u00e1ltat\u00e1s\u00e1nak k\u00f6r\u00fclm\u00e9nyeit a helyi p\u00fcsp\u00f6ki karra illetve a p\u00fcsp\u00f6k\u00f6kre b\u00edzta. A n\u00e9metorsz\u00e1gi p\u00fcsp\u00f6ki kar a gy\u00f3n\u00e1ssal kapcsolatban a szents\u00e9g kiszolg\u00e1ltat\u00e1s\u00e1t\u00f3l \u2013 hacsak nem \u00e1ll fenn akut hal\u00e1lvesz\u00e9ly! \u2013 egyel\u0151re \u00e9s erre az id\u0151szakra egyenesen eltan\u00e1csolt. Mi h\u00e1t a teend\u0151? Tudjuk, hogy a s\u00falyos b\u0171n\u00e9nek tudat\u00e1ban \u00e9l\u0151 h\u00edv\u0151 Istennel \u00e9s az egyh\u00e1zzal csak a szentgy\u00f3n\u00e1s szents\u00e9g\u00e9ben tud kiengesztel\u0151dni. F\u00f6lment ez al\u00f3l azonban a fizikai vagy az erk\u00f6lcsi lehetetlens\u00e9g \u2013 mint, ahogyan ez a jelen id\u0151szakban is t\u00f6rt\u00e9nik. Ilyen esetben a Katolikus Egyh\u00e1z T\u00f6rv\u00e9nyk\u00f6nyve szerint a b\u0171neink al\u00f3li feloldoz\u00e1st rendk\u00edv\u00fcli m\u00f3don is el lehet nyerni (v\u00f6. 960. k\u00e1non): el\u0151sz\u00f6r is az \u00e1ltal\u00e1nos feloldoz\u00e1s \u00e1ltal, \u00e9s m\u00e1sodszor a t\u00f6k\u00e9letes b\u00e1nat felind\u00edt\u00e1sa \u00e1ltal. Az \u00e1ltal\u00e1nos feloldoz\u00e1s sor\u00e1n a h\u00edv\u0151 (vagy h\u00edv\u0151k egy csoportja egyszerre) egy\u00e9ni \u00e9s teljes b\u0171nbevall\u00e1s n\u00e9lk\u00fcl \u2013 s\u00falyos sz\u00fcks\u00e9g eset\u00e9n, a megy\u00e9s p\u00fcsp\u00f6k enged\u00e9ly\u00e9vel \u00e9s egy k\u00fcl\u00f6n szertart\u00e1s keret\u00e9ben \u2013 feloldoz\u00e1sban r\u00e9szes\u00fcl. Mivel a jelen helyzetben mi se szem\u00e9lyes, sem \u00e1ltal\u00e1nos feloldoz\u00e1sban nem r\u00e9szes\u00fclhet\u00fcnk,... R\u00e9szletek"}

A tökéletes bánat felindítása - Stuttgarti Katolikusok

<blockquote class="wp-embedded-content" data-secret="Pdl3DyWuAg"><a href="https://stuttgarti-katolikusok.de/index.php/a-tokeletes-banat-felinditasa/">A tökéletes bánat felindítása</a></blockquote><iframe sandbox="allow-scripts" security="restricted" src="https://stuttgarti-katolikusok.de/index.php/a-tokeletes-banat-felinditasa/embed/#?secret=Pdl3DyWuAg" width="600" height="338" title="&#8220;A tökéletes bánat felindítása&#8221; &#8212; Stuttgarti Katolikusok" data-secret="Pdl3DyWuAg" frameborder="0" marginwidth="0" marginheight="0" scrolling="no" class="wp-embedded-content"></iframe><script type="text/javascript">
/* <![CDATA[ */
/*! This file is auto-generated */
!function(d,l){"use strict";l.querySelector&&d.addEventListener&&"undefined"!=typeof URL&&(d.wp=d.wp||{},d.wp.receiveEmbedMessage||(d.wp.receiveEmbedMessage=function(e){var t=e.data;if((t||t.secret||t.message||t.value)&&!/[^a-zA-Z0-9]/.test(t.secret)){for(var s,r,n,a=l.querySelectorAll('iframe[data-secret="'+t.secret+'"]'),o=l.querySelectorAll('blockquote[data-secret="'+t.secret+'"]'),c=new RegExp("^https?:$","i"),i=0;i<o.length;i++)o[i].style.display="none";for(i=0;i<a.length;i++)s=a[i],e.source===s.contentWindow&&(s.removeAttribute("style"),"height"===t.message?(1e3<(r=parseInt(t.value,10))?r=1e3:~~r<200&&(r=200),s.height=r):"link"===t.message&&(r=new URL(s.getAttribute("src")),n=new URL(t.value),c.test(n.protocol))&&n.host===r.host&&l.activeElement===s&&(d.top.location.href=t.value))}},d.addEventListener("message",d.wp.receiveEmbedMessage,!1),l.addEventListener("DOMContentLoaded",function(){for(var e,t,s=l.querySelectorAll("iframe.wp-embedded-content"),r=0;r<s.length;r++)(t=(e=s[r]).getAttribute("data-secret"))||(t=Math.random().toString(36).substring(2,12),e.src+="#?secret="+t,e.setAttribute("data-secret",t)),e.contentWindow.postMessage({message:"ready",secret:t},"*")},!1)))}(window,document);
//# sourceURL=https://stuttgarti-katolikusok.de/wp-includes/js/wp-embed.min.js
/* ]]> */
</script>

A tökéletes bánat felindítása &nbsp; Két héttel ezelőtt írtam a lelkiáldozásról. Most, mivel az elkövetkezendő  napok liturgiájához ez is szorosan hozzá tartozik, írok pár szót a tökéletes bánat felindításáról is, abban a reményben, hogy a nagyheti Szent Három Nap alatt lesz lehetőséged annak alkalmazására és használatára! Máramarosszigeti káplánéveim papi életem legszebb időszakához tartoztak. Sok mindenre emlékszem, de a legszebb napok, a legszívbemarkolóbb órák számomra a nagyheti szertartások voltak. Kezdődtek azzal, hogy nagyhétfőn, nagykedden és nagyszerdán – természetesen az év többi napjain is, de ekkor külön! – a reggeli szentmise kezdetétől, negyed 7-től egészen délig a főesperes úrral, Dr. Dobos Jánossal és Szolomájer István atya káplántársammal együtt egészen délig szünet nélkül gyóntattunk. A szentgyónás szentségének tisztelete és használata nagyböjtben, amely viszont az egész egyházmegyében ilyen és ehhez hasonló jelekben mutatkozott meg, Máramarosszigeten így vált kézzelfoghatóvá. A jelenlegi koronavírus járvánnyal kapcsolatosan a Szentszék márciusban kétszer is megnyilatkozott. A szentségek kiszolgáltatásának körülményeit a helyi püspöki karra illetve a püspökökre bízta. A németországi püspöki kar a gyónással kapcsolatban a szentség kiszolgáltatásától – hacsak nem áll fenn akut halálveszély! – egyelőre és erre az időszakra egyenesen eltanácsolt. Mi hát a teendő? Tudjuk, hogy a súlyos bűnének tudatában élő hívő Istennel és az egyházzal csak a szentgyónás szentségében tud kiengesztelődni. Fölment ez alól azonban a fizikai vagy az erkölcsi lehetetlenség – mint, ahogyan ez a jelen időszakban is történik. Ilyen esetben a Katolikus Egyház Törvénykönyve szerint a bűneink alóli feloldozást rendkívüli módon is el lehet nyerni (vö. 960. kánon): először is az általános feloldozás által, és másodszor a tökéletes bánat felindítása által. Az általános feloldozás során a hívő (vagy hívők egy csoportja egyszerre) egyéni és teljes bűnbevallás nélkül – súlyos szükség esetén, a megyés püspök engedélyével és egy külön szertartás keretében – feloldozásban részesül. Mivel a jelen helyzetben mi se személyes, sem általános feloldozásban nem részesülhetünk,... Részletek
