{"version":"1.0","provider_name":"Stuttgarti Katolikusok","provider_url":"https:\/\/stuttgarti-katolikusok.de","title":"A Szent Kereszt felmagasztal\u00e1sa - Stuttgarti Katolikusok","type":"rich","width":600,"height":338,"html":"<blockquote class=\"wp-embedded-content\" data-secret=\"WiyJuOQnVL\"><a href=\"https:\/\/stuttgarti-katolikusok.de\/index.php\/a-szent-kereszt-felmagasztalasa\/\">A Szent Kereszt felmagasztal\u00e1sa<\/a><\/blockquote><iframe sandbox=\"allow-scripts\" security=\"restricted\" src=\"https:\/\/stuttgarti-katolikusok.de\/index.php\/a-szent-kereszt-felmagasztalasa\/embed\/#?secret=WiyJuOQnVL\" width=\"600\" height=\"338\" title=\"&#8220;A Szent Kereszt felmagasztal\u00e1sa&#8221; &#8212; Stuttgarti Katolikusok\" data-secret=\"WiyJuOQnVL\" frameborder=\"0\" marginwidth=\"0\" marginheight=\"0\" scrolling=\"no\" class=\"wp-embedded-content\"><\/iframe><script type=\"text\/javascript\">\n\/* <![CDATA[ *\/\n\/*! This file is auto-generated *\/\n!function(d,l){\"use strict\";l.querySelector&&d.addEventListener&&\"undefined\"!=typeof URL&&(d.wp=d.wp||{},d.wp.receiveEmbedMessage||(d.wp.receiveEmbedMessage=function(e){var t=e.data;if((t||t.secret||t.message||t.value)&&!\/[^a-zA-Z0-9]\/.test(t.secret)){for(var s,r,n,a=l.querySelectorAll('iframe[data-secret=\"'+t.secret+'\"]'),o=l.querySelectorAll('blockquote[data-secret=\"'+t.secret+'\"]'),c=new RegExp(\"^https?:$\",\"i\"),i=0;i<o.length;i++)o[i].style.display=\"none\";for(i=0;i<a.length;i++)s=a[i],e.source===s.contentWindow&&(s.removeAttribute(\"style\"),\"height\"===t.message?(1e3<(r=parseInt(t.value,10))?r=1e3:~~r<200&&(r=200),s.height=r):\"link\"===t.message&&(r=new URL(s.getAttribute(\"src\")),n=new URL(t.value),c.test(n.protocol))&&n.host===r.host&&l.activeElement===s&&(d.top.location.href=t.value))}},d.addEventListener(\"message\",d.wp.receiveEmbedMessage,!1),l.addEventListener(\"DOMContentLoaded\",function(){for(var e,t,s=l.querySelectorAll(\"iframe.wp-embedded-content\"),r=0;r<s.length;r++)(t=(e=s[r]).getAttribute(\"data-secret\"))||(t=Math.random().toString(36).substring(2,12),e.src+=\"#?secret=\"+t,e.setAttribute(\"data-secret\",t)),e.contentWindow.postMessage({message:\"ready\",secret:t},\"*\")},!1)))}(window,document);\n\/\/# sourceURL=https:\/\/stuttgarti-katolikusok.de\/wp-includes\/js\/wp-embed.min.js\n\/* ]]> *\/\n<\/script>\n","thumbnail_url":"https:\/\/stuttgarti-katolikusok.de\/wp-content\/uploads\/2024\/09\/whatsapp-kep-2024-09-14-222341-13c54751.jpg","thumbnail_width":1674,"thumbnail_height":1116,"description":"Szeptember 14-\u00e9n A Szent Kereszt felmagasztal\u00e1s\u00e1nak \u00fcnnep\u00e9t \u00fclj\u00fck. Jeruzs\u00e1lemben \u00e9vr\u0151l \u00e9vre felmutatt\u00e1k a keresztfa ott \u0151rz\u00f6tt darabj\u00e1t a Szent S\u00edr-bazilika felszentel\u00e9s\u00e9nek \u00e9vfordul\u00f3j\u00e1n. Egy\u00fattal azt is \u00fcnnepelj\u00fck, hogy H\u00e9rakleiosz cs\u00e1sz\u00e1r 629-ben szem\u00e9lyesen vitte vissza \u0151rz\u00e9si hely\u00e9re a keresztfa-erekly\u00e9t, amelyet el\u0151z\u0151leg a perzs\u00e1k elraboltak. Ha a kereszt eredet\u00e9t kutatjuk vissza kell menn\u00fcnk eg\u00e9szen az \u00d3korba, a perzs\u00e1khoz. A perzs\u00e1kt\u00f3l terjedt el a kereszt, amely kiv\u00e9gz\u00e9si eszk\u00f6z volt. T\u0151l\u00fck vett\u00e9k \u00e1t t\u00f6bbek k\u00f6z\u00f6tt a r\u00f3maiak is ezt a kiv\u00e9gz\u00e9si m\u00f3dot. A keresztutak szok\u00e1sos \u00e1br\u00e1zol\u00e1s\u00e1val ellent\u00e9tben az el\u00edt\u00e9lt nem az eg\u00e9sz keresztet vitte a veszt\u0151helyre, hanem csak a v\u00edzszintes sz\u00e1r\u00e1t, amelyet kiterjesztett karjaira k\u00f6t\u00f6ttek, s amelynek s\u00falya j\u00f3 30-40 kg-ot tett ki. A veszt\u0151helyen sz\u00f6gezt\u00e9k kezeit a v\u00edzszintes gerend\u00e1ba, majd illesztett\u00e9k azt a mindig a veszt\u0151helyen be\u00e1sott f\u00fcgg\u0151leges oszlopba, s v\u00e9g\u00fcl a l\u00e1b\u00e1t is odasz\u00f6gezt\u00e9k az el\u00edt\u00e9ltnek. Az el\u00edt\u00e9ltnek rettenetes k\u00ednokat kellett ki\u00e1llni, mire el\u00e9rkezett a hal\u00e1l, s ez a haldokl\u00e1s sokszor napokig is eltartott. Oly rettenetes kiv\u00e9gz\u00e9si m\u00f3d volt, hogy a R\u00f3mai Birodalomban ezt a r\u00f3mai polg\u00e1rokra nem volt szabad alkalmazni. Csak a gyilkosok, l\u00e1zad\u00f3k, rabszolg\u00e1k, b\u0171n\u00f6s\u00f6k kiv\u00e9gz\u00e9si m\u00f3dszere volt, amint az Kr. e. 71-ben t\u00f6rt\u00e9nt, amikor Crassus leverte a Spartacus f\u00e9le rabszolgafelkel\u00e9st \u00e9s elrettent\u00e9s\u00fcl az egyik R\u00f3m\u00e1ba vezet\u0151 \u00fat mellett 6.000 ragszolg\u00e1t fesz\u00edtett keresztre. Ak\u00e1rhogy is sz\u00e9p\u00edten\u00e9nk a dolgot a kereszt v\u00e9gs\u0151 soron eredet\u00e9t tekintve egy bit\u00f3fa. Olyan bit\u00f3fa, kiv\u00e9gz\u0151eszk\u00f6z a kereszt, mint ma az akaszt\u00f3fa, vagy az villamossz\u00e9k. S ez a rettenetes k\u00ednz\u00f3szersz\u00e1m csak az\u00e9rt maradt meg az eur\u00f3pai kult\u00far\u00e1ban, mert J\u00e9zus Krisztus, a Megv\u00e1lt\u00f3, ezen szenvedett \u00e9s halt meg. Az \u00fcnnepi szentmise els\u0151 k\u00f6ny\u00f6rg\u00e9s\u00e9ben a teremt\u0151 \u00e9s gondvisel\u0151 Isten irgalmas j\u00f3s\u00e1g\u00e1\u00e9rt esd\u00fcnk, hogy eg\u00e9sz sz\u00edvvel szolg\u00e1lhassunk. Eg\u00e9sz sz\u00edvvel szolg\u00e1lni, teljes odaad\u00e1st jelent. \u00d6nzetlen\u00fcl, sz\u00e1m\u00edtgat\u00e1s n\u00e9lk\u00fcl \u00e9s szabadon. Az olvasm\u00e1nyban a v\u00e1lasztott n\u00e9p pusztai v\u00e1ndorl\u00e1s\u00e1r\u00f3l hallhatunk, s k\u00f6zben \u00e9rdekes k\u00e9p rajzol\u00f3dik ki. Belef\u00e1radnak a v\u00e1ndorl\u00e1sba \u00e9s z\u00fagol\u00f3dni kezdenek. Ma erre az... R\u00e9szletek"}

A Szent Kereszt felmagasztalása - Stuttgarti Katolikusok

<blockquote class="wp-embedded-content" data-secret="WiyJuOQnVL"><a href="https://stuttgarti-katolikusok.de/index.php/a-szent-kereszt-felmagasztalasa/">A Szent Kereszt felmagasztalása</a></blockquote><iframe sandbox="allow-scripts" security="restricted" src="https://stuttgarti-katolikusok.de/index.php/a-szent-kereszt-felmagasztalasa/embed/#?secret=WiyJuOQnVL" width="600" height="338" title="&#8220;A Szent Kereszt felmagasztalása&#8221; &#8212; Stuttgarti Katolikusok" data-secret="WiyJuOQnVL" frameborder="0" marginwidth="0" marginheight="0" scrolling="no" class="wp-embedded-content"></iframe><script type="text/javascript">
/* <![CDATA[ */
/*! This file is auto-generated */
!function(d,l){"use strict";l.querySelector&&d.addEventListener&&"undefined"!=typeof URL&&(d.wp=d.wp||{},d.wp.receiveEmbedMessage||(d.wp.receiveEmbedMessage=function(e){var t=e.data;if((t||t.secret||t.message||t.value)&&!/[^a-zA-Z0-9]/.test(t.secret)){for(var s,r,n,a=l.querySelectorAll('iframe[data-secret="'+t.secret+'"]'),o=l.querySelectorAll('blockquote[data-secret="'+t.secret+'"]'),c=new RegExp("^https?:$","i"),i=0;i<o.length;i++)o[i].style.display="none";for(i=0;i<a.length;i++)s=a[i],e.source===s.contentWindow&&(s.removeAttribute("style"),"height"===t.message?(1e3<(r=parseInt(t.value,10))?r=1e3:~~r<200&&(r=200),s.height=r):"link"===t.message&&(r=new URL(s.getAttribute("src")),n=new URL(t.value),c.test(n.protocol))&&n.host===r.host&&l.activeElement===s&&(d.top.location.href=t.value))}},d.addEventListener("message",d.wp.receiveEmbedMessage,!1),l.addEventListener("DOMContentLoaded",function(){for(var e,t,s=l.querySelectorAll("iframe.wp-embedded-content"),r=0;r<s.length;r++)(t=(e=s[r]).getAttribute("data-secret"))||(t=Math.random().toString(36).substring(2,12),e.src+="#?secret="+t,e.setAttribute("data-secret",t)),e.contentWindow.postMessage({message:"ready",secret:t},"*")},!1)))}(window,document);
//# sourceURL=https://stuttgarti-katolikusok.de/wp-includes/js/wp-embed.min.js
/* ]]> */
</script>

Szeptember 14-én A Szent Kereszt felmagasztalásának ünnepét üljük. Jeruzsálemben évről évre felmutatták a keresztfa ott őrzött darabját a Szent Sír-bazilika felszentelésének évfordulóján. Egyúttal azt is ünnepeljük, hogy Hérakleiosz császár 629-ben személyesen vitte vissza őrzési helyére a keresztfa-ereklyét, amelyet előzőleg a perzsák elraboltak. Ha a kereszt eredetét kutatjuk vissza kell mennünk egészen az Ókorba, a perzsákhoz. A perzsáktól terjedt el a kereszt, amely kivégzési eszköz volt. Tőlük vették át többek között a rómaiak is ezt a kivégzési módot. A keresztutak szokásos ábrázolásával ellentétben az elítélt nem az egész keresztet vitte a vesztőhelyre, hanem csak a vízszintes szárát, amelyet kiterjesztett karjaira kötöttek, s amelynek súlya jó 30-40 kg-ot tett ki. A vesztőhelyen szögezték kezeit a vízszintes gerendába, majd illesztették azt a mindig a vesztőhelyen beásott függőleges oszlopba, s végül a lábát is odaszögezték az elítéltnek. Az elítéltnek rettenetes kínokat kellett kiállni, mire elérkezett a halál, s ez a haldoklás sokszor napokig is eltartott. Oly rettenetes kivégzési mód volt, hogy a Római Birodalomban ezt a római polgárokra nem volt szabad alkalmazni. Csak a gyilkosok, lázadók, rabszolgák, bűnösök kivégzési módszere volt, amint az Kr. e. 71-ben történt, amikor Crassus leverte a Spartacus féle rabszolgafelkelést és elrettentésül az egyik Rómába vezető út mellett 6.000 ragszolgát feszített keresztre. Akárhogy is szépítenénk a dolgot a kereszt végső soron eredetét tekintve egy bitófa. Olyan bitófa, kivégzőeszköz a kereszt, mint ma az akasztófa, vagy az villamosszék. S ez a rettenetes kínzószerszám csak azért maradt meg az európai kultúrában, mert Jézus Krisztus, a Megváltó, ezen szenvedett és halt meg. Az ünnepi szentmise első könyörgésében a teremtő és gondviselő Isten irgalmas jóságáért esdünk, hogy egész szívvel szolgálhassunk. Egész szívvel szolgálni, teljes odaadást jelent. Önzetlenül, számítgatás nélkül és szabadon. Az olvasmányban a választott nép pusztai vándorlásáról hallhatunk, s közben érdekes kép rajzolódik ki. Belefáradnak a vándorlásba és zúgolódni kezdenek. Ma erre az... Részletek
