{"version":"1.0","provider_name":"Stuttgarti Katolikusok","provider_url":"https:\/\/stuttgarti-katolikusok.de","title":"A m\u00e1s anyanyelv\u0171 pasztor\u00e1ci\u00f3ban dolgoz\u00f3k tal\u00e1lkoz\u00f3ja - Stuttgarti Katolikusok","type":"rich","width":600,"height":338,"html":"<blockquote class=\"wp-embedded-content\" data-secret=\"G0JnFqSl62\"><a href=\"https:\/\/stuttgarti-katolikusok.de\/index.php\/a-mas-anyanyelvu-pasztoracioban-dolgozok-talalkozoja\/\">A m\u00e1s anyanyelv\u0171 pasztor\u00e1ci\u00f3ban dolgoz\u00f3k tal\u00e1lkoz\u00f3ja<\/a><\/blockquote><iframe sandbox=\"allow-scripts\" security=\"restricted\" src=\"https:\/\/stuttgarti-katolikusok.de\/index.php\/a-mas-anyanyelvu-pasztoracioban-dolgozok-talalkozoja\/embed\/#?secret=G0JnFqSl62\" width=\"600\" height=\"338\" title=\"&#8220;A m\u00e1s anyanyelv\u0171 pasztor\u00e1ci\u00f3ban dolgoz\u00f3k tal\u00e1lkoz\u00f3ja&#8221; &#8212; Stuttgarti Katolikusok\" data-secret=\"G0JnFqSl62\" frameborder=\"0\" marginwidth=\"0\" marginheight=\"0\" scrolling=\"no\" class=\"wp-embedded-content\"><\/iframe><script type=\"text\/javascript\">\n\/* <![CDATA[ *\/\n\/*! This file is auto-generated *\/\n!function(d,l){\"use strict\";l.querySelector&&d.addEventListener&&\"undefined\"!=typeof URL&&(d.wp=d.wp||{},d.wp.receiveEmbedMessage||(d.wp.receiveEmbedMessage=function(e){var t=e.data;if((t||t.secret||t.message||t.value)&&!\/[^a-zA-Z0-9]\/.test(t.secret)){for(var s,r,n,a=l.querySelectorAll('iframe[data-secret=\"'+t.secret+'\"]'),o=l.querySelectorAll('blockquote[data-secret=\"'+t.secret+'\"]'),c=new RegExp(\"^https?:$\",\"i\"),i=0;i<o.length;i++)o[i].style.display=\"none\";for(i=0;i<a.length;i++)s=a[i],e.source===s.contentWindow&&(s.removeAttribute(\"style\"),\"height\"===t.message?(1e3<(r=parseInt(t.value,10))?r=1e3:~~r<200&&(r=200),s.height=r):\"link\"===t.message&&(r=new URL(s.getAttribute(\"src\")),n=new URL(t.value),c.test(n.protocol))&&n.host===r.host&&l.activeElement===s&&(d.top.location.href=t.value))}},d.addEventListener(\"message\",d.wp.receiveEmbedMessage,!1),l.addEventListener(\"DOMContentLoaded\",function(){for(var e,t,s=l.querySelectorAll(\"iframe.wp-embedded-content\"),r=0;r<s.length;r++)(t=(e=s[r]).getAttribute(\"data-secret\"))||(t=Math.random().toString(36).substring(2,12),e.src+=\"#?secret=\"+t,e.setAttribute(\"data-secret\",t)),e.contentWindow.postMessage({message:\"ready\",secret:t},\"*\")},!1)))}(window,document);\n\/\/# sourceURL=https:\/\/stuttgarti-katolikusok.de\/wp-includes\/js\/wp-embed.min.js\n\/* ]]> *\/\n<\/script>\n","thumbnail_url":"https:\/\/stuttgarti-katolikusok.de\/wp-content\/uploads\/2023\/03\/diozesan-konferenz-1.jpg","thumbnail_width":2000,"thumbnail_height":1500,"description":"2023. m\u00e1rcius 15-\u00e9n a Szent Gell\u00e9rt Egyh\u00e1zk\u00f6zs\u00e9g adott otthont a m\u00e1s anyanyelv\u0171 lelkip\u00e1sztorkod\u00e1sban szolg\u00e1l\u00f3 paptesv\u00e9rek \u00e9s munkat\u00e1rsak konferenci\u00e1j\u00e1nak. Tal\u00e1lkoz\u00f3nkat a Bruder Klaus templomban kezdt\u00fck, ahol H\u00e4fner-Geiger Ildik\u00f3, zongoram\u0171v\u00e9szn\u0151\/egyh\u00e1zzen\u00e9sz \u00e9s N\u00e9meti Gergely opera\u00e9nekes\/tenor egy zenem\u0171vel, Alessandro Stradella &#8211; Pieta Signore, aj\u00e1nd\u00e9koztak meg benn\u00fcnket. A vide\u00f3felv\u00e9tel itt \u00e9rhet\u0151 el:\u00a0\u00a0Alessandro Stradella &#8211; Pieta Signore A lelki impulzust k\u00f6vet\u0151en, amely nagyon nagy sikert aratott, folytattuk munk\u00e1nkat. Ennek r\u00e9szleteir\u0151l, s mindarr\u00f3l, ami benn\u00fcnket is \u00e9rint hamarosan r\u00e9szletesen besz\u00e1molok. Tibor atya"}

A más anyanyelvű pasztorációban dolgozók találkozója - Stuttgarti Katolikusok

<blockquote class="wp-embedded-content" data-secret="G0JnFqSl62"><a href="https://stuttgarti-katolikusok.de/index.php/a-mas-anyanyelvu-pasztoracioban-dolgozok-talalkozoja/">A más anyanyelvű pasztorációban dolgozók találkozója</a></blockquote><iframe sandbox="allow-scripts" security="restricted" src="https://stuttgarti-katolikusok.de/index.php/a-mas-anyanyelvu-pasztoracioban-dolgozok-talalkozoja/embed/#?secret=G0JnFqSl62" width="600" height="338" title="&#8220;A más anyanyelvű pasztorációban dolgozók találkozója&#8221; &#8212; Stuttgarti Katolikusok" data-secret="G0JnFqSl62" frameborder="0" marginwidth="0" marginheight="0" scrolling="no" class="wp-embedded-content"></iframe><script type="text/javascript">
/* <![CDATA[ */
/*! This file is auto-generated */
!function(d,l){"use strict";l.querySelector&&d.addEventListener&&"undefined"!=typeof URL&&(d.wp=d.wp||{},d.wp.receiveEmbedMessage||(d.wp.receiveEmbedMessage=function(e){var t=e.data;if((t||t.secret||t.message||t.value)&&!/[^a-zA-Z0-9]/.test(t.secret)){for(var s,r,n,a=l.querySelectorAll('iframe[data-secret="'+t.secret+'"]'),o=l.querySelectorAll('blockquote[data-secret="'+t.secret+'"]'),c=new RegExp("^https?:$","i"),i=0;i<o.length;i++)o[i].style.display="none";for(i=0;i<a.length;i++)s=a[i],e.source===s.contentWindow&&(s.removeAttribute("style"),"height"===t.message?(1e3<(r=parseInt(t.value,10))?r=1e3:~~r<200&&(r=200),s.height=r):"link"===t.message&&(r=new URL(s.getAttribute("src")),n=new URL(t.value),c.test(n.protocol))&&n.host===r.host&&l.activeElement===s&&(d.top.location.href=t.value))}},d.addEventListener("message",d.wp.receiveEmbedMessage,!1),l.addEventListener("DOMContentLoaded",function(){for(var e,t,s=l.querySelectorAll("iframe.wp-embedded-content"),r=0;r<s.length;r++)(t=(e=s[r]).getAttribute("data-secret"))||(t=Math.random().toString(36).substring(2,12),e.src+="#?secret="+t,e.setAttribute("data-secret",t)),e.contentWindow.postMessage({message:"ready",secret:t},"*")},!1)))}(window,document);
//# sourceURL=https://stuttgarti-katolikusok.de/wp-includes/js/wp-embed.min.js
/* ]]> */
</script>

2023. március 15-én a Szent Gellért Egyházközség adott otthont a más anyanyelvű lelkipásztorkodásban szolgáló paptesvérek és munkatársak konferenciájának. Találkozónkat a Bruder Klaus templomban kezdtük, ahol Häfner-Geiger Ildikó, zongoraművésznő/egyházzenész és Németi Gergely operaénekes/tenor egy zeneművel, Alessandro Stradella &#8211; Pieta Signore, ajándékoztak meg bennünket. A videófelvétel itt érhető el:  Alessandro Stradella &#8211; Pieta Signore A lelki impulzust követően, amely nagyon nagy sikert aratott, folytattuk munkánkat. Ennek részleteiről, s mindarról, ami bennünket is érint hamarosan részletesen beszámolok. Tibor atya
