{"version":"1.0","provider_name":"Stuttgarti Katolikusok","provider_url":"https:\/\/stuttgarti-katolikusok.de","title":"A h\u00fasv\u00e9ti id\u0151 - Stuttgarti Katolikusok","type":"rich","width":600,"height":338,"html":"<blockquote class=\"wp-embedded-content\" data-secret=\"92uZ68rFcO\"><a href=\"https:\/\/stuttgarti-katolikusok.de\/index.php\/a-husveti-ido\/\">A h\u00fasv\u00e9ti id\u0151<\/a><\/blockquote><iframe sandbox=\"allow-scripts\" security=\"restricted\" src=\"https:\/\/stuttgarti-katolikusok.de\/index.php\/a-husveti-ido\/embed\/#?secret=92uZ68rFcO\" width=\"600\" height=\"338\" title=\"&#8220;A h\u00fasv\u00e9ti id\u0151&#8221; &#8212; Stuttgarti Katolikusok\" data-secret=\"92uZ68rFcO\" frameborder=\"0\" marginwidth=\"0\" marginheight=\"0\" scrolling=\"no\" class=\"wp-embedded-content\"><\/iframe><script type=\"text\/javascript\">\n\/* <![CDATA[ *\/\n\/*! This file is auto-generated *\/\n!function(d,l){\"use strict\";l.querySelector&&d.addEventListener&&\"undefined\"!=typeof URL&&(d.wp=d.wp||{},d.wp.receiveEmbedMessage||(d.wp.receiveEmbedMessage=function(e){var t=e.data;if((t||t.secret||t.message||t.value)&&!\/[^a-zA-Z0-9]\/.test(t.secret)){for(var s,r,n,a=l.querySelectorAll('iframe[data-secret=\"'+t.secret+'\"]'),o=l.querySelectorAll('blockquote[data-secret=\"'+t.secret+'\"]'),c=new RegExp(\"^https?:$\",\"i\"),i=0;i<o.length;i++)o[i].style.display=\"none\";for(i=0;i<a.length;i++)s=a[i],e.source===s.contentWindow&&(s.removeAttribute(\"style\"),\"height\"===t.message?(1e3<(r=parseInt(t.value,10))?r=1e3:~~r<200&&(r=200),s.height=r):\"link\"===t.message&&(r=new URL(s.getAttribute(\"src\")),n=new URL(t.value),c.test(n.protocol))&&n.host===r.host&&l.activeElement===s&&(d.top.location.href=t.value))}},d.addEventListener(\"message\",d.wp.receiveEmbedMessage,!1),l.addEventListener(\"DOMContentLoaded\",function(){for(var e,t,s=l.querySelectorAll(\"iframe.wp-embedded-content\"),r=0;r<s.length;r++)(t=(e=s[r]).getAttribute(\"data-secret\"))||(t=Math.random().toString(36).substring(2,12),e.src+=\"#?secret=\"+t,e.setAttribute(\"data-secret\",t)),e.contentWindow.postMessage({message:\"ready\",secret:t},\"*\")},!1)))}(window,document);\n\/\/# sourceURL=https:\/\/stuttgarti-katolikusok.de\/wp-includes\/js\/wp-embed.min.js\n\/* ]]> *\/\n<\/script>\n","description":"A h\u00fasv\u00e9ti id\u0151 A h\u00fasv\u00e9tvas\u00e1rnapt\u00f3l p\u00fcnk\u00f6sdvas\u00e1rnapig tart\u00f3 \u00f6tven napot ujjong\u00f3 \u00f6r\u00f6mben \u00fclj\u00fck meg: egyetlen \u00fcnnepk\u00e9nt, s\u0151t \u201enagy vas\u00e1rnapk\u00e9nt\u201d. A nagyb\u00f6jti id\u0151vel ellent\u00e9tben \u2013 melynek negyven napj\u00e1ba nem sz\u00e1m\u00edtjuk bele a vas\u00e1rnapokat, mivel vas\u00e1rnap mindig Krisztus felt\u00e1mad\u00e1s\u00e1t \u00fcnnepelj\u00fck -, a h\u00fasv\u00e9ti id\u0151 egys\u00e9ges \u00f6tven napot alkot: h\u00fasv\u00e9tvas\u00e1rnappal kezdve h\u00e9t h\u00e9tb\u0151l \u00e1ll, az \u00f6tvenedik nap pedig p\u00fcnk\u00f6sd vas\u00e1rnapja. A h\u00fasv\u00e9ti id\u0151 vas\u00e1rnapjai h\u00fasv\u00e9t vas\u00e1rnapj\u00e1nak sz\u00e1m\u00edtanak, \u00e9s &#8211; h\u00fasv\u00e9tvas\u00e1rnap ut\u00e1n &#8211; h\u00fasv\u00e9t m\u00e1sodik, harmadik, negyedik, \u00f6t\u00f6dik, hatodik \u00e9s hetedik vas\u00e1rnapj\u00e1nak h\u00edvjuk \u0151ket. \u00a0 Az eg\u00e9sz h\u00fasv\u00e9ti id\u0151 legjellegzetesebb felki\u00e1lt\u00e1sa az \u201eAlleluja\u201d, mely ilyenkor hozz\u00e1kapcsol\u00f3dik a szentmise kezd\u0151- \u00e9s \u00e1ldoz\u00e1si \u00e9nek\u00e9hez, \u00e9s vehet\u0151 a v\u00e1laszos zsolt\u00e1r v\u00e1laszak\u00e9nt is. H\u00fasv\u00e9tvas\u00e1rnap liturgi\u00e1j\u00e1nak k\u00fcl\u00f6nlegess\u00e9ge a szekvencia \u00e9nekl\u00e9se. A szekvencia az alleluj\u00e1hoz kapcsol\u00f3d\u00f3 t\u00e9tel, amely a IX &#8211; X. sz\u00e1zadban keletkezett, val\u00f3sz\u00edn\u0171leg oly m\u00f3don, hogy a d\u00edszes gregori\u00e1n alleluj\u00e1k utols\u00f3 hangjait l\u00e1tt\u00e1k el sz\u00f6veggel. A sz\u00f6veg az \u00fcnnep tartalm\u00e1nak sz\u00f3noki st\u00edlus\u00fa, m\u0171v\u00e9szi kifejt\u00e9se. A meg\u00faj\u00edtott liturgi\u00e1ban a szekvencia helye m\u00e1r az evang\u00e9liumot bevezet\u0151 \u201eAlleluja\u201d el\u0151tt van. A h\u00fasv\u00e9ti id\u0151 els\u0151 nyolc napja h\u00fasv\u00e9t nyolcada. Ezt az \u00dar f\u0151\u00fcnnepek\u00e9nt \u00fclj\u00fck meg. Szemben kar\u00e1csony nyolcad\u00e1val, h\u00fasv\u00e9t nyolcad\u00e1ban nem \u00fcnnepl\u00fcnk szenteket, a liturgia teljes eg\u00e9sz\u00e9ben a Felt\u00e1madottra tekint. H\u00fasv\u00e9t nyolcad\u00e1ban is lehet a szekvenci\u00e1t \u00e9nekelni, a szentmise elbocs\u00e1t\u00f3 szavaiba pedig belevessz\u00fck az Alleluj\u00e1t. Az evang\u00e9liumi olvasm\u00e1nyok h\u00fasv\u00e9t harmadik vas\u00e1rnapj\u00e1ig bez\u00e1r\u00f3lag a felt\u00e1madt Krisztus megjelen\u00e9seir\u0151l sz\u00e1molnak be. A negyedik vas\u00e1rnapra \u2013 mely a papi \u00e9s szerzetesi hivat\u00e1sok vas\u00e1rnapja &#8211; vannak kijel\u00f6lve a J\u00f3 P\u00e1sztorr\u00f3l sz\u00f3l\u00f3 olvasm\u00e1nyok. H\u00fasv\u00e9t \u00f6t\u00f6dik, hatodik \u00e9s hetedik vas\u00e1rnapj\u00e1n r\u00e9szletek hangzanak el Urunknak az utols\u00f3 vacsor\u00e1ra k\u00f6vetkez\u0151 besz\u00e9d\u00e9b\u0151l \u00e9s im\u00e1ds\u00e1g\u00e1b\u00f3l. A h\u00fasv\u00e9ti id\u0151 valamennyi szentmis\u00e9j\u00e9ben olvasunk az Apostolok Cselekedeteib\u0151l. A h\u00fasv\u00e9t ut\u00e1ni negyvenedik napon, \u201e\u00e1ldoz\u00f3cs\u00fct\u00f6rt\u00f6k\u00f6n\u201d \u00fcnnepelj\u00fck Urunk mennybemenetel\u00e9t. Ahol ez nem parancsolt \u00fcnnepnap \u2013 mint ahogyan haz\u00e1nkban sem az -, ott \u00e1tker\u00fcl h\u00fasv\u00e9t hetedik vas\u00e1rnapj\u00e1ra. Az Urunk mennybemenetele ut\u00e1ni k\u00f6znapok &#8211; p\u00fcnk\u00f6sd szombatj\u00e1ig bez\u00e1r\u00f3lag &#8211; a vigasztal\u00f3 Szentl\u00e9lek elj\u00f6vetel\u00e9t... R\u00e9szletek"}

A húsvéti idő - Stuttgarti Katolikusok

<blockquote class="wp-embedded-content" data-secret="92uZ68rFcO"><a href="https://stuttgarti-katolikusok.de/index.php/a-husveti-ido/">A húsvéti idő</a></blockquote><iframe sandbox="allow-scripts" security="restricted" src="https://stuttgarti-katolikusok.de/index.php/a-husveti-ido/embed/#?secret=92uZ68rFcO" width="600" height="338" title="&#8220;A húsvéti idő&#8221; &#8212; Stuttgarti Katolikusok" data-secret="92uZ68rFcO" frameborder="0" marginwidth="0" marginheight="0" scrolling="no" class="wp-embedded-content"></iframe><script type="text/javascript">
/* <![CDATA[ */
/*! This file is auto-generated */
!function(d,l){"use strict";l.querySelector&&d.addEventListener&&"undefined"!=typeof URL&&(d.wp=d.wp||{},d.wp.receiveEmbedMessage||(d.wp.receiveEmbedMessage=function(e){var t=e.data;if((t||t.secret||t.message||t.value)&&!/[^a-zA-Z0-9]/.test(t.secret)){for(var s,r,n,a=l.querySelectorAll('iframe[data-secret="'+t.secret+'"]'),o=l.querySelectorAll('blockquote[data-secret="'+t.secret+'"]'),c=new RegExp("^https?:$","i"),i=0;i<o.length;i++)o[i].style.display="none";for(i=0;i<a.length;i++)s=a[i],e.source===s.contentWindow&&(s.removeAttribute("style"),"height"===t.message?(1e3<(r=parseInt(t.value,10))?r=1e3:~~r<200&&(r=200),s.height=r):"link"===t.message&&(r=new URL(s.getAttribute("src")),n=new URL(t.value),c.test(n.protocol))&&n.host===r.host&&l.activeElement===s&&(d.top.location.href=t.value))}},d.addEventListener("message",d.wp.receiveEmbedMessage,!1),l.addEventListener("DOMContentLoaded",function(){for(var e,t,s=l.querySelectorAll("iframe.wp-embedded-content"),r=0;r<s.length;r++)(t=(e=s[r]).getAttribute("data-secret"))||(t=Math.random().toString(36).substring(2,12),e.src+="#?secret="+t,e.setAttribute("data-secret",t)),e.contentWindow.postMessage({message:"ready",secret:t},"*")},!1)))}(window,document);
//# sourceURL=https://stuttgarti-katolikusok.de/wp-includes/js/wp-embed.min.js
/* ]]> */
</script>

A húsvéti idő A húsvétvasárnaptól pünkösdvasárnapig tartó ötven napot ujjongó örömben üljük meg: egyetlen ünnepként, sőt „nagy vasárnapként”. A nagyböjti idővel ellentétben – melynek negyven napjába nem számítjuk bele a vasárnapokat, mivel vasárnap mindig Krisztus feltámadását ünnepeljük -, a húsvéti idő egységes ötven napot alkot: húsvétvasárnappal kezdve hét hétből áll, az ötvenedik nap pedig pünkösd vasárnapja. A húsvéti idő vasárnapjai húsvét vasárnapjának számítanak, és &#8211; húsvétvasárnap után &#8211; húsvét második, harmadik, negyedik, ötödik, hatodik és hetedik vasárnapjának hívjuk őket.   Az egész húsvéti idő legjellegzetesebb felkiáltása az „Alleluja”, mely ilyenkor hozzákapcsolódik a szentmise kezdő- és áldozási énekéhez, és vehető a válaszos zsoltár válaszaként is. Húsvétvasárnap liturgiájának különlegessége a szekvencia éneklése. A szekvencia az allelujához kapcsolódó tétel, amely a IX &#8211; X. században keletkezett, valószínűleg oly módon, hogy a díszes gregorián alleluják utolsó hangjait látták el szöveggel. A szöveg az ünnep tartalmának szónoki stílusú, művészi kifejtése. A megújított liturgiában a szekvencia helye már az evangéliumot bevezető „Alleluja” előtt van. A húsvéti idő első nyolc napja húsvét nyolcada. Ezt az Úr főünnepeként üljük meg. Szemben karácsony nyolcadával, húsvét nyolcadában nem ünneplünk szenteket, a liturgia teljes egészében a Feltámadottra tekint. Húsvét nyolcadában is lehet a szekvenciát énekelni, a szentmise elbocsátó szavaiba pedig belevesszük az Alleluját. Az evangéliumi olvasmányok húsvét harmadik vasárnapjáig bezárólag a feltámadt Krisztus megjelenéseiről számolnak be. A negyedik vasárnapra – mely a papi és szerzetesi hivatások vasárnapja &#8211; vannak kijelölve a Jó Pásztorról szóló olvasmányok. Húsvét ötödik, hatodik és hetedik vasárnapján részletek hangzanak el Urunknak az utolsó vacsorára következő beszédéből és imádságából. A húsvéti idő valamennyi szentmiséjében olvasunk az Apostolok Cselekedeteiből. A húsvét utáni negyvenedik napon, „áldozócsütörtökön” ünnepeljük Urunk mennybemenetelét. Ahol ez nem parancsolt ünnepnap – mint ahogyan hazánkban sem az -, ott átkerül húsvét hetedik vasárnapjára. Az Urunk mennybemenetele utáni köznapok &#8211; pünkösd szombatjáig bezárólag &#8211; a vigasztaló Szentlélek eljövetelét... Részletek
