{"version":"1.0","provider_name":"Stuttgarti Katolikusok","provider_url":"https:\/\/stuttgarti-katolikusok.de","title":"A Bar\u00e1ts\u00e1gklub m\u00e1rcius 24-ei tal\u00e1lkoz\u00f3 marg\u00f3j\u00e1ra - Stuttgarti Katolikusok","type":"rich","width":600,"height":338,"html":"<blockquote class=\"wp-embedded-content\" data-secret=\"gC42hJjIy9\"><a href=\"https:\/\/stuttgarti-katolikusok.de\/index.php\/a-baratsagklub-marcius-24-ei-talalkozo-margojara\/\">A Bar\u00e1ts\u00e1gklub m\u00e1rcius 24-ei tal\u00e1lkoz\u00f3 marg\u00f3j\u00e1ra<\/a><\/blockquote><iframe sandbox=\"allow-scripts\" security=\"restricted\" src=\"https:\/\/stuttgarti-katolikusok.de\/index.php\/a-baratsagklub-marcius-24-ei-talalkozo-margojara\/embed\/#?secret=gC42hJjIy9\" width=\"600\" height=\"338\" title=\"&#8220;A Bar\u00e1ts\u00e1gklub m\u00e1rcius 24-ei tal\u00e1lkoz\u00f3 marg\u00f3j\u00e1ra&#8221; &#8212; Stuttgarti Katolikusok\" data-secret=\"gC42hJjIy9\" frameborder=\"0\" marginwidth=\"0\" marginheight=\"0\" scrolling=\"no\" class=\"wp-embedded-content\"><\/iframe><script type=\"text\/javascript\">\n\/* <![CDATA[ *\/\n\/*! This file is auto-generated *\/\n!function(d,l){\"use strict\";l.querySelector&&d.addEventListener&&\"undefined\"!=typeof URL&&(d.wp=d.wp||{},d.wp.receiveEmbedMessage||(d.wp.receiveEmbedMessage=function(e){var t=e.data;if((t||t.secret||t.message||t.value)&&!\/[^a-zA-Z0-9]\/.test(t.secret)){for(var s,r,n,a=l.querySelectorAll('iframe[data-secret=\"'+t.secret+'\"]'),o=l.querySelectorAll('blockquote[data-secret=\"'+t.secret+'\"]'),c=new RegExp(\"^https?:$\",\"i\"),i=0;i<o.length;i++)o[i].style.display=\"none\";for(i=0;i<a.length;i++)s=a[i],e.source===s.contentWindow&&(s.removeAttribute(\"style\"),\"height\"===t.message?(1e3<(r=parseInt(t.value,10))?r=1e3:~~r<200&&(r=200),s.height=r):\"link\"===t.message&&(r=new URL(s.getAttribute(\"src\")),n=new URL(t.value),c.test(n.protocol))&&n.host===r.host&&l.activeElement===s&&(d.top.location.href=t.value))}},d.addEventListener(\"message\",d.wp.receiveEmbedMessage,!1),l.addEventListener(\"DOMContentLoaded\",function(){for(var e,t,s=l.querySelectorAll(\"iframe.wp-embedded-content\"),r=0;r<s.length;r++)(t=(e=s[r]).getAttribute(\"data-secret\"))||(t=Math.random().toString(36).substring(2,12),e.src+=\"#?secret=\"+t,e.setAttribute(\"data-secret\",t)),e.contentWindow.postMessage({message:\"ready\",secret:t},\"*\")},!1)))}(window,document);\n\/\/# sourceURL=https:\/\/stuttgarti-katolikusok.de\/wp-includes\/js\/wp-embed.min.js\n\/* ]]> *\/\n<\/script>\n","thumbnail_url":"https:\/\/stuttgarti-katolikusok.de\/wp-content\/uploads\/2023\/04\/whatsapp-kep-2023-03-24-213422.jpg","thumbnail_width":2000,"thumbnail_height":1125,"description":"P\u00e9nteken, m\u00e1rcius 24-\u00e9n, \u00fajb\u00f3l tal\u00e1lkoz\u00f3ra h\u00edvtak meg benn\u00fcnket Tibor atya \u00e9s a Bar\u00e1ts\u00e1gklub szervez\u0151i, Erika \u00e9s S\u00e1ndor. Ezen a napon megeml\u00e9kezt\u00fcnk az 1848. m\u00e1rcius 15-i forradalom \u00e9s szabads\u00e1gharc 175. \u00e9vfordul\u00f3j\u00e1r\u00f3l. Megh\u00edvott vend\u00e9geink, a Kratochvil K\u00e1roly ny. alt\u00e1bornagy nev\u00e9t visel\u0151 Dal\u00e1rda, katonadalokkal \u00e9s verssel sz\u00ednes\u00edtett\u00e9k az \u00fcnnepi megeml\u00e9kez\u00e9st. A tal\u00e1lkoz\u00f3t a Bruder Klaus templomban kereszt\u00fat im\u00e1dkoz\u00e1s\u00e1val \u00e9s szentmis\u00e9vel kezdt\u00fck, majd \u00e1tvonultunk a k\u00f6z\u00f6ss\u00e9gi terembe, ahol agap\u00e9t tartottunk \u00e9s a ter\u00edtett asztaln\u00e1l az otthonr\u00f3l hozott szendvicseket, \u00e9des \u00e9s s\u00f3s s\u00fctem\u00e9nyeket fogyasztottuk el. Egy PowerPoint-\u00f6ssze\u00e1ll\u00edt\u00e1ssal mutatta be Erika a m\u00e1rcius 15-i esem\u00e9nyeket Pest-Bud\u00e1n. Ezen a napon az eur\u00f3pai v\u00e1rosok sor\u00e1ban n\u00e1lunk is kit\u00f6rt a forradalom \u00e9s a pesti Ellenz\u00e9ki K\u00f6r tagjai, Pet\u0151fi S\u00e1ndor, Vasv\u00e1ri P\u00e1l, J\u00f3kai M\u00f3r \u00e9s Bulyovszky Gyula vezet\u00e9s\u00e9vel a Pilvax k\u00e1v\u00e9h\u00e1zban gy\u00fclekeztek a fiatal \u00e9rtelmis\u00e9giek radik\u00e1lis csoportja, ahol felolvast\u00e1k ki\u00e1ltv\u00e1nyukat. Erika k\u00e9r\u00e9s\u00e9re felolvastuk a forradalm\u00e1rok k\u00f6vetel\u00e9seit tartalmaz\u00f3 Tizenk\u00e9t pontot: \u201eMit k\u00edv\u00e1n a magyar nemzet. Legyen b\u00e9ke, szabads\u00e1g \u00e9s egyet\u00e9rt\u00e9s. K\u00edv\u00e1njuk a sajt\u00f3 szabads\u00e1g\u00e1t, censura elt\u00f6rl\u00e9s\u00e9t. Felel\u0151s ministeriumot Buda-Pesten. \u00c9venkinti orsz\u00e1ggy\u0171l\u00e9st Pesten. T\u00f6rv\u00e9ny el\u0151tti egyenl\u0151s\u00e9get polg\u00e1ri \u00e9s vall\u00e1si tekintetben. Nemzeti \u0151rsereg. K\u00f6z\u00f6s tehervisel\u00e9s. \u00darb\u00e9ri viszonyok megsz\u00fcntet\u00e9se. Esk\u00fcdtsz\u00e9k, k\u00e9pviselet egyenl\u0151s\u00e9g alapj\u00e1n. Nemzeti bank. A katonas\u00e1g esk\u00fcdj\u00e9k meg az alkotm\u00e1nyra, magyar katon\u00e1inkat ne vigy\u00e9k k\u00fclf\u00f6ldre, a k\u00fclf\u00f6ldieket vigy\u00e9k el t\u0151l\u00fcnk. A politikai statusfoglyok szabadon bocs\u00e1ttassanak. Unio Egyenl\u0151s\u00e9g, szabads\u00e1g, testv\u00e9ris\u00e9g.\u201d Judit elszavalta Pet\u0151fi S\u00e1ndor \u201eNemzeti dal\u201d c\u00edm\u0171 vers\u00e9t, amelynek refr\u00e9nj\u00e9t minden versszak ut\u00e1n k\u00f6z\u00f6sen mondtuk el: \u201eA magyarok isten\u00e9re Esk\u00fcsz\u00fcnk, Esk\u00fcsz\u00fcnk, hogy rabok tov\u00e1bb Nem lesz\u00fcnk!\u201c Ezut\u00e1n k\u00f6vetkezett a Dal\u00e1rda el\u0151ad\u00e1sa. Szebbn\u00e9l szebb katonadalokat \u00e9nekelt el a 10-tag\u00fa f\u00e9rfizenekar. Nagy r\u00e9sz\u00e9t ismert\u00fck, \u00edgy egy\u00fctt \u00e9nekelt\u00fcnk a Dal\u00e1rd\u00e1val. Vastapssal k\u00f6sz\u00f6nt\u00fck meg a Dal\u00e1rd\u00e1nak a gy\u00f6ny\u00f6r\u0171 el\u0151ad\u00e1st \u00e9s Fischer J\u00f3zsef lelkes szavalat\u00e1t, aki Pet\u0151fi S\u00e1ndor &#8211; \u201eA Magyar Nemzet\u201d c\u00edm\u0171 verssel ismertetett meg benn\u00fcnket. A Bar\u00e1ts\u00e1gklub tal\u00e1lkoz\u00f3j\u00e1t a szok\u00e1sos n\u00f3t\u00e1z\u00e1ssal fejezt\u00fck be. Zongor\u00e1n k\u00eds\u00e9rt benn\u00fcnket Kov\u00e1cs Edit zongoram\u0171v\u00e9sz\u00fcnk, aki mindig sz\u00edvesen j\u00f6n el k\u00f6z\u00e9nk \u00e9s minden... R\u00e9szletek"}

A Barátságklub március 24-ei találkozó margójára - Stuttgarti Katolikusok

<blockquote class="wp-embedded-content" data-secret="gC42hJjIy9"><a href="https://stuttgarti-katolikusok.de/index.php/a-baratsagklub-marcius-24-ei-talalkozo-margojara/">A Barátságklub március 24-ei találkozó margójára</a></blockquote><iframe sandbox="allow-scripts" security="restricted" src="https://stuttgarti-katolikusok.de/index.php/a-baratsagklub-marcius-24-ei-talalkozo-margojara/embed/#?secret=gC42hJjIy9" width="600" height="338" title="&#8220;A Barátságklub március 24-ei találkozó margójára&#8221; &#8212; Stuttgarti Katolikusok" data-secret="gC42hJjIy9" frameborder="0" marginwidth="0" marginheight="0" scrolling="no" class="wp-embedded-content"></iframe><script type="text/javascript">
/* <![CDATA[ */
/*! This file is auto-generated */
!function(d,l){"use strict";l.querySelector&&d.addEventListener&&"undefined"!=typeof URL&&(d.wp=d.wp||{},d.wp.receiveEmbedMessage||(d.wp.receiveEmbedMessage=function(e){var t=e.data;if((t||t.secret||t.message||t.value)&&!/[^a-zA-Z0-9]/.test(t.secret)){for(var s,r,n,a=l.querySelectorAll('iframe[data-secret="'+t.secret+'"]'),o=l.querySelectorAll('blockquote[data-secret="'+t.secret+'"]'),c=new RegExp("^https?:$","i"),i=0;i<o.length;i++)o[i].style.display="none";for(i=0;i<a.length;i++)s=a[i],e.source===s.contentWindow&&(s.removeAttribute("style"),"height"===t.message?(1e3<(r=parseInt(t.value,10))?r=1e3:~~r<200&&(r=200),s.height=r):"link"===t.message&&(r=new URL(s.getAttribute("src")),n=new URL(t.value),c.test(n.protocol))&&n.host===r.host&&l.activeElement===s&&(d.top.location.href=t.value))}},d.addEventListener("message",d.wp.receiveEmbedMessage,!1),l.addEventListener("DOMContentLoaded",function(){for(var e,t,s=l.querySelectorAll("iframe.wp-embedded-content"),r=0;r<s.length;r++)(t=(e=s[r]).getAttribute("data-secret"))||(t=Math.random().toString(36).substring(2,12),e.src+="#?secret="+t,e.setAttribute("data-secret",t)),e.contentWindow.postMessage({message:"ready",secret:t},"*")},!1)))}(window,document);
//# sourceURL=https://stuttgarti-katolikusok.de/wp-includes/js/wp-embed.min.js
/* ]]> */
</script>

Pénteken, március 24-én, újból találkozóra hívtak meg bennünket Tibor atya és a Barátságklub szervezői, Erika és Sándor. Ezen a napon megemlékeztünk az 1848. március 15-i forradalom és szabadságharc 175. évfordulójáról. Meghívott vendégeink, a Kratochvil Károly ny. altábornagy nevét viselő Dalárda, katonadalokkal és verssel színesítették az ünnepi megemlékezést. A találkozót a Bruder Klaus templomban keresztút imádkozásával és szentmisével kezdtük, majd átvonultunk a közösségi terembe, ahol agapét tartottunk és a terített asztalnál az otthonról hozott szendvicseket, édes és sós süteményeket fogyasztottuk el. Egy PowerPoint-összeállítással mutatta be Erika a március 15-i eseményeket Pest-Budán. Ezen a napon az európai városok sorában nálunk is kitört a forradalom és a pesti Ellenzéki Kör tagjai, Petőfi Sándor, Vasvári Pál, Jókai Mór és Bulyovszky Gyula vezetésével a Pilvax kávéházban gyülekeztek a fiatal értelmiségiek radikális csoportja, ahol felolvasták kiáltványukat. Erika kérésére felolvastuk a forradalmárok követeléseit tartalmazó Tizenkét pontot: „Mit kíván a magyar nemzet. Legyen béke, szabadság és egyetértés. Kívánjuk a sajtó szabadságát, censura eltörlését. Felelős ministeriumot Buda-Pesten. Évenkinti országgyűlést Pesten. Törvény előtti egyenlőséget polgári és vallási tekintetben. Nemzeti őrsereg. Közös teherviselés. Úrbéri viszonyok megszüntetése. Esküdtszék, képviselet egyenlőség alapján. Nemzeti bank. A katonaság esküdjék meg az alkotmányra, magyar katonáinkat ne vigyék külföldre, a külföldieket vigyék el tőlünk. A politikai statusfoglyok szabadon bocsáttassanak. Unio Egyenlőség, szabadság, testvériség.” Judit elszavalta Petőfi Sándor „Nemzeti dal” című versét, amelynek refrénjét minden versszak után közösen mondtuk el: „A magyarok istenére Esküszünk, Esküszünk, hogy rabok tovább Nem leszünk!“ Ezután következett a Dalárda előadása. Szebbnél szebb katonadalokat énekelt el a 10-tagú férfizenekar. Nagy részét ismertük, így együtt énekeltünk a Dalárdával. Vastapssal köszöntük meg a Dalárdának a gyönyörű előadást és Fischer József lelkes szavalatát, aki Petőfi Sándor &#8211; „A Magyar Nemzet” című verssel ismertetett meg bennünket. A Barátságklub találkozóját a szokásos nótázással fejeztük be. Zongorán kísért bennünket Kovács Edit zongoraművészünk, aki mindig szívesen jön el közénk és minden... Részletek
