{"version":"1.0","provider_name":"Stuttgarti Katolikusok","provider_url":"https:\/\/stuttgarti-katolikusok.de","title":"A 2. f\u00e9l\u00e9vre - Stuttgarti Katolikusok","type":"rich","width":600,"height":338,"html":"<blockquote class=\"wp-embedded-content\" data-secret=\"hyHCiLJbCY\"><a href=\"https:\/\/stuttgarti-katolikusok.de\/index.php\/a-2-felevre\/\">A 2. f\u00e9l\u00e9vre<\/a><\/blockquote><iframe sandbox=\"allow-scripts\" security=\"restricted\" src=\"https:\/\/stuttgarti-katolikusok.de\/index.php\/a-2-felevre\/embed\/#?secret=hyHCiLJbCY\" width=\"600\" height=\"338\" title=\"&#8220;A 2. f\u00e9l\u00e9vre&#8221; &#8212; Stuttgarti Katolikusok\" data-secret=\"hyHCiLJbCY\" frameborder=\"0\" marginwidth=\"0\" marginheight=\"0\" scrolling=\"no\" class=\"wp-embedded-content\"><\/iframe><script type=\"text\/javascript\">\n\/* <![CDATA[ *\/\n\/*! This file is auto-generated *\/\n!function(d,l){\"use strict\";l.querySelector&&d.addEventListener&&\"undefined\"!=typeof URL&&(d.wp=d.wp||{},d.wp.receiveEmbedMessage||(d.wp.receiveEmbedMessage=function(e){var t=e.data;if((t||t.secret||t.message||t.value)&&!\/[^a-zA-Z0-9]\/.test(t.secret)){for(var s,r,n,a=l.querySelectorAll('iframe[data-secret=\"'+t.secret+'\"]'),o=l.querySelectorAll('blockquote[data-secret=\"'+t.secret+'\"]'),c=new RegExp(\"^https?:$\",\"i\"),i=0;i<o.length;i++)o[i].style.display=\"none\";for(i=0;i<a.length;i++)s=a[i],e.source===s.contentWindow&&(s.removeAttribute(\"style\"),\"height\"===t.message?(1e3<(r=parseInt(t.value,10))?r=1e3:~~r<200&&(r=200),s.height=r):\"link\"===t.message&&(r=new URL(s.getAttribute(\"src\")),n=new URL(t.value),c.test(n.protocol))&&n.host===r.host&&l.activeElement===s&&(d.top.location.href=t.value))}},d.addEventListener(\"message\",d.wp.receiveEmbedMessage,!1),l.addEventListener(\"DOMContentLoaded\",function(){for(var e,t,s=l.querySelectorAll(\"iframe.wp-embedded-content\"),r=0;r<s.length;r++)(t=(e=s[r]).getAttribute(\"data-secret\"))||(t=Math.random().toString(36).substring(2,12),e.src+=\"#?secret=\"+t,e.setAttribute(\"data-secret\",t)),e.contentWindow.postMessage({message:\"ready\",secret:t},\"*\")},!1)))}(window,document);\n\/\/# sourceURL=https:\/\/stuttgarti-katolikusok.de\/wp-includes\/js\/wp-embed.min.js\n\/* ]]> *\/\n<\/script>\n","description":"+! Kedves Bar\u00e1taim! Azt mondj\u00e1k: &#8222;Nem azok a b\u00e1tor emberek, akik \u00e1lmodj\u00e1k az \u00e9letet, hanem azok az igazi b\u00e1trak, akik \u00e9lik \u00e1lmaikat!&#8221; Van ebben a mondatban egy j\u00f3 adag kih\u00edv\u00e1s, nem csoda, hogy \u00e9n is azok k\u00f6z\u00e9 szeretn\u00e9k tartozni \u2013 lehet\u0151leg mindig! -, akik nem csak \u00e1lmodj\u00e1k \u00e9let\u00fcket, de \u00e9lik is \u00e1lmaikat. S\u0151t, azt szeretn\u00e9m, hogy ha Ti is, valamennyien ilyen emberek lenn\u00e9tek! Ugyanis ilyen b\u00e1tor emberekre van sz\u0151ks\u00e9ge a Stuttgarti Magyar Katolikus Egyh\u00e1zk\u00f6zs\u00e9gnek, \u00e9s benne a 15 r\u00e9szegyh\u00e1zk\u00f6zs\u00e9g\u00fcnknek. Hogy k\u00f6nnyebben megval\u00f3s\u00edthassuk e f\u00e9l\u00e9vi \u00e1lmainkat, meg azt\u00e1n, hogy egy ir\u00e1nyba h\u00fazzunk, engedj\u00e9tek meg, hogy felv\u00e1zoljam el\u0151ttetek teend\u0151inket. Az elk\u00f6vetkez\u0151 f\u00e9l\u00e9vben a k\u00f6vetkez\u0151 egyh\u00e1zk\u00f6zs\u00e9gi esem\u00e9nyekre illetve rendezv\u00e9nyeinkre h\u00edvn\u00e1m fel sz\u00edves figyelmeteket: Szeptember 28-\u00e1n, szombaton: Szent Istv\u00e1n kir\u00e1lyunk eml\u00e9knapja. A r\u00e9gi liturgikus napt\u00e1r szerint ugyanis szeptemberben \u00fcnnepelt\u00fck \u0151t. Istv\u00e1n kir\u00e1lyunkat a heidenheimi r\u00e9szegyh\u00e1zk\u00f6zs\u00e9g\u00fcnk v\u00e1lasztotta v\u00e9d\u0151szentj\u00e9\u00fcl, ez\u00e9rt n\u00e1luk templomb\u00facs\u00fa. A szentmise 15.30 \u00f3rakor lesz, ut\u00e1na pedig szeretetvend\u00e9gs\u00e9gre h\u00edvnak mindenkit. A k\u00f6rny\u00e9kbeli h\u00edveinket k\u00fcl\u00f6n\u00f6sk\u00e9ppel elv\u00e1rjuk! Okt\u00f3ber 13-\u00e1n, vas\u00e1rnap tartja Ulmi R\u00e9szegyh\u00e1zk\u00f6zs\u00e9g\u00fcnk a templomb\u00facs\u00faj\u00e1t, Magyarok Nagyasszonya \u00fcnnep\u00e9t. A szentmise 15.00 \u00f3rakor kezd\u0151dik, ut\u00e1na pedig szeretetvend\u00e9gs\u00e9g. Mindenkit szeretettel v\u00e1runk! K\u00fcl\u00f6n\u00f6sen azokat, akik Ulmhoz k\u00f6zel laknak! Okt\u00f3ber 20-\u00e1n, vas\u00e1rnap tartjuk Stuttgartban Nemzeti \u00dcnnep\u00fcnket. Az \u00fcnnepi szentmise, amelyen Nt. G\u00e9mes P\u00e1l lelk\u00e9sz hirdet ig\u00e9t, 15.00 \u00f3rakor lesz a Bruder-Klaus templomban. Ut\u00e1na \u00fcnnepi m\u0171sor, majd \u00e1ll\u00f3fogad\u00e1s. Min\u00e9l t\u00f6bben gyertek el! November 1-\u00e9n, p\u00e9nteken, Mindenszentek \u00fcnnep\u00e9n, temet\u0151l\u00e1togat\u00e1s a gablenbergi illetve a weingarteni temet\u0151kben. K\u00e9rj\u00fck a t\u00f6bbi egyh\u00e1zk\u00f6zs\u00e9gben lak\u00f3 h\u00edveinket, hogy menjenek el \u0151k is a helyb\u00e9li temet\u00fcbe, \u00e9s im\u00e1dkozzanak elhunytjaik lelki \u00fcdv\u00e9\u00e9rt! November 9-\u00e9n, vas\u00e1rnap Weingartenben Szent Imre \u00fcnnepe, templomb\u00facs\u00fa. A 16.00 \u00f3rakor kezd\u0151d\u0151 szentmise ut\u00e1n eg\u00e9sz estig bar\u00e1ti egy\u00fcttl\u00e9t \u00e9s \u00e1g\u00e1p\u00e9. K\u00e9rj\u00fck els\u0151sorban a friedrichshafeni, munderkingeni, biberachi \u00e9s ulmi H\u00edveinket, hogy \u0151k is j\u00f6jjenek el a templomb\u00facs\u00fara! Viszont ha m\u00e1s r\u00e9szegyh\u00e1zk\u00f6zs\u00e9gekb\u0151l is akadn\u00e1nak \u00e9rdekl\u0151d\u0151k, szervezz\u00e9tek meg az odautaz\u00e1st! November 23-\u00e1n, szombaton Reutlingenben \u00c1rp\u00e1dh\u00e1zi Szent Erzs\u00e9bet \u00fcnnepe, templomb\u00facs\u00fa. Az \u00fcnnepi... R\u00e9szletek"}

A 2. félévre - Stuttgarti Katolikusok

<blockquote class="wp-embedded-content" data-secret="hyHCiLJbCY"><a href="https://stuttgarti-katolikusok.de/index.php/a-2-felevre/">A 2. félévre</a></blockquote><iframe sandbox="allow-scripts" security="restricted" src="https://stuttgarti-katolikusok.de/index.php/a-2-felevre/embed/#?secret=hyHCiLJbCY" width="600" height="338" title="&#8220;A 2. félévre&#8221; &#8212; Stuttgarti Katolikusok" data-secret="hyHCiLJbCY" frameborder="0" marginwidth="0" marginheight="0" scrolling="no" class="wp-embedded-content"></iframe><script type="text/javascript">
/* <![CDATA[ */
/*! This file is auto-generated */
!function(d,l){"use strict";l.querySelector&&d.addEventListener&&"undefined"!=typeof URL&&(d.wp=d.wp||{},d.wp.receiveEmbedMessage||(d.wp.receiveEmbedMessage=function(e){var t=e.data;if((t||t.secret||t.message||t.value)&&!/[^a-zA-Z0-9]/.test(t.secret)){for(var s,r,n,a=l.querySelectorAll('iframe[data-secret="'+t.secret+'"]'),o=l.querySelectorAll('blockquote[data-secret="'+t.secret+'"]'),c=new RegExp("^https?:$","i"),i=0;i<o.length;i++)o[i].style.display="none";for(i=0;i<a.length;i++)s=a[i],e.source===s.contentWindow&&(s.removeAttribute("style"),"height"===t.message?(1e3<(r=parseInt(t.value,10))?r=1e3:~~r<200&&(r=200),s.height=r):"link"===t.message&&(r=new URL(s.getAttribute("src")),n=new URL(t.value),c.test(n.protocol))&&n.host===r.host&&l.activeElement===s&&(d.top.location.href=t.value))}},d.addEventListener("message",d.wp.receiveEmbedMessage,!1),l.addEventListener("DOMContentLoaded",function(){for(var e,t,s=l.querySelectorAll("iframe.wp-embedded-content"),r=0;r<s.length;r++)(t=(e=s[r]).getAttribute("data-secret"))||(t=Math.random().toString(36).substring(2,12),e.src+="#?secret="+t,e.setAttribute("data-secret",t)),e.contentWindow.postMessage({message:"ready",secret:t},"*")},!1)))}(window,document);
//# sourceURL=https://stuttgarti-katolikusok.de/wp-includes/js/wp-embed.min.js
/* ]]> */
</script>

+! Kedves Barátaim! Azt mondják: &#8222;Nem azok a bátor emberek, akik álmodják az életet, hanem azok az igazi bátrak, akik élik álmaikat!&#8221; Van ebben a mondatban egy jó adag kihívás, nem csoda, hogy én is azok közé szeretnék tartozni – lehetőleg mindig! -, akik nem csak álmodják életüket, de élik is álmaikat. Sőt, azt szeretném, hogy ha Ti is, valamennyien ilyen emberek lennétek! Ugyanis ilyen bátor emberekre van szőksége a Stuttgarti Magyar Katolikus Egyházközségnek, és benne a 15 részegyházközségünknek. Hogy könnyebben megvalósíthassuk e félévi álmainkat, meg aztán, hogy egy irányba húzzunk, engedjétek meg, hogy felvázoljam előttetek teendőinket. Az elkövetkező félévben a következő egyházközségi eseményekre illetve rendezvényeinkre hívnám fel szíves figyelmeteket: Szeptember 28-án, szombaton: Szent István királyunk emléknapja. A régi liturgikus naptár szerint ugyanis szeptemberben ünnepeltük őt. István királyunkat a heidenheimi részegyházközségünk választotta védőszentjéül, ezért náluk templombúcsú. A szentmise 15.30 órakor lesz, utána pedig szeretetvendégségre hívnak mindenkit. A környékbeli híveinket különösképpel elvárjuk! Október 13-án, vasárnap tartja Ulmi Részegyházközségünk a templombúcsúját, Magyarok Nagyasszonya ünnepét. A szentmise 15.00 órakor kezdődik, utána pedig szeretetvendégség. Mindenkit szeretettel várunk! Különösen azokat, akik Ulmhoz közel laknak! Október 20-án, vasárnap tartjuk Stuttgartban Nemzeti Ünnepünket. Az ünnepi szentmise, amelyen Nt. Gémes Pál lelkész hirdet igét, 15.00 órakor lesz a Bruder-Klaus templomban. Utána ünnepi műsor, majd állófogadás. Minél többen gyertek el! November 1-én, pénteken, Mindenszentek ünnepén, temetőlátogatás a gablenbergi illetve a weingarteni temetőkben. Kérjük a többi egyházközségben lakó híveinket, hogy menjenek el ők is a helybéli temetübe, és imádkozzanak elhunytjaik lelki üdvéért! November 9-én, vasárnap Weingartenben Szent Imre ünnepe, templombúcsú. A 16.00 órakor kezdődő szentmise után egész estig baráti együttlét és ágápé. Kérjük elsősorban a friedrichshafeni, munderkingeni, biberachi és ulmi Híveinket, hogy ők is jöjjenek el a templombúcsúra! Viszont ha más részegyházközségekből is akadnának érdeklődők, szervezzétek meg az odautazást! November 23-án, szombaton Reutlingenben Árpádházi Szent Erzsébet ünnepe, templombúcsú. Az ünnepi... Részletek
