{"version":"1.0","provider_name":"Stuttgarti Katolikusok","provider_url":"https:\/\/stuttgarti-katolikusok.de","title":"51. Stuttgarti Magyar Katolikus J\u00f3t\u00e9konys\u00e1gi B\u00e1l megh\u00edv\u00f3ja - Stuttgarti Katolikusok","type":"rich","width":600,"height":338,"html":"<blockquote class=\"wp-embedded-content\" data-secret=\"RAfDfBWNMY\"><a href=\"https:\/\/stuttgarti-katolikusok.de\/index.php\/51-stuttgarti-magyar-katolikus-bal-meghivoja\/\">51. Stuttgarti Magyar Katolikus J\u00f3t\u00e9konys\u00e1gi B\u00e1l megh\u00edv\u00f3ja<\/a><\/blockquote><iframe sandbox=\"allow-scripts\" security=\"restricted\" src=\"https:\/\/stuttgarti-katolikusok.de\/index.php\/51-stuttgarti-magyar-katolikus-bal-meghivoja\/embed\/#?secret=RAfDfBWNMY\" width=\"600\" height=\"338\" title=\"&#8220;51. Stuttgarti Magyar Katolikus J\u00f3t\u00e9konys\u00e1gi B\u00e1l megh\u00edv\u00f3ja&#8221; &#8212; Stuttgarti Katolikusok\" data-secret=\"RAfDfBWNMY\" frameborder=\"0\" marginwidth=\"0\" marginheight=\"0\" scrolling=\"no\" class=\"wp-embedded-content\"><\/iframe><script type=\"text\/javascript\">\n\/* <![CDATA[ *\/\n\/*! This file is auto-generated *\/\n!function(d,l){\"use strict\";l.querySelector&&d.addEventListener&&\"undefined\"!=typeof URL&&(d.wp=d.wp||{},d.wp.receiveEmbedMessage||(d.wp.receiveEmbedMessage=function(e){var t=e.data;if((t||t.secret||t.message||t.value)&&!\/[^a-zA-Z0-9]\/.test(t.secret)){for(var s,r,n,a=l.querySelectorAll('iframe[data-secret=\"'+t.secret+'\"]'),o=l.querySelectorAll('blockquote[data-secret=\"'+t.secret+'\"]'),c=new RegExp(\"^https?:$\",\"i\"),i=0;i<o.length;i++)o[i].style.display=\"none\";for(i=0;i<a.length;i++)s=a[i],e.source===s.contentWindow&&(s.removeAttribute(\"style\"),\"height\"===t.message?(1e3<(r=parseInt(t.value,10))?r=1e3:~~r<200&&(r=200),s.height=r):\"link\"===t.message&&(r=new URL(s.getAttribute(\"src\")),n=new URL(t.value),c.test(n.protocol))&&n.host===r.host&&l.activeElement===s&&(d.top.location.href=t.value))}},d.addEventListener(\"message\",d.wp.receiveEmbedMessage,!1),l.addEventListener(\"DOMContentLoaded\",function(){for(var e,t,s=l.querySelectorAll(\"iframe.wp-embedded-content\"),r=0;r<s.length;r++)(t=(e=s[r]).getAttribute(\"data-secret\"))||(t=Math.random().toString(36).substring(2,12),e.src+=\"#?secret=\"+t,e.setAttribute(\"data-secret\",t)),e.contentWindow.postMessage({message:\"ready\",secret:t},\"*\")},!1)))}(window,document);\n\/\/# sourceURL=https:\/\/stuttgarti-katolikusok.de\/wp-includes\/js\/wp-embed.min.js\n\/* ]]> *\/\n<\/script>\n","thumbnail_url":"https:\/\/stuttgarti-katolikusok.de\/wp-content\/uploads\/2025\/11\/kepernyokep.png","thumbnail_width":467,"thumbnail_height":441,"description":"A b\u00e1li jegyek elfogytak!!! &nbsp; A\u00a0 helysz\u00ednen NEM LEHETS\u00c9GES JEGYET V\u00c1LTANI! Ett\u0151l f\u00fcggetlen\u00fcl \u00fajra k\u00f6zz\u00e9 tessz\u00fck felh\u00edv\u00e1sunkat. K\u00e9r\u00fcnk mindenkit, akik jegyet v\u00e1ltottak, olvass\u00e1k el ism\u00e9telten megh\u00edv\u00f3nkat, hogy az ott le\u00edrtak szerint lehess\u00fcnk egy\u00fctt ezen az est\u00e9n. Egyh\u00e1zk\u00f6zs\u00e9g\u00fcnk \u00e9s rendez\u0151ink\/szervez\u0151ink nev\u00e9ben k\u00f6sz\u00f6nj\u00fck sz\u00edves meg\u00e9rt\u00e9seteket. &nbsp; 2026. janu\u00e1r 31-\u00e9n ism\u00e9telten Fellbachban, a Schwabenland Halle-ban, imm\u00e1r 51-ik alkalommal tartjuk meg J\u00f3t\u00e9konys\u00e1gi B\u00e1lunkat. (Jegyek \u00e9rt\u00e9kes\u00edt\u00e9s\u00e9vel kapcsolatos hasznos inform\u00e1ci\u00f3kat az al\u00e1bbi linken tal\u00e1ltok\/ez am\u00fagy honlapunk nyit\u00f3oldala:) You are currently viewing a placeholder content from Default. To access the actual content, click the button below. Please note that doing so will share data with third-party providers. Unblock content Accept required service and unblock content More Information Fogadj\u00e1tok szeretettel b\u00e1li megh\u00edv\u00f3nkat:"}

51. Stuttgarti Magyar Katolikus Jótékonysági Bál meghívója - Stuttgarti Katolikusok

<blockquote class="wp-embedded-content" data-secret="RAfDfBWNMY"><a href="https://stuttgarti-katolikusok.de/index.php/51-stuttgarti-magyar-katolikus-bal-meghivoja/">51. Stuttgarti Magyar Katolikus Jótékonysági Bál meghívója</a></blockquote><iframe sandbox="allow-scripts" security="restricted" src="https://stuttgarti-katolikusok.de/index.php/51-stuttgarti-magyar-katolikus-bal-meghivoja/embed/#?secret=RAfDfBWNMY" width="600" height="338" title="&#8220;51. Stuttgarti Magyar Katolikus Jótékonysági Bál meghívója&#8221; &#8212; Stuttgarti Katolikusok" data-secret="RAfDfBWNMY" frameborder="0" marginwidth="0" marginheight="0" scrolling="no" class="wp-embedded-content"></iframe><script type="text/javascript">
/* <![CDATA[ */
/*! This file is auto-generated */
!function(d,l){"use strict";l.querySelector&&d.addEventListener&&"undefined"!=typeof URL&&(d.wp=d.wp||{},d.wp.receiveEmbedMessage||(d.wp.receiveEmbedMessage=function(e){var t=e.data;if((t||t.secret||t.message||t.value)&&!/[^a-zA-Z0-9]/.test(t.secret)){for(var s,r,n,a=l.querySelectorAll('iframe[data-secret="'+t.secret+'"]'),o=l.querySelectorAll('blockquote[data-secret="'+t.secret+'"]'),c=new RegExp("^https?:$","i"),i=0;i<o.length;i++)o[i].style.display="none";for(i=0;i<a.length;i++)s=a[i],e.source===s.contentWindow&&(s.removeAttribute("style"),"height"===t.message?(1e3<(r=parseInt(t.value,10))?r=1e3:~~r<200&&(r=200),s.height=r):"link"===t.message&&(r=new URL(s.getAttribute("src")),n=new URL(t.value),c.test(n.protocol))&&n.host===r.host&&l.activeElement===s&&(d.top.location.href=t.value))}},d.addEventListener("message",d.wp.receiveEmbedMessage,!1),l.addEventListener("DOMContentLoaded",function(){for(var e,t,s=l.querySelectorAll("iframe.wp-embedded-content"),r=0;r<s.length;r++)(t=(e=s[r]).getAttribute("data-secret"))||(t=Math.random().toString(36).substring(2,12),e.src+="#?secret="+t,e.setAttribute("data-secret",t)),e.contentWindow.postMessage({message:"ready",secret:t},"*")},!1)))}(window,document);
//# sourceURL=https://stuttgarti-katolikusok.de/wp-includes/js/wp-embed.min.js
/* ]]> */
</script>

A báli jegyek elfogytak!!! &nbsp; A  helyszínen NEM LEHETSÉGES JEGYET VÁLTANI! Ettől függetlenül újra közzé tesszük felhívásunkat. Kérünk mindenkit, akik jegyet váltottak, olvassák el ismételten meghívónkat, hogy az ott leírtak szerint lehessünk együtt ezen az estén. Egyházközségünk és rendezőink/szervezőink nevében köszönjük szíves megértéseteket. &nbsp; 2026. január 31-én ismételten Fellbachban, a Schwabenland Halle-ban, immár 51-ik alkalommal tartjuk meg Jótékonysági Bálunkat. (Jegyek értékesítésével kapcsolatos hasznos információkat az alábbi linken találtok/ez amúgy honlapunk nyitóoldala:) You are currently viewing a placeholder content from Default. To access the actual content, click the button below. Please note that doing so will share data with third-party providers. Unblock content Accept required service and unblock content More Information Fogadjátok szeretettel báli meghívónkat:
