{"version":"1.0","provider_name":"Stuttgarti Katolikusok","provider_url":"https:\/\/stuttgarti-katolikusok.de","title":"2025. OKT\u00d3BER 6 \u00c9S 12 K\u00d6Z\u00d6TT - Stuttgarti Katolikusok","type":"rich","width":600,"height":338,"html":"<blockquote class=\"wp-embedded-content\" data-secret=\"YYyIgYQdlV\"><a href=\"https:\/\/stuttgarti-katolikusok.de\/index.php\/31769\/\">2025. OKT\u00d3BER 6 \u00c9S 12 K\u00d6Z\u00d6TT<\/a><\/blockquote><iframe sandbox=\"allow-scripts\" security=\"restricted\" src=\"https:\/\/stuttgarti-katolikusok.de\/index.php\/31769\/embed\/#?secret=YYyIgYQdlV\" width=\"600\" height=\"338\" title=\"&#8220;2025. OKT\u00d3BER 6 \u00c9S 12 K\u00d6Z\u00d6TT&#8221; &#8212; Stuttgarti Katolikusok\" data-secret=\"YYyIgYQdlV\" frameborder=\"0\" marginwidth=\"0\" marginheight=\"0\" scrolling=\"no\" class=\"wp-embedded-content\"><\/iframe><script type=\"text\/javascript\">\n\/* <![CDATA[ *\/\n\/*! This file is auto-generated *\/\n!function(d,l){\"use strict\";l.querySelector&&d.addEventListener&&\"undefined\"!=typeof URL&&(d.wp=d.wp||{},d.wp.receiveEmbedMessage||(d.wp.receiveEmbedMessage=function(e){var t=e.data;if((t||t.secret||t.message||t.value)&&!\/[^a-zA-Z0-9]\/.test(t.secret)){for(var s,r,n,a=l.querySelectorAll('iframe[data-secret=\"'+t.secret+'\"]'),o=l.querySelectorAll('blockquote[data-secret=\"'+t.secret+'\"]'),c=new RegExp(\"^https?:$\",\"i\"),i=0;i<o.length;i++)o[i].style.display=\"none\";for(i=0;i<a.length;i++)s=a[i],e.source===s.contentWindow&&(s.removeAttribute(\"style\"),\"height\"===t.message?(1e3<(r=parseInt(t.value,10))?r=1e3:~~r<200&&(r=200),s.height=r):\"link\"===t.message&&(r=new URL(s.getAttribute(\"src\")),n=new URL(t.value),c.test(n.protocol))&&n.host===r.host&&l.activeElement===s&&(d.top.location.href=t.value))}},d.addEventListener(\"message\",d.wp.receiveEmbedMessage,!1),l.addEventListener(\"DOMContentLoaded\",function(){for(var e,t,s=l.querySelectorAll(\"iframe.wp-embedded-content\"),r=0;r<s.length;r++)(t=(e=s[r]).getAttribute(\"data-secret\"))||(t=Math.random().toString(36).substring(2,12),e.src+=\"#?secret=\"+t,e.setAttribute(\"data-secret\",t)),e.contentWindow.postMessage({message:\"ready\",secret:t},\"*\")},!1)))}(window,document);\n\/\/# sourceURL=https:\/\/stuttgarti-katolikusok.de\/wp-includes\/js\/wp-embed.min.js\n\/* ]]> *\/\n<\/script>\n","thumbnail_url":"https:\/\/stuttgarti-katolikusok.de\/wp-content\/uploads\/2022\/10\/baratom-november.jpg","thumbnail_width":1600,"thumbnail_height":1066,"description":"Programel\u0151zetes * Okt\u00f3ber 9-\u00e9n, cs\u00fct\u00f6rt\u00f6k\u00f6n, Weingarteni d\u00e9lut\u00e1n, a 14 Nothelfer Kapelle-ben 17.30 \u00f3rakor r\u00f3zsaf\u00fcz\u00e9r im\u00e1ds\u00e1g \u00e9s okt\u00f3beri \u00e1jtatoss\u00e1g, majd 18.00 \u00f3rakor szentmise, keret\u00e9ben katek\u00e9zis. \u00a0* Okt\u00f3ber 10-\u00e9n,\u00a0p\u00e9nteken, Stuttgarti d\u00e9lut\u00e1n, 17.30 \u00f3rakor r\u00f3zsaf\u00fcz\u00e9r im\u00e1ds\u00e1g \u00e9s okt\u00f3beri \u00e1jtatoss\u00e1g,\u00a0majd 18.00 \u00f3rakor szentmise, keret\u00e9ben katek\u00e9zis. \u00a0* \u00c9vk\u00f6zi 28. vas\u00e1rnap Okt\u00f3ber 11-\u00e9n, szombaton, Munderkingenben 16.00 \u00f3rakor szentmise, ut\u00e1na agap\u00e9. Biberachban NINCS szentmise!!! (V\u00e1runk benneteket Munderkingenbe!) * Okt\u00f3ber 12-\u00e9n, \u00c9vk\u00f6zi 28. vas\u00e1rnap, Weingartenben NINCS szentmise!!! (V\u00e1runk benneteket Friedrichshafenbe!) Friedrichshafenben 10.15 \u00f3rakor szentmise, ut\u00e1na agap\u00e9. Ulmban 15.00 \u00f3rakor egyh\u00e1zk\u00f6zs\u00e9gi b\u00facs\u00fas szentmise, melyben Magyarok Nagyasszony\u00e1t k\u00f6sz\u00f6ntj\u00fck, ut\u00e1na agap\u00e9.\u00a0 * \u00a0\u00a0* Minden helyen mindenkit szeretettel v\u00e1r a k\u00f6z\u00f6ss\u00e9g \u00e9s Tibor atya! * * \u201eSzeretet n\u00e9lk\u00fcl magunk sz\u00e1m\u00e1ra is csak teher vagyunk. A szeretetben viszont egym\u00e1st is tudjuk hordozni.\u201d\u00a0(Szent \u00c1goston \u2013 egyh\u00e1zatya &#8211; 354 \u2013 430) Sz\u00e9p \u0151szi napokat, j\u00f3 munk\u00e1t, tartalmas besz\u00e9lget\u00e9seket \u00e9s \u00f6r\u00f6mteli tal\u00e1lkoz\u00e1sokat k\u00edv\u00e1nunk minden kedves H\u00edv\u00fcnknek! (K\u00e9pek forr\u00e1sa: Instagram)"}

2025. OKTÓBER 6 ÉS 12 KÖZÖTT - Stuttgarti Katolikusok

<blockquote class="wp-embedded-content" data-secret="YYyIgYQdlV"><a href="https://stuttgarti-katolikusok.de/index.php/31769/">2025. OKTÓBER 6 ÉS 12 KÖZÖTT</a></blockquote><iframe sandbox="allow-scripts" security="restricted" src="https://stuttgarti-katolikusok.de/index.php/31769/embed/#?secret=YYyIgYQdlV" width="600" height="338" title="&#8220;2025. OKTÓBER 6 ÉS 12 KÖZÖTT&#8221; &#8212; Stuttgarti Katolikusok" data-secret="YYyIgYQdlV" frameborder="0" marginwidth="0" marginheight="0" scrolling="no" class="wp-embedded-content"></iframe><script type="text/javascript">
/* <![CDATA[ */
/*! This file is auto-generated */
!function(d,l){"use strict";l.querySelector&&d.addEventListener&&"undefined"!=typeof URL&&(d.wp=d.wp||{},d.wp.receiveEmbedMessage||(d.wp.receiveEmbedMessage=function(e){var t=e.data;if((t||t.secret||t.message||t.value)&&!/[^a-zA-Z0-9]/.test(t.secret)){for(var s,r,n,a=l.querySelectorAll('iframe[data-secret="'+t.secret+'"]'),o=l.querySelectorAll('blockquote[data-secret="'+t.secret+'"]'),c=new RegExp("^https?:$","i"),i=0;i<o.length;i++)o[i].style.display="none";for(i=0;i<a.length;i++)s=a[i],e.source===s.contentWindow&&(s.removeAttribute("style"),"height"===t.message?(1e3<(r=parseInt(t.value,10))?r=1e3:~~r<200&&(r=200),s.height=r):"link"===t.message&&(r=new URL(s.getAttribute("src")),n=new URL(t.value),c.test(n.protocol))&&n.host===r.host&&l.activeElement===s&&(d.top.location.href=t.value))}},d.addEventListener("message",d.wp.receiveEmbedMessage,!1),l.addEventListener("DOMContentLoaded",function(){for(var e,t,s=l.querySelectorAll("iframe.wp-embedded-content"),r=0;r<s.length;r++)(t=(e=s[r]).getAttribute("data-secret"))||(t=Math.random().toString(36).substring(2,12),e.src+="#?secret="+t,e.setAttribute("data-secret",t)),e.contentWindow.postMessage({message:"ready",secret:t},"*")},!1)))}(window,document);
//# sourceURL=https://stuttgarti-katolikusok.de/wp-includes/js/wp-embed.min.js
/* ]]> */
</script>

Programelőzetes * Október 9-én, csütörtökön, Weingarteni délután, a 14 Nothelfer Kapelle-ben 17.30 órakor rózsafüzér imádság és októberi ájtatosság, majd 18.00 órakor szentmise, keretében katekézis.  * Október 10-én, pénteken, Stuttgarti délután, 17.30 órakor rózsafüzér imádság és októberi ájtatosság, majd 18.00 órakor szentmise, keretében katekézis.  * Évközi 28. vasárnap Október 11-én, szombaton, Munderkingenben 16.00 órakor szentmise, utána agapé. Biberachban NINCS szentmise!!! (Várunk benneteket Munderkingenbe!) * Október 12-én, Évközi 28. vasárnap, Weingartenben NINCS szentmise!!! (Várunk benneteket Friedrichshafenbe!) Friedrichshafenben 10.15 órakor szentmise, utána agapé. Ulmban 15.00 órakor egyházközségi búcsús szentmise, melyben Magyarok Nagyasszonyát köszöntjük, utána agapé.  *   * Minden helyen mindenkit szeretettel vár a közösség és Tibor atya! * * „Szeretet nélkül magunk számára is csak teher vagyunk. A szeretetben viszont egymást is tudjuk hordozni.” (Szent Ágoston – egyházatya &#8211; 354 – 430) Szép őszi napokat, jó munkát, tartalmas beszélgetéseket és örömteli találkozásokat kívánunk minden kedves Hívünknek! (Képek forrása: Instagram)
