{"version":"1.0","provider_name":"Stuttgarti Katolikusok","provider_url":"https:\/\/stuttgarti-katolikusok.de","title":"2025. \u00c1PRILIS 28 \u00c9S M\u00c1JUS 4 K\u00d6Z\u00d6TT - Stuttgarti Katolikusok","type":"rich","width":600,"height":338,"html":"<blockquote class=\"wp-embedded-content\" data-secret=\"RutFs6oyFi\"><a href=\"https:\/\/stuttgarti-katolikusok.de\/index.php\/30871\/\">2025. \u00c1PRILIS 28 \u00c9S M\u00c1JUS 4 K\u00d6Z\u00d6TT<\/a><\/blockquote><iframe sandbox=\"allow-scripts\" security=\"restricted\" src=\"https:\/\/stuttgarti-katolikusok.de\/index.php\/30871\/embed\/#?secret=RutFs6oyFi\" width=\"600\" height=\"338\" title=\"&#8220;2025. \u00c1PRILIS 28 \u00c9S M\u00c1JUS 4 K\u00d6Z\u00d6TT&#8221; &#8212; Stuttgarti Katolikusok\" data-secret=\"RutFs6oyFi\" frameborder=\"0\" marginwidth=\"0\" marginheight=\"0\" scrolling=\"no\" class=\"wp-embedded-content\"><\/iframe><script type=\"text\/javascript\">\n\/* <![CDATA[ *\/\n\/*! This file is auto-generated *\/\n!function(d,l){\"use strict\";l.querySelector&&d.addEventListener&&\"undefined\"!=typeof URL&&(d.wp=d.wp||{},d.wp.receiveEmbedMessage||(d.wp.receiveEmbedMessage=function(e){var t=e.data;if((t||t.secret||t.message||t.value)&&!\/[^a-zA-Z0-9]\/.test(t.secret)){for(var s,r,n,a=l.querySelectorAll('iframe[data-secret=\"'+t.secret+'\"]'),o=l.querySelectorAll('blockquote[data-secret=\"'+t.secret+'\"]'),c=new RegExp(\"^https?:$\",\"i\"),i=0;i<o.length;i++)o[i].style.display=\"none\";for(i=0;i<a.length;i++)s=a[i],e.source===s.contentWindow&&(s.removeAttribute(\"style\"),\"height\"===t.message?(1e3<(r=parseInt(t.value,10))?r=1e3:~~r<200&&(r=200),s.height=r):\"link\"===t.message&&(r=new URL(s.getAttribute(\"src\")),n=new URL(t.value),c.test(n.protocol))&&n.host===r.host&&l.activeElement===s&&(d.top.location.href=t.value))}},d.addEventListener(\"message\",d.wp.receiveEmbedMessage,!1),l.addEventListener(\"DOMContentLoaded\",function(){for(var e,t,s=l.querySelectorAll(\"iframe.wp-embedded-content\"),r=0;r<s.length;r++)(t=(e=s[r]).getAttribute(\"data-secret\"))||(t=Math.random().toString(36).substring(2,12),e.src+=\"#?secret=\"+t,e.setAttribute(\"data-secret\",t)),e.contentWindow.postMessage({message:\"ready\",secret:t},\"*\")},!1)))}(window,document);\n\/\/# sourceURL=https:\/\/stuttgarti-katolikusok.de\/wp-includes\/js\/wp-embed.min.js\n\/* ]]> *\/\n<\/script>\n","thumbnail_url":"https:\/\/stuttgarti-katolikusok.de\/wp-content\/uploads\/2025\/04\/screenshot-101.jpg","thumbnail_width":1540,"thumbnail_height":873,"description":"Programel\u0151zetes \u00a0* M\u00e1jus 1-j\u00e9n, cs\u00fct\u00f6rt\u00f6k\u00f6n, Szent J\u00f3zsef a munk\u00e1s \u00fcnnepe. Weingartenben 10.00 \u00f3rakor szentmise a 14 Nothelfer Kapelle-ben. \u00a0* M\u00e1jus 2-\u00e1n, p\u00e9nteken, Stuttgarti d\u00e9lut\u00e1n, 17.30 \u00f3rakor r\u00f3zsaf\u00fcz\u00e9rt im\u00e1dkozunk, 18.00 \u00f3rakor szentmise \u00e9s m\u00e1jusi \u00e1jtatoss\u00e1g. \u00a0* M\u00e1jus 3-\u00e1n, szombaton, Balingenben 16.00 \u00f3rakor szentmise, ut\u00e1na agap\u00e9. A szentmise keret\u00e9ben k\u00f6sz\u00f6ntj\u00fck az \u00e9desany\u00e1kat, nagymam\u00e1kat. * M\u00e1jus 4-\u00e9n, H\u00fasv\u00e9t 3. vas\u00e1rnapja, Any\u00e1k napja Schw\u00e4bisch-Gm\u00fcndben 9.30 \u00f3rakor szentmise, ut\u00e1na agap\u00e9. Egyben k\u00f6z\u00f6ss\u00e9g\u00fcnk v\u00e9d\u0151szentj\u00e9t, Boldog Bajor Gizell\u00e1t k\u00f6sz\u00f6ntj\u00fck, k\u00f6zs\u00e9g\u00fcnk b\u00facs\u00fa\u00fcnnep\u00e9t is \u00fclj\u00fck. (Miseruha r\u00e9szlet &#8211; Sab\u0103u-Trifu Cristina) Stuttgartban 15.00 \u00f3rakor gyermek-istentisztelet, szentmise, ut\u00e1na agap\u00e9. Gyermekeink k\u00f6sz\u00f6ntik az \u00e9desany\u00e1kat, nagymam\u00e1kat. * Minden helyen mindenkit szeretettel v\u00e1r a k\u00f6z\u00f6ss\u00e9g \u00e9s Tibor atya! * (Eislingen \u2013 XV. \u00e1llom\u00e1s: Krisztus felt\u00e1mad\u00e1sa) * Kegyelemteljes h\u00fasv\u00e9ti napokat, tartalmas besz\u00e9lget\u00e9seket \u00e9s \u00f6r\u00f6mteli tal\u00e1lkoz\u00e1sokat k\u00edv\u00e1nunk minden Kedves H\u00edv\u00fcnknek! * \u201eIsten Orsz\u00e1g\u00e1ban megsz\u0171nnek az egy\u00e9n hat\u00e1rvonalai. Mindazt, amit eddig csak t\u00fck\u00f6r \u00e1ltal hom\u00e1lyosan tal\u00e1lgattunk, imm\u00e1r l\u00e1tni \u00e9s tudni fogjuk. Isten a vil\u00e1g l\u00e9nyeg\u00e9nek az \u00e1lland\u00f3s\u00e1ga nem zaj, hanem Csend.\u201d (Csermely P\u00e9ter \u2013 kutat\u00f3, biok\u00e9mikus \u2013 1958 -) (K\u00e9p forr\u00e1sa: MTL) \u00a0*"}

2025. ÁPRILIS 28 ÉS MÁJUS 4 KÖZÖTT - Stuttgarti Katolikusok

<blockquote class="wp-embedded-content" data-secret="RutFs6oyFi"><a href="https://stuttgarti-katolikusok.de/index.php/30871/">2025. ÁPRILIS 28 ÉS MÁJUS 4 KÖZÖTT</a></blockquote><iframe sandbox="allow-scripts" security="restricted" src="https://stuttgarti-katolikusok.de/index.php/30871/embed/#?secret=RutFs6oyFi" width="600" height="338" title="&#8220;2025. ÁPRILIS 28 ÉS MÁJUS 4 KÖZÖTT&#8221; &#8212; Stuttgarti Katolikusok" data-secret="RutFs6oyFi" frameborder="0" marginwidth="0" marginheight="0" scrolling="no" class="wp-embedded-content"></iframe><script type="text/javascript">
/* <![CDATA[ */
/*! This file is auto-generated */
!function(d,l){"use strict";l.querySelector&&d.addEventListener&&"undefined"!=typeof URL&&(d.wp=d.wp||{},d.wp.receiveEmbedMessage||(d.wp.receiveEmbedMessage=function(e){var t=e.data;if((t||t.secret||t.message||t.value)&&!/[^a-zA-Z0-9]/.test(t.secret)){for(var s,r,n,a=l.querySelectorAll('iframe[data-secret="'+t.secret+'"]'),o=l.querySelectorAll('blockquote[data-secret="'+t.secret+'"]'),c=new RegExp("^https?:$","i"),i=0;i<o.length;i++)o[i].style.display="none";for(i=0;i<a.length;i++)s=a[i],e.source===s.contentWindow&&(s.removeAttribute("style"),"height"===t.message?(1e3<(r=parseInt(t.value,10))?r=1e3:~~r<200&&(r=200),s.height=r):"link"===t.message&&(r=new URL(s.getAttribute("src")),n=new URL(t.value),c.test(n.protocol))&&n.host===r.host&&l.activeElement===s&&(d.top.location.href=t.value))}},d.addEventListener("message",d.wp.receiveEmbedMessage,!1),l.addEventListener("DOMContentLoaded",function(){for(var e,t,s=l.querySelectorAll("iframe.wp-embedded-content"),r=0;r<s.length;r++)(t=(e=s[r]).getAttribute("data-secret"))||(t=Math.random().toString(36).substring(2,12),e.src+="#?secret="+t,e.setAttribute("data-secret",t)),e.contentWindow.postMessage({message:"ready",secret:t},"*")},!1)))}(window,document);
//# sourceURL=https://stuttgarti-katolikusok.de/wp-includes/js/wp-embed.min.js
/* ]]> */
</script>

Programelőzetes  * Május 1-jén, csütörtökön, Szent József a munkás ünnepe. Weingartenben 10.00 órakor szentmise a 14 Nothelfer Kapelle-ben.  * Május 2-án, pénteken, Stuttgarti délután, 17.30 órakor rózsafüzért imádkozunk, 18.00 órakor szentmise és májusi ájtatosság.  * Május 3-án, szombaton, Balingenben 16.00 órakor szentmise, utána agapé. A szentmise keretében köszöntjük az édesanyákat, nagymamákat. * Május 4-én, Húsvét 3. vasárnapja, Anyák napja Schwäbisch-Gmündben 9.30 órakor szentmise, utána agapé. Egyben közösségünk védőszentjét, Boldog Bajor Gizellát köszöntjük, községünk búcsúünnepét is üljük. (Miseruha részlet &#8211; Sabău-Trifu Cristina) Stuttgartban 15.00 órakor gyermek-istentisztelet, szentmise, utána agapé. Gyermekeink köszöntik az édesanyákat, nagymamákat. * Minden helyen mindenkit szeretettel vár a közösség és Tibor atya! * (Eislingen – XV. állomás: Krisztus feltámadása) * Kegyelemteljes húsvéti napokat, tartalmas beszélgetéseket és örömteli találkozásokat kívánunk minden Kedves Hívünknek! * „Isten Országában megszűnnek az egyén határvonalai. Mindazt, amit eddig csak tükör által homályosan találgattunk, immár látni és tudni fogjuk. Isten a világ lényegének az állandósága nem zaj, hanem Csend.” (Csermely Péter – kutató, biokémikus – 1958 -) (Kép forrása: MTL)  *
