{"version":"1.0","provider_name":"Stuttgarti Katolikusok","provider_url":"https:\/\/stuttgarti-katolikusok.de","title":"2026. SZEPTEMBER 1 \u00c9S 6 K\u00d6Z\u00d6TT - Stuttgarti Katolikusok","type":"rich","width":600,"height":338,"html":"<blockquote class=\"wp-embedded-content\" data-secret=\"21nDlQ8aj9\"><a href=\"https:\/\/stuttgarti-katolikusok.de\/index.php\/2026-szeptember-1-es-6-koezoett\/\">2026. SZEPTEMBER 1 \u00c9S 6 K\u00d6Z\u00d6TT<\/a><\/blockquote><iframe sandbox=\"allow-scripts\" security=\"restricted\" src=\"https:\/\/stuttgarti-katolikusok.de\/index.php\/2026-szeptember-1-es-6-koezoett\/embed\/#?secret=21nDlQ8aj9\" width=\"600\" height=\"338\" title=\"&#8222;2026. SZEPTEMBER 1 \u00c9S 6 K\u00d6Z\u00d6TT&#8220; &#8211; Stuttgarti Katolikusok\" data-secret=\"21nDlQ8aj9\" frameborder=\"0\" marginwidth=\"0\" marginheight=\"0\" scrolling=\"no\" class=\"wp-embedded-content\"><\/iframe><script>\n\/*! This file is auto-generated *\/\n!function(d,l){\"use strict\";l.querySelector&&d.addEventListener&&\"undefined\"!=typeof URL&&(d.wp=d.wp||{},d.wp.receiveEmbedMessage||(d.wp.receiveEmbedMessage=function(e){var t=e.data;if((t||t.secret||t.message||t.value)&&!\/[^a-zA-Z0-9]\/.test(t.secret)){for(var s,r,n,a=l.querySelectorAll('iframe[data-secret=\"'+t.secret+'\"]'),o=l.querySelectorAll('blockquote[data-secret=\"'+t.secret+'\"]'),c=new RegExp(\"^https?:$\",\"i\"),i=0;i<o.length;i++)o[i].style.display=\"none\";for(i=0;i<a.length;i++)s=a[i],e.source===s.contentWindow&&(s.removeAttribute(\"style\"),\"height\"===t.message?(1e3<(r=parseInt(t.value,10))?r=1e3:~~r<200&&(r=200),s.height=r):\"link\"===t.message&&(r=new URL(s.getAttribute(\"src\")),n=new URL(t.value),c.test(n.protocol))&&n.host===r.host&&l.activeElement===s&&(d.top.location.href=t.value))}},d.addEventListener(\"message\",d.wp.receiveEmbedMessage,!1),l.addEventListener(\"DOMContentLoaded\",function(){for(var e,t,s=l.querySelectorAll(\"iframe.wp-embedded-content\"),r=0;r<s.length;r++)(t=(e=s[r]).getAttribute(\"data-secret\"))||(t=Math.random().toString(36).substring(2,12),e.src+=\"#?secret=\"+t,e.setAttribute(\"data-secret\",t)),e.contentWindow.postMessage({message:\"ready\",secret:t},\"*\")},!1)))}(window,document);\n\/\/# sourceURL=https:\/\/stuttgarti-katolikusok.de\/wp-includes\/js\/wp-embed.min.js\n<\/script>\n","thumbnail_url":"https:\/\/stuttgarti-katolikusok.de\/wp-content\/uploads\/2023\/08\/ng5.jpg","thumbnail_width":2048,"thumbnail_height":1365,"description":"Programel\u0151zetes * Szeptember 3-\u00e1n, cs\u00fct\u00f6rt\u00f6k\u00f6n, Weingarteni d\u00e9lut\u00e1n, a 14 Nothelfer Kapelle-ben 18.00 \u00f3rakor szentmise, el\u0151tte r\u00f3zsaf\u0171z\u00e9rt im\u00e1dkozunk. Els\u0151cs\u00fct\u00f6rt\u00f6k l\u00e9v\u00e9n papjaink\u00e9rt \u00e9s papi hivat\u00e1sok\u00e9rt is im\u00e1dkozunk.\u00a0 * Szeptember 4-\u00e9n,\u00a0p\u00e9nteken, Stuttgarti d\u00e9lut\u00e1n, 18.00 \u00f3rakor szentmise,\u00a0el\u0151tte r\u00f3zsaf\u00fcz\u00e9rt im\u00e1dkozunk. Egyben els\u0151p\u00e9ntek, szentmise v\u00e9g\u00e9n els\u0151p\u00e9nteki \u00e1jtatoss\u00e1g.\u00a0 * \u00c9vk\u00f6zi 23. vas\u00e1rnap Szeptember 5-\u00e9n, szombaton, Balingenben 16.00 \u00f3rakor szentmise, ut\u00e1na agap\u00e9. \u00a0* Szeptember 6-\u00e1n, vas\u00e1rnap,\u00a0Stuttgartban, Szent Gell\u00e9rt Egyh\u00e1zk\u00f6zs\u00e9g b\u00facs\u00faja \u00e9s b\u00e9rm\u00e1l\u00e1s Gyermek-istentiszteletet is tartunk. \u00c9telr\u0151l \u00e9s italr\u00f3l mi magunk gondoskodunk. S\u00fctem\u00e9nyeket (s\u00f3s \u00e9s \u00e9des) \u00f6r\u00f6mmel fogadunk. * (R\u00e9szlet a Szent Gell\u00e9rt miseruh\u00e1b\u00f3l) * (K\u00e9p forr\u00e1sa: Soare Alice) * Minden helyen mindenkit szeretettel v\u00e1r a k\u00f6z\u00f6ss\u00e9g \u00e9s Tibor atya! * Bens\u0151s\u00e9ges \u0151szi napokat, j\u00f3 munk\u00e1t, tartalmas besz\u00e9lget\u00e9seket \u00e9s \u00f6r\u00f6mteli tal\u00e1lkoz\u00e1sokat k\u00edv\u00e1nunk minden Kedves H\u00edv\u00fcnknek! * Sz\u00e9p Velence, \u0151si v\u00e1ros, zengj az \u00darnak \u00e9neket. Er\u00e9nyekben kiv\u00e1lts\u00e1gos, Gondvisel\u00e9s van veled, mert Gell\u00e9rtet a j\u00f3s\u00e1gos Isten adta teneked. &nbsp; S \u0151, az Isten v\u00e1lasztottja, n\u00e9ki adja \u00f6nmag\u00e1t. Lelke \u00fcdve lesz a gondja, v\u00e1llalv\u00e1n a Regul\u00e1t, f\u00f6ldi p\u00e1lya nem marasztja, Krisztus \u00fatj\u00e1n megy tov\u00e1bb. &nbsp; \u0150t e honban tiszteletben r\u00e9szes\u00edtik, mint aty\u00e1t. Hitet pl\u00e1nt\u00e1l, \u00e9s a mennyben sokszorozza j\u00f3k had\u00e1t, templomot rak, s mindenekben csod\u00e1lj\u00e1k al\u00e1zat\u00e1t. &nbsp; Legyen \u00e1ld\u00e1s \u00e9s im\u00e1dat H\u00e1roms\u00e1g-egy Istennek, az Aty\u00e1nak \u00e9s Fi\u00fanak s vel\u00fck a Szentl\u00e9leknek, ki a k\u00fczd\u0151knek er\u0151t ad, hogy gy\u0151zelmet nyerjenek. \u00c1men. (Himnusz Szent Gell\u00e9rt \u00fcnnep\u00e9re) (Nyit\u00f3k\u00e9p forr\u00e1sa: N\u00e9meti Gergely)"}

2026. SZEPTEMBER 1 ÉS 6 KÖZÖTT - Stuttgarti Katolikusok

<blockquote class="wp-embedded-content" data-secret="21nDlQ8aj9"><a href="https://stuttgarti-katolikusok.de/index.php/2026-szeptember-1-es-6-koezoett/">2026. SZEPTEMBER 1 ÉS 6 KÖZÖTT</a></blockquote><iframe sandbox="allow-scripts" security="restricted" src="https://stuttgarti-katolikusok.de/index.php/2026-szeptember-1-es-6-koezoett/embed/#?secret=21nDlQ8aj9" width="600" height="338" title="&#8222;2026. SZEPTEMBER 1 ÉS 6 KÖZÖTT&#8220; &#8211; Stuttgarti Katolikusok" data-secret="21nDlQ8aj9" frameborder="0" marginwidth="0" marginheight="0" scrolling="no" class="wp-embedded-content"></iframe><script>
/*! This file is auto-generated */
!function(d,l){"use strict";l.querySelector&&d.addEventListener&&"undefined"!=typeof URL&&(d.wp=d.wp||{},d.wp.receiveEmbedMessage||(d.wp.receiveEmbedMessage=function(e){var t=e.data;if((t||t.secret||t.message||t.value)&&!/[^a-zA-Z0-9]/.test(t.secret)){for(var s,r,n,a=l.querySelectorAll('iframe[data-secret="'+t.secret+'"]'),o=l.querySelectorAll('blockquote[data-secret="'+t.secret+'"]'),c=new RegExp("^https?:$","i"),i=0;i<o.length;i++)o[i].style.display="none";for(i=0;i<a.length;i++)s=a[i],e.source===s.contentWindow&&(s.removeAttribute("style"),"height"===t.message?(1e3<(r=parseInt(t.value,10))?r=1e3:~~r<200&&(r=200),s.height=r):"link"===t.message&&(r=new URL(s.getAttribute("src")),n=new URL(t.value),c.test(n.protocol))&&n.host===r.host&&l.activeElement===s&&(d.top.location.href=t.value))}},d.addEventListener("message",d.wp.receiveEmbedMessage,!1),l.addEventListener("DOMContentLoaded",function(){for(var e,t,s=l.querySelectorAll("iframe.wp-embedded-content"),r=0;r<s.length;r++)(t=(e=s[r]).getAttribute("data-secret"))||(t=Math.random().toString(36).substring(2,12),e.src+="#?secret="+t,e.setAttribute("data-secret",t)),e.contentWindow.postMessage({message:"ready",secret:t},"*")},!1)))}(window,document);
//# sourceURL=https://stuttgarti-katolikusok.de/wp-includes/js/wp-embed.min.js
</script>

Programelőzetes * Szeptember 3-án, csütörtökön, Weingarteni délután, a 14 Nothelfer Kapelle-ben 18.00 órakor szentmise, előtte rózsafűzért imádkozunk. Elsőcsütörtök lévén papjainkért és papi hivatásokért is imádkozunk.  * Szeptember 4-én, pénteken, Stuttgarti délután, 18.00 órakor szentmise, előtte rózsafüzért imádkozunk. Egyben elsőpéntek, szentmise végén elsőpénteki ájtatosság.  * Évközi 23. vasárnap Szeptember 5-én, szombaton, Balingenben 16.00 órakor szentmise, utána agapé.  * Szeptember 6-án, vasárnap, Stuttgartban, Szent Gellért Egyházközség búcsúja és bérmálás Gyermek-istentiszteletet is tartunk. Ételről és italról mi magunk gondoskodunk. Süteményeket (sós és édes) örömmel fogadunk. * (Részlet a Szent Gellért miseruhából) * (Kép forrása: Soare Alice) * Minden helyen mindenkit szeretettel vár a közösség és Tibor atya! * Bensőséges őszi napokat, jó munkát, tartalmas beszélgetéseket és örömteli találkozásokat kívánunk minden Kedves Hívünknek! * Szép Velence, ősi város, zengj az Úrnak éneket. Erényekben kiváltságos, Gondviselés van veled, mert Gellértet a jóságos Isten adta teneked. &nbsp; S ő, az Isten választottja, néki adja önmagát. Lelke üdve lesz a gondja, vállalván a Regulát, földi pálya nem marasztja, Krisztus útján megy tovább. &nbsp; Őt e honban tiszteletben részesítik, mint atyát. Hitet plántál, és a mennyben sokszorozza jók hadát, templomot rak, s mindenekben csodálják alázatát. &nbsp; Legyen áldás és imádat Háromság-egy Istennek, az Atyának és Fiúnak s velük a Szentléleknek, ki a küzdőknek erőt ad, hogy győzelmet nyerjenek. Ámen. (Himnusz Szent Gellért ünnepére) (Nyitókép forrása: Németi Gergely)
