{"version":"1.0","provider_name":"Stuttgarti Katolikusok","provider_url":"https:\/\/stuttgarti-katolikusok.de","title":"2026. \u00c1PRILIS 27 \u00c9S M\u00c1JUS 3 K\u00d6Z\u00d6TT - Stuttgarti Katolikusok","type":"rich","width":600,"height":338,"html":"<blockquote class=\"wp-embedded-content\" data-secret=\"FXl7mlE4lc\"><a href=\"https:\/\/stuttgarti-katolikusok.de\/index.php\/2026-aprilis-27-es-majus-3-kozott\/\">2026. \u00c1PRILIS 27 \u00c9S M\u00c1JUS 3 K\u00d6Z\u00d6TT<\/a><\/blockquote><iframe sandbox=\"allow-scripts\" security=\"restricted\" src=\"https:\/\/stuttgarti-katolikusok.de\/index.php\/2026-aprilis-27-es-majus-3-kozott\/embed\/#?secret=FXl7mlE4lc\" width=\"600\" height=\"338\" title=\"&#8220;2026. \u00c1PRILIS 27 \u00c9S M\u00c1JUS 3 K\u00d6Z\u00d6TT&#8221; &#8212; Stuttgarti Katolikusok\" data-secret=\"FXl7mlE4lc\" frameborder=\"0\" marginwidth=\"0\" marginheight=\"0\" scrolling=\"no\" class=\"wp-embedded-content\"><\/iframe><script type=\"text\/javascript\">\n\/* <![CDATA[ *\/\n\/*! This file is auto-generated *\/\n!function(d,l){\"use strict\";l.querySelector&&d.addEventListener&&\"undefined\"!=typeof URL&&(d.wp=d.wp||{},d.wp.receiveEmbedMessage||(d.wp.receiveEmbedMessage=function(e){var t=e.data;if((t||t.secret||t.message||t.value)&&!\/[^a-zA-Z0-9]\/.test(t.secret)){for(var s,r,n,a=l.querySelectorAll('iframe[data-secret=\"'+t.secret+'\"]'),o=l.querySelectorAll('blockquote[data-secret=\"'+t.secret+'\"]'),c=new RegExp(\"^https?:$\",\"i\"),i=0;i<o.length;i++)o[i].style.display=\"none\";for(i=0;i<a.length;i++)s=a[i],e.source===s.contentWindow&&(s.removeAttribute(\"style\"),\"height\"===t.message?(1e3<(r=parseInt(t.value,10))?r=1e3:~~r<200&&(r=200),s.height=r):\"link\"===t.message&&(r=new URL(s.getAttribute(\"src\")),n=new URL(t.value),c.test(n.protocol))&&n.host===r.host&&l.activeElement===s&&(d.top.location.href=t.value))}},d.addEventListener(\"message\",d.wp.receiveEmbedMessage,!1),l.addEventListener(\"DOMContentLoaded\",function(){for(var e,t,s=l.querySelectorAll(\"iframe.wp-embedded-content\"),r=0;r<s.length;r++)(t=(e=s[r]).getAttribute(\"data-secret\"))||(t=Math.random().toString(36).substring(2,12),e.src+=\"#?secret=\"+t,e.setAttribute(\"data-secret\",t)),e.contentWindow.postMessage({message:\"ready\",secret:t},\"*\")},!1)))}(window,document);\n\/\/# sourceURL=https:\/\/stuttgarti-katolikusok.de\/wp-includes\/js\/wp-embed.min.js\n\/* ]]> *\/\n<\/script>\n","thumbnail_url":"https:\/\/stuttgarti-katolikusok.de\/wp-content\/uploads\/2024\/04\/bojtor-orsi.jpg","thumbnail_width":945,"thumbnail_height":1176,"description":"Programel\u0151zetes * \u00a0M\u00e1jus 1-j\u00e9n, p\u00e9nteken, Munk\u00e1s Szent J\u00f3zsef\u00a0 \u00fcnnepe. (K\u00e9p forr\u00e1sa: Magyar Kur\u00edr) Weingartenben 10.00 \u00f3rakor \u00fcnnepi szentmise \u00e9s m\u00e1jusi \u00e1jtatoss\u00e1g a 14 Nothelfer Kapelle-ben. Stuttgartban 18.00 \u00f3rakor \u00fcnnepi szentmise \u00e9s m\u00e1jusi \u00e1jtatoss\u00e1g. \u00a0* M\u00e1jus 2-\u00e1n, szombaton,\u00a0Balingenben\u00a016.00 \u00f3rakor\u00a0szentmise, ut\u00e1na agap\u00e9. * M\u00e1jus 3-\u00e1n,\u00a0H\u00fasv\u00e9t 5. vas\u00e1rnapja, Any\u00e1k napja. Schw\u00e4bisch-Gm\u00fcndben 9.30 \u00f3rakor szentmise, ut\u00e1na agap\u00e9. Egyben k\u00f6z\u00f6ss\u00e9g\u00fcnk v\u00e9d\u0151szentj\u00e9t, Boldog Bajor Gizell\u00e1t k\u00f6sz\u00f6ntj\u00fck, k\u00f6zs\u00e9g\u00fcnk b\u00facs\u00fa\u00fcnnep\u00e9t is \u00fclj\u00fck. (Boldog Bajor Gizella &#8211; Miseruha r\u00e9szlet) Stuttgartban 15.00 \u00f3rakor gyermek-istentisztelet, szentmise, ut\u00e1na agap\u00e9. Gyermekeink r\u00f6vid Any\u00e1k napi m\u0171sorral kedveskednek. * Minden helyen mindenkit szeretettel v\u00e1r a k\u00f6z\u00f6ss\u00e9g \u00e9s Tibor atya! * (Friedrichshafen-Berg &#8211; St. Nikolaus Kirche) * Kegyelemteljes h\u00fasv\u00e9ti napokat, tartalmas besz\u00e9lget\u00e9seket \u00e9s \u00f6r\u00f6mteli tal\u00e1lkoz\u00e1sokat k\u00edv\u00e1nunk minden Kedves H\u00edv\u00fcnknek! * \u201eIsten az\u00e9rt teremtett minket \u00e9s a vil\u00e1got, mert szeret minket. Milyen sz\u00e9p \u00e9s milyen nagyszer\u0171, hogy Istent megismerhetj\u00fck, szerethetj\u00fck \u00e9s \u0151t szolg\u00e1lhatjuk. Ez a feladatunk ebben a vil\u00e1gban. Minden m\u00e1s ezen k\u00edv\u00fcl, elt\u00e9kozolt id\u0151.\u201d\u00a0(Vianney Szent J\u00e1nos, 1786 &#8211; 1859) (K\u00e9p forr\u00e1sa: Bojtor Orsolya)"}

2026. ÁPRILIS 27 ÉS MÁJUS 3 KÖZÖTT - Stuttgarti Katolikusok

<blockquote class="wp-embedded-content" data-secret="FXl7mlE4lc"><a href="https://stuttgarti-katolikusok.de/index.php/2026-aprilis-27-es-majus-3-kozott/">2026. ÁPRILIS 27 ÉS MÁJUS 3 KÖZÖTT</a></blockquote><iframe sandbox="allow-scripts" security="restricted" src="https://stuttgarti-katolikusok.de/index.php/2026-aprilis-27-es-majus-3-kozott/embed/#?secret=FXl7mlE4lc" width="600" height="338" title="&#8220;2026. ÁPRILIS 27 ÉS MÁJUS 3 KÖZÖTT&#8221; &#8212; Stuttgarti Katolikusok" data-secret="FXl7mlE4lc" frameborder="0" marginwidth="0" marginheight="0" scrolling="no" class="wp-embedded-content"></iframe><script type="text/javascript">
/* <![CDATA[ */
/*! This file is auto-generated */
!function(d,l){"use strict";l.querySelector&&d.addEventListener&&"undefined"!=typeof URL&&(d.wp=d.wp||{},d.wp.receiveEmbedMessage||(d.wp.receiveEmbedMessage=function(e){var t=e.data;if((t||t.secret||t.message||t.value)&&!/[^a-zA-Z0-9]/.test(t.secret)){for(var s,r,n,a=l.querySelectorAll('iframe[data-secret="'+t.secret+'"]'),o=l.querySelectorAll('blockquote[data-secret="'+t.secret+'"]'),c=new RegExp("^https?:$","i"),i=0;i<o.length;i++)o[i].style.display="none";for(i=0;i<a.length;i++)s=a[i],e.source===s.contentWindow&&(s.removeAttribute("style"),"height"===t.message?(1e3<(r=parseInt(t.value,10))?r=1e3:~~r<200&&(r=200),s.height=r):"link"===t.message&&(r=new URL(s.getAttribute("src")),n=new URL(t.value),c.test(n.protocol))&&n.host===r.host&&l.activeElement===s&&(d.top.location.href=t.value))}},d.addEventListener("message",d.wp.receiveEmbedMessage,!1),l.addEventListener("DOMContentLoaded",function(){for(var e,t,s=l.querySelectorAll("iframe.wp-embedded-content"),r=0;r<s.length;r++)(t=(e=s[r]).getAttribute("data-secret"))||(t=Math.random().toString(36).substring(2,12),e.src+="#?secret="+t,e.setAttribute("data-secret",t)),e.contentWindow.postMessage({message:"ready",secret:t},"*")},!1)))}(window,document);
//# sourceURL=https://stuttgarti-katolikusok.de/wp-includes/js/wp-embed.min.js
/* ]]> */
</script>

Programelőzetes *  Május 1-jén, pénteken, Munkás Szent József  ünnepe. (Kép forrása: Magyar Kurír) Weingartenben 10.00 órakor ünnepi szentmise és májusi ájtatosság a 14 Nothelfer Kapelle-ben. Stuttgartban 18.00 órakor ünnepi szentmise és májusi ájtatosság.  * Május 2-án, szombaton, Balingenben 16.00 órakor szentmise, utána agapé. * Május 3-án, Húsvét 5. vasárnapja, Anyák napja. Schwäbisch-Gmündben 9.30 órakor szentmise, utána agapé. Egyben közösségünk védőszentjét, Boldog Bajor Gizellát köszöntjük, községünk búcsúünnepét is üljük. (Boldog Bajor Gizella &#8211; Miseruha részlet) Stuttgartban 15.00 órakor gyermek-istentisztelet, szentmise, utána agapé. Gyermekeink rövid Anyák napi műsorral kedveskednek. * Minden helyen mindenkit szeretettel vár a közösség és Tibor atya! * (Friedrichshafen-Berg &#8211; St. Nikolaus Kirche) * Kegyelemteljes húsvéti napokat, tartalmas beszélgetéseket és örömteli találkozásokat kívánunk minden Kedves Hívünknek! * „Isten azért teremtett minket és a világot, mert szeret minket. Milyen szép és milyen nagyszerű, hogy Istent megismerhetjük, szerethetjük és őt szolgálhatjuk. Ez a feladatunk ebben a világban. Minden más ezen kívül, eltékozolt idő.” (Vianney Szent János, 1786 &#8211; 1859) (Kép forrása: Bojtor Orsolya)
