{"version":"1.0","provider_name":"Stuttgarti Katolikusok","provider_url":"https:\/\/stuttgarti-katolikusok.de","title":"2025. OKT\u00d3BER 13 \u00c9S 19 K\u00d6Z\u00d6TT - Stuttgarti Katolikusok","type":"rich","width":600,"height":338,"html":"<blockquote class=\"wp-embedded-content\" data-secret=\"n2XcUyWZrd\"><a href=\"https:\/\/stuttgarti-katolikusok.de\/index.php\/2025-oktober-13-es-19-kozott\/\">2025. OKT\u00d3BER 13 \u00c9S 19 K\u00d6Z\u00d6TT<\/a><\/blockquote><iframe sandbox=\"allow-scripts\" security=\"restricted\" src=\"https:\/\/stuttgarti-katolikusok.de\/index.php\/2025-oktober-13-es-19-kozott\/embed\/#?secret=n2XcUyWZrd\" width=\"600\" height=\"338\" title=\"&#8220;2025. OKT\u00d3BER 13 \u00c9S 19 K\u00d6Z\u00d6TT&#8221; &#8212; Stuttgarti Katolikusok\" data-secret=\"n2XcUyWZrd\" frameborder=\"0\" marginwidth=\"0\" marginheight=\"0\" scrolling=\"no\" class=\"wp-embedded-content\"><\/iframe><script type=\"text\/javascript\">\n\/* <![CDATA[ *\/\n\/*! This file is auto-generated *\/\n!function(d,l){\"use strict\";l.querySelector&&d.addEventListener&&\"undefined\"!=typeof URL&&(d.wp=d.wp||{},d.wp.receiveEmbedMessage||(d.wp.receiveEmbedMessage=function(e){var t=e.data;if((t||t.secret||t.message||t.value)&&!\/[^a-zA-Z0-9]\/.test(t.secret)){for(var s,r,n,a=l.querySelectorAll('iframe[data-secret=\"'+t.secret+'\"]'),o=l.querySelectorAll('blockquote[data-secret=\"'+t.secret+'\"]'),c=new RegExp(\"^https?:$\",\"i\"),i=0;i<o.length;i++)o[i].style.display=\"none\";for(i=0;i<a.length;i++)s=a[i],e.source===s.contentWindow&&(s.removeAttribute(\"style\"),\"height\"===t.message?(1e3<(r=parseInt(t.value,10))?r=1e3:~~r<200&&(r=200),s.height=r):\"link\"===t.message&&(r=new URL(s.getAttribute(\"src\")),n=new URL(t.value),c.test(n.protocol))&&n.host===r.host&&l.activeElement===s&&(d.top.location.href=t.value))}},d.addEventListener(\"message\",d.wp.receiveEmbedMessage,!1),l.addEventListener(\"DOMContentLoaded\",function(){for(var e,t,s=l.querySelectorAll(\"iframe.wp-embedded-content\"),r=0;r<s.length;r++)(t=(e=s[r]).getAttribute(\"data-secret\"))||(t=Math.random().toString(36).substring(2,12),e.src+=\"#?secret=\"+t,e.setAttribute(\"data-secret\",t)),e.contentWindow.postMessage({message:\"ready\",secret:t},\"*\")},!1)))}(window,document);\n\/\/# sourceURL=https:\/\/stuttgarti-katolikusok.de\/wp-includes\/js\/wp-embed.min.js\n\/* ]]> *\/\n<\/script>\n","thumbnail_url":"https:\/\/stuttgarti-katolikusok.de\/wp-content\/uploads\/2023\/10\/szabadsaghid.jpg","thumbnail_width":1080,"thumbnail_height":769,"description":"Programel\u0151zetes \u00a0\u00a0* Okt\u00f3ber 17-\u00e9n,\u00a0p\u00e9nteken, Stuttgartban 17.30 \u00f3rakor r\u00f3zsaf\u00fcz\u00e9rt im\u00e1dkozunk, 18.00 \u00f3rakor szentmise, \u00a0* Okt\u00f3ber 18-\u00e1n, szombaton, Heidenheimban 15.30 \u00f3rakor \u00f6kumenikus istentisztelet, Ig\u00e9t hirdet Nt. Dr. Varga P\u00e1l reform\u00e1tus lelk\u00e9sz. Az altemplomban\u00a0gyermek-istentiszteletet\u00a0tartunk. 16.30 \u00f3rakor \u00fcnnepi megeml\u00e9kez\u00e9s 1956. okt\u00f3ber 23-r\u00f3l, v\u00e9g\u00fcl agap\u00e9 a k\u00f6z\u00f6ss\u00e9gi teremben. \u00a0* Okt\u00f3ber 19-\u00e9n, \u00c9vk\u00f6zi 29. vas\u00e1rnap, Ludwigsburgban 9.30 \u00f3rakor szentmise, ut\u00e1na agap\u00e9. Stuttgartban 15.00 \u00f3rakor \u00f6kumenikus istentisztelet, Ig\u00e9t hirdet Nt. G\u00e9mes P\u00e1l evang\u00e9likus lelk\u00e9sz. 16.00 \u00f3rakor \u00fcnnepi megeml\u00e9kez\u00e9s 1956. okt\u00f3ber 23-r\u00f3l, v\u00e9g\u00fcl \u00e1ll\u00f3fogad\u00e1s a k\u00f6z\u00f6ss\u00e9gi teremben. K\u00f6zrem\u0171k\u00f6dnek a T\u00f6rt\u00e9nelmi Vit\u00e9zi Rend N\u00e9metorsz\u00e1g \u00d6n\u00e1ll\u00f3 Csoport tagjai. Heilbronnban 15.30 \u00f3rakor szentmise (Ft. Geg\u0151 Istv\u00e1n atya), ut\u00e1na agap\u00e9. \u00a0* Minden helyen mindenkit szeretettel v\u00e1r a k\u00f6z\u00f6ss\u00e9g \u00e9s Tibor atya! * * Bens\u0151s\u00e9ges \u0151szi napokat, j\u00f3 munk\u00e1t, tartalmas besz\u00e9lget\u00e9seket \u00e9s \u00f6r\u00f6mteli tal\u00e1lkoz\u00e1sokat k\u00edv\u00e1nunk minden Kedves H\u00edv\u00fcnknek! * \u201eCsak az k\u00e9pes a m\u00e1sok \u00e9let\u00e9\u00e9rt \u00f6nmag\u00e1t m\u00e9lyen \u00e9s \u00e1lland\u00f3an odaadni, aki a saj\u00e1t \u00e9letakarat\u00e1\u00e9rt val\u00f3 odaad\u00e1sban az esem\u00e9nyekt\u0151l val\u00f3 bels\u0151 szabads\u00e1got megtapasztalta.\u201d (Albert Schweitzer \u2013 18750-1965) (Nyit\u00f3k\u00e9p forr\u00e1sa: Instagram)"}

2025. OKTÓBER 13 ÉS 19 KÖZÖTT - Stuttgarti Katolikusok

<blockquote class="wp-embedded-content" data-secret="n2XcUyWZrd"><a href="https://stuttgarti-katolikusok.de/index.php/2025-oktober-13-es-19-kozott/">2025. OKTÓBER 13 ÉS 19 KÖZÖTT</a></blockquote><iframe sandbox="allow-scripts" security="restricted" src="https://stuttgarti-katolikusok.de/index.php/2025-oktober-13-es-19-kozott/embed/#?secret=n2XcUyWZrd" width="600" height="338" title="&#8220;2025. OKTÓBER 13 ÉS 19 KÖZÖTT&#8221; &#8212; Stuttgarti Katolikusok" data-secret="n2XcUyWZrd" frameborder="0" marginwidth="0" marginheight="0" scrolling="no" class="wp-embedded-content"></iframe><script type="text/javascript">
/* <![CDATA[ */
/*! This file is auto-generated */
!function(d,l){"use strict";l.querySelector&&d.addEventListener&&"undefined"!=typeof URL&&(d.wp=d.wp||{},d.wp.receiveEmbedMessage||(d.wp.receiveEmbedMessage=function(e){var t=e.data;if((t||t.secret||t.message||t.value)&&!/[^a-zA-Z0-9]/.test(t.secret)){for(var s,r,n,a=l.querySelectorAll('iframe[data-secret="'+t.secret+'"]'),o=l.querySelectorAll('blockquote[data-secret="'+t.secret+'"]'),c=new RegExp("^https?:$","i"),i=0;i<o.length;i++)o[i].style.display="none";for(i=0;i<a.length;i++)s=a[i],e.source===s.contentWindow&&(s.removeAttribute("style"),"height"===t.message?(1e3<(r=parseInt(t.value,10))?r=1e3:~~r<200&&(r=200),s.height=r):"link"===t.message&&(r=new URL(s.getAttribute("src")),n=new URL(t.value),c.test(n.protocol))&&n.host===r.host&&l.activeElement===s&&(d.top.location.href=t.value))}},d.addEventListener("message",d.wp.receiveEmbedMessage,!1),l.addEventListener("DOMContentLoaded",function(){for(var e,t,s=l.querySelectorAll("iframe.wp-embedded-content"),r=0;r<s.length;r++)(t=(e=s[r]).getAttribute("data-secret"))||(t=Math.random().toString(36).substring(2,12),e.src+="#?secret="+t,e.setAttribute("data-secret",t)),e.contentWindow.postMessage({message:"ready",secret:t},"*")},!1)))}(window,document);
//# sourceURL=https://stuttgarti-katolikusok.de/wp-includes/js/wp-embed.min.js
/* ]]> */
</script>

Programelőzetes   * Október 17-én, pénteken, Stuttgartban 17.30 órakor rózsafüzért imádkozunk, 18.00 órakor szentmise,  * Október 18-án, szombaton, Heidenheimban 15.30 órakor ökumenikus istentisztelet, Igét hirdet Nt. Dr. Varga Pál református lelkész. Az altemplomban gyermek-istentiszteletet tartunk. 16.30 órakor ünnepi megemlékezés 1956. október 23-ról, végül agapé a közösségi teremben.  * Október 19-én, Évközi 29. vasárnap, Ludwigsburgban 9.30 órakor szentmise, utána agapé. Stuttgartban 15.00 órakor ökumenikus istentisztelet, Igét hirdet Nt. Gémes Pál evangélikus lelkész. 16.00 órakor ünnepi megemlékezés 1956. október 23-ról, végül állófogadás a közösségi teremben. Közreműködnek a Történelmi Vitézi Rend Németország Önálló Csoport tagjai. Heilbronnban 15.30 órakor szentmise (Ft. Gegő István atya), utána agapé.  * Minden helyen mindenkit szeretettel vár a közösség és Tibor atya! * * Bensőséges őszi napokat, jó munkát, tartalmas beszélgetéseket és örömteli találkozásokat kívánunk minden Kedves Hívünknek! * „Csak az képes a mások életéért önmagát mélyen és állandóan odaadni, aki a saját életakaratáért való odaadásban az eseményektől való belső szabadságot megtapasztalta.” (Albert Schweitzer – 18750-1965) (Nyitókép forrása: Instagram)
