{"version":"1.0","provider_name":"Stuttgarti Katolikusok","provider_url":"https:\/\/stuttgarti-katolikusok.de","title":"2025 M\u00c1RCIUS - Stuttgarti Katolikusok","type":"rich","width":600,"height":338,"html":"<blockquote class=\"wp-embedded-content\" data-secret=\"ibPW5UW9Yr\"><a href=\"https:\/\/stuttgarti-katolikusok.de\/index.php\/2025-marcius\/\">2025 M\u00c1RCIUS<\/a><\/blockquote><iframe sandbox=\"allow-scripts\" security=\"restricted\" src=\"https:\/\/stuttgarti-katolikusok.de\/index.php\/2025-marcius\/embed\/#?secret=ibPW5UW9Yr\" width=\"600\" height=\"338\" title=\"&#8220;2025 M\u00c1RCIUS&#8221; &#8212; Stuttgarti Katolikusok\" data-secret=\"ibPW5UW9Yr\" frameborder=\"0\" marginwidth=\"0\" marginheight=\"0\" scrolling=\"no\" class=\"wp-embedded-content\"><\/iframe><script type=\"text\/javascript\">\n\/* <![CDATA[ *\/\n\/*! This file is auto-generated *\/\n!function(d,l){\"use strict\";l.querySelector&&d.addEventListener&&\"undefined\"!=typeof URL&&(d.wp=d.wp||{},d.wp.receiveEmbedMessage||(d.wp.receiveEmbedMessage=function(e){var t=e.data;if((t||t.secret||t.message||t.value)&&!\/[^a-zA-Z0-9]\/.test(t.secret)){for(var s,r,n,a=l.querySelectorAll('iframe[data-secret=\"'+t.secret+'\"]'),o=l.querySelectorAll('blockquote[data-secret=\"'+t.secret+'\"]'),c=new RegExp(\"^https?:$\",\"i\"),i=0;i<o.length;i++)o[i].style.display=\"none\";for(i=0;i<a.length;i++)s=a[i],e.source===s.contentWindow&&(s.removeAttribute(\"style\"),\"height\"===t.message?(1e3<(r=parseInt(t.value,10))?r=1e3:~~r<200&&(r=200),s.height=r):\"link\"===t.message&&(r=new URL(s.getAttribute(\"src\")),n=new URL(t.value),c.test(n.protocol))&&n.host===r.host&&l.activeElement===s&&(d.top.location.href=t.value))}},d.addEventListener(\"message\",d.wp.receiveEmbedMessage,!1),l.addEventListener(\"DOMContentLoaded\",function(){for(var e,t,s=l.querySelectorAll(\"iframe.wp-embedded-content\"),r=0;r<s.length;r++)(t=(e=s[r]).getAttribute(\"data-secret\"))||(t=Math.random().toString(36).substring(2,12),e.src+=\"#?secret=\"+t,e.setAttribute(\"data-secret\",t)),e.contentWindow.postMessage({message:\"ready\",secret:t},\"*\")},!1)))}(window,document);\n\/\/# sourceURL=https:\/\/stuttgarti-katolikusok.de\/wp-includes\/js\/wp-embed.min.js\n\/* ]]> *\/\n<\/script>\n","thumbnail_url":"https:\/\/stuttgarti-katolikusok.de\/wp-content\/uploads\/2025\/03\/soil-8080788-1280.jpg","thumbnail_width":1280,"thumbnail_height":853,"description":"A Bar\u00e1tom m\u00e1rciusi sz\u00e1m\u00e1ban bemutatkoznak Egyh\u00e1ztan\u00e1csos jeltjeink.\u00a0 2025. m\u00e1rcius 30-\u00e1n lesz Egyh\u00e1zmegy\u00e9nkben az \u00faj Egyh\u00e1ztan\u00e1cs-v\u00e1laszt\u00e1s. V\u00e1ltoz\u00e1s kapuj\u00e1ban \u00e1llunk abban az \u00e9rtelemben, hogy minden r\u00e9szegyh\u00e1zk\u00f6z\u00f6ss\u00e9g egy jel\u00f6lttel k\u00e9pviselteti mag\u00e1t. Kiv\u00e9telt k\u00e9pez Stuttgart \u00e9s Weingarten. El\u0151bbi 4, ut\u00f3bbi pedig k\u00e9t szem\u00e9llyel van jelen. Mind a 19 szem\u00e9ly, mint egyh\u00e1ztan\u00e1csos szavazati joggal b\u00edr.\u00a0 Amint \u00edr\u00e1somban jegyzem, \u00faj kezdet kapuj\u00e1ban \u00e1llunk. C\u00e9lunk pedig \u00f6sszetartoz\u00e1sunk \u00e9rz\u00e9s\u00e9t feler\u0151s\u00edteni \u00e9s elm\u00e9ly\u00edteni a helyi k\u00f6z\u00f6ss\u00e9geken kereszt\u00fcl. K\u00f6zben pedig nem feledj\u00fck, hogy \u00f6sszetartozunk.\u00a0 Fogadj\u00e1tok szeretettel jel\u00f6ljeink bemutatkoz\u00e1s\u00e1t.\u00a0 A lev\u00e9lben t\u00f6rt\u00e9n\u0151 szavaz\u00e1s lebonyol\u00edt\u00e1s\u00e1val kapcsolatosan hamarosan r\u00e9szletekkel jelentkezem, itt honlapunkon. Tibor atya (Nyit\u00f3k\u00e9p forr\u00e1sa: Pixabay)"}

2025 MÁRCIUS - Stuttgarti Katolikusok

<blockquote class="wp-embedded-content" data-secret="ibPW5UW9Yr"><a href="https://stuttgarti-katolikusok.de/index.php/2025-marcius/">2025 MÁRCIUS</a></blockquote><iframe sandbox="allow-scripts" security="restricted" src="https://stuttgarti-katolikusok.de/index.php/2025-marcius/embed/#?secret=ibPW5UW9Yr" width="600" height="338" title="&#8220;2025 MÁRCIUS&#8221; &#8212; Stuttgarti Katolikusok" data-secret="ibPW5UW9Yr" frameborder="0" marginwidth="0" marginheight="0" scrolling="no" class="wp-embedded-content"></iframe><script type="text/javascript">
/* <![CDATA[ */
/*! This file is auto-generated */
!function(d,l){"use strict";l.querySelector&&d.addEventListener&&"undefined"!=typeof URL&&(d.wp=d.wp||{},d.wp.receiveEmbedMessage||(d.wp.receiveEmbedMessage=function(e){var t=e.data;if((t||t.secret||t.message||t.value)&&!/[^a-zA-Z0-9]/.test(t.secret)){for(var s,r,n,a=l.querySelectorAll('iframe[data-secret="'+t.secret+'"]'),o=l.querySelectorAll('blockquote[data-secret="'+t.secret+'"]'),c=new RegExp("^https?:$","i"),i=0;i<o.length;i++)o[i].style.display="none";for(i=0;i<a.length;i++)s=a[i],e.source===s.contentWindow&&(s.removeAttribute("style"),"height"===t.message?(1e3<(r=parseInt(t.value,10))?r=1e3:~~r<200&&(r=200),s.height=r):"link"===t.message&&(r=new URL(s.getAttribute("src")),n=new URL(t.value),c.test(n.protocol))&&n.host===r.host&&l.activeElement===s&&(d.top.location.href=t.value))}},d.addEventListener("message",d.wp.receiveEmbedMessage,!1),l.addEventListener("DOMContentLoaded",function(){for(var e,t,s=l.querySelectorAll("iframe.wp-embedded-content"),r=0;r<s.length;r++)(t=(e=s[r]).getAttribute("data-secret"))||(t=Math.random().toString(36).substring(2,12),e.src+="#?secret="+t,e.setAttribute("data-secret",t)),e.contentWindow.postMessage({message:"ready",secret:t},"*")},!1)))}(window,document);
//# sourceURL=https://stuttgarti-katolikusok.de/wp-includes/js/wp-embed.min.js
/* ]]> */
</script>

A Barátom márciusi számában bemutatkoznak Egyháztanácsos jeltjeink.  2025. március 30-án lesz Egyházmegyénkben az új Egyháztanács-választás. Változás kapujában állunk abban az értelemben, hogy minden részegyházközösség egy jelölttel képviselteti magát. Kivételt képez Stuttgart és Weingarten. Előbbi 4, utóbbi pedig két személlyel van jelen. Mind a 19 személy, mint egyháztanácsos szavazati joggal bír.  Amint írásomban jegyzem, új kezdet kapujában állunk. Célunk pedig összetartozásunk érzését felerősíteni és elmélyíteni a helyi közösségeken keresztül. Közben pedig nem feledjük, hogy összetartozunk.  Fogadjátok szeretettel jelöljeink bemutatkozását.  A levélben történő szavazás lebonyolításával kapcsolatosan hamarosan részletekkel jelentkezem, itt honlapunkon. Tibor atya (Nyitókép forrása: Pixabay)
