{"version":"1.0","provider_name":"Stuttgarti Katolikusok","provider_url":"https:\/\/stuttgarti-katolikusok.de","title":"2025. J\u00daNIUS 23 \u00c9S 29 K\u00d6Z\u00d6TT - Stuttgarti Katolikusok","type":"rich","width":600,"height":338,"html":"<blockquote class=\"wp-embedded-content\" data-secret=\"KIVv6fvXvy\"><a href=\"https:\/\/stuttgarti-katolikusok.de\/index.php\/2025-junius-es-kozott\/\">2025. J\u00daNIUS 23 \u00c9S 29 K\u00d6Z\u00d6TT<\/a><\/blockquote><iframe sandbox=\"allow-scripts\" security=\"restricted\" src=\"https:\/\/stuttgarti-katolikusok.de\/index.php\/2025-junius-es-kozott\/embed\/#?secret=KIVv6fvXvy\" width=\"600\" height=\"338\" title=\"&#8220;2025. J\u00daNIUS 23 \u00c9S 29 K\u00d6Z\u00d6TT&#8221; &#8212; Stuttgarti Katolikusok\" data-secret=\"KIVv6fvXvy\" frameborder=\"0\" marginwidth=\"0\" marginheight=\"0\" scrolling=\"no\" class=\"wp-embedded-content\"><\/iframe><script type=\"text\/javascript\">\n\/* <![CDATA[ *\/\n\/*! This file is auto-generated *\/\n!function(d,l){\"use strict\";l.querySelector&&d.addEventListener&&\"undefined\"!=typeof URL&&(d.wp=d.wp||{},d.wp.receiveEmbedMessage||(d.wp.receiveEmbedMessage=function(e){var t=e.data;if((t||t.secret||t.message||t.value)&&!\/[^a-zA-Z0-9]\/.test(t.secret)){for(var s,r,n,a=l.querySelectorAll('iframe[data-secret=\"'+t.secret+'\"]'),o=l.querySelectorAll('blockquote[data-secret=\"'+t.secret+'\"]'),c=new RegExp(\"^https?:$\",\"i\"),i=0;i<o.length;i++)o[i].style.display=\"none\";for(i=0;i<a.length;i++)s=a[i],e.source===s.contentWindow&&(s.removeAttribute(\"style\"),\"height\"===t.message?(1e3<(r=parseInt(t.value,10))?r=1e3:~~r<200&&(r=200),s.height=r):\"link\"===t.message&&(r=new URL(s.getAttribute(\"src\")),n=new URL(t.value),c.test(n.protocol))&&n.host===r.host&&l.activeElement===s&&(d.top.location.href=t.value))}},d.addEventListener(\"message\",d.wp.receiveEmbedMessage,!1),l.addEventListener(\"DOMContentLoaded\",function(){for(var e,t,s=l.querySelectorAll(\"iframe.wp-embedded-content\"),r=0;r<s.length;r++)(t=(e=s[r]).getAttribute(\"data-secret\"))||(t=Math.random().toString(36).substring(2,12),e.src+=\"#?secret=\"+t,e.setAttribute(\"data-secret\",t)),e.contentWindow.postMessage({message:\"ready\",secret:t},\"*\")},!1)))}(window,document);\n\/\/# sourceURL=https:\/\/stuttgarti-katolikusok.de\/wp-includes\/js\/wp-embed.min.js\n\/* ]]> *\/\n<\/script>\n","thumbnail_url":"https:\/\/stuttgarti-katolikusok.de\/wp-content\/uploads\/2024\/06\/whatsapp-kep-2024-06-18-011801-d66d43ca.jpg","thumbnail_width":1306,"thumbnail_height":879,"description":"Programel\u0151zetes * J\u00fanius 26-\u00e1n, cs\u00fct\u00f6rt\u00f6k\u00f6n, Weingarteni d\u00e9lut\u00e1n, a 14 Nothelfer Kapelle-ben 17.30 \u00f3rakor r\u00f3zsaf\u00fcz\u00e9rt im\u00e1dkozunk, 18.00 \u00f3rakor szentmise. J\u00e9zus Szent Sz\u00edv\u00e9nek \u00fcnnep\u00e9t tartjuk meg. * J\u00fanius 27-\u00e9n, p\u00e9nteken, Stuttgarti d\u00e9lut\u00e1n. Nincs szentmise!!! Ezen alkalommal ism\u00e9telten rendhagy\u00f3 tal\u00e1lkoz\u00f3ja lesz a Bar\u00e1ts\u00e1gklub tagjainak. * J\u00fanius 28-\u00e1n, szombaton, Heilbronnban, 9.30 \u00f3rakor els\u0151\u00e1ldoz\u00e1si szentmise, Tuttlingenben, 16.00 \u00f3rakor szentmise, ezt k\u00f6vet\u0151en pedig agap\u00e9. J\u00e9zus Szent Sz\u00edv\u00e9nek \u00fcnnep\u00e9t tartjuk meg. \u00a0* J\u00fanius 29-\u00e9n, vas\u00e1rnap, Szent P\u00e9ter \u00e9s P\u00e1l apostolfejedelmek \u00fcnnepe Stuttgartban 11.30 \u00f3rakor \u00fcnnep\u00e9lyes szentmise. Ezen szentmise keret\u00e9ben az \u00fajonnan megv\u00e1lasztott Pasztor\u00e1lis Tan\u00e1cs tagjainak \u00fcnnep\u00e9lyes beiktat\u00e1s\u00e1ra ker\u00fcl sor. * Minden helyen mindenkit szeretettel v\u00e1r a k\u00f6z\u00f6ss\u00e9g \u00e9s Tibor atya! * * Kegyelemteljes napokat, tartalmas besz\u00e9lget\u00e9seket \u00e9s \u00f6r\u00f6mteli tal\u00e1lkoz\u00e1sokat k\u00edv\u00e1nunk minden Kedves H\u00edv\u00fcnknek! * \u201eA vil\u00e1g v\u00e1ndorolva j\u00e1rja \u00fatjait, az Isten vigasztalja, az \u00dar keresztj\u00e9t \u00e9s hal\u00e1l\u00e1t hirdeti, am\u00edg el nem j\u00f6n (v\u00f6. 1 Kor 11,26). Meger\u0151s\u00edti a felt\u00e1madott \u00dar ereje, hogy k\u00fcls\u0151-bels\u0151 \u00fatjait \u00e9s neh\u00e9zs\u00e9geit t\u00fcrelemmel \u00e9s szeretettel legy\u0151zze, \u00e9s a val\u00f3s\u00e1gnak hom\u00e1lyos k\u00e9p\u00e9vel ugyan, m\u00e9gis h\u0171s\u00e9gesen kinyilv\u00e1n\u00edtsa a vil\u00e1gban Ura miszt\u00e9rium\u00e1t, am\u00edg v\u00e9g\u00fcl is az meg nem mutatkozik teljes vil\u00e1goss\u00e1g\u00e1ban.\u201d (Lumen Gentium)"}

2025. JÚNIUS 23 ÉS 29 KÖZÖTT - Stuttgarti Katolikusok

<blockquote class="wp-embedded-content" data-secret="KIVv6fvXvy"><a href="https://stuttgarti-katolikusok.de/index.php/2025-junius-es-kozott/">2025. JÚNIUS 23 ÉS 29 KÖZÖTT</a></blockquote><iframe sandbox="allow-scripts" security="restricted" src="https://stuttgarti-katolikusok.de/index.php/2025-junius-es-kozott/embed/#?secret=KIVv6fvXvy" width="600" height="338" title="&#8220;2025. JÚNIUS 23 ÉS 29 KÖZÖTT&#8221; &#8212; Stuttgarti Katolikusok" data-secret="KIVv6fvXvy" frameborder="0" marginwidth="0" marginheight="0" scrolling="no" class="wp-embedded-content"></iframe><script type="text/javascript">
/* <![CDATA[ */
/*! This file is auto-generated */
!function(d,l){"use strict";l.querySelector&&d.addEventListener&&"undefined"!=typeof URL&&(d.wp=d.wp||{},d.wp.receiveEmbedMessage||(d.wp.receiveEmbedMessage=function(e){var t=e.data;if((t||t.secret||t.message||t.value)&&!/[^a-zA-Z0-9]/.test(t.secret)){for(var s,r,n,a=l.querySelectorAll('iframe[data-secret="'+t.secret+'"]'),o=l.querySelectorAll('blockquote[data-secret="'+t.secret+'"]'),c=new RegExp("^https?:$","i"),i=0;i<o.length;i++)o[i].style.display="none";for(i=0;i<a.length;i++)s=a[i],e.source===s.contentWindow&&(s.removeAttribute("style"),"height"===t.message?(1e3<(r=parseInt(t.value,10))?r=1e3:~~r<200&&(r=200),s.height=r):"link"===t.message&&(r=new URL(s.getAttribute("src")),n=new URL(t.value),c.test(n.protocol))&&n.host===r.host&&l.activeElement===s&&(d.top.location.href=t.value))}},d.addEventListener("message",d.wp.receiveEmbedMessage,!1),l.addEventListener("DOMContentLoaded",function(){for(var e,t,s=l.querySelectorAll("iframe.wp-embedded-content"),r=0;r<s.length;r++)(t=(e=s[r]).getAttribute("data-secret"))||(t=Math.random().toString(36).substring(2,12),e.src+="#?secret="+t,e.setAttribute("data-secret",t)),e.contentWindow.postMessage({message:"ready",secret:t},"*")},!1)))}(window,document);
//# sourceURL=https://stuttgarti-katolikusok.de/wp-includes/js/wp-embed.min.js
/* ]]> */
</script>

Programelőzetes * Június 26-án, csütörtökön, Weingarteni délután, a 14 Nothelfer Kapelle-ben 17.30 órakor rózsafüzért imádkozunk, 18.00 órakor szentmise. Jézus Szent Szívének ünnepét tartjuk meg. * Június 27-én, pénteken, Stuttgarti délután. Nincs szentmise!!! Ezen alkalommal ismételten rendhagyó találkozója lesz a Barátságklub tagjainak. * Június 28-án, szombaton, Heilbronnban, 9.30 órakor elsőáldozási szentmise, Tuttlingenben, 16.00 órakor szentmise, ezt követően pedig agapé. Jézus Szent Szívének ünnepét tartjuk meg.  * Június 29-én, vasárnap, Szent Péter és Pál apostolfejedelmek ünnepe Stuttgartban 11.30 órakor ünnepélyes szentmise. Ezen szentmise keretében az újonnan megválasztott Pasztorális Tanács tagjainak ünnepélyes beiktatására kerül sor. * Minden helyen mindenkit szeretettel vár a közösség és Tibor atya! * * Kegyelemteljes napokat, tartalmas beszélgetéseket és örömteli találkozásokat kívánunk minden Kedves Hívünknek! * „A világ vándorolva járja útjait, az Isten vigasztalja, az Úr keresztjét és halálát hirdeti, amíg el nem jön (vö. 1 Kor 11,26). Megerősíti a feltámadott Úr ereje, hogy külső-belső útjait és nehézségeit türelemmel és szeretettel legyőzze, és a valóságnak homályos képével ugyan, mégis hűségesen kinyilvánítsa a világban Ura misztériumát, amíg végül is az meg nem mutatkozik teljes világosságában.” (Lumen Gentium)
