{"version":"1.0","provider_name":"Stuttgarti Katolikusok","provider_url":"https:\/\/stuttgarti-katolikusok.de","title":"2024. OKT\u00d3BER 21 \u00c9S NOVEMBER 3 K\u00d6Z\u00d6TT - Stuttgarti Katolikusok","type":"rich","width":600,"height":338,"html":"<blockquote class=\"wp-embedded-content\" data-secret=\"tgmVPVrGVt\"><a href=\"https:\/\/stuttgarti-katolikusok.de\/index.php\/2024-oktober-21-es-november-3-kozott\/\">2024. OKT\u00d3BER 21 \u00c9S NOVEMBER 3 K\u00d6Z\u00d6TT<\/a><\/blockquote><iframe sandbox=\"allow-scripts\" security=\"restricted\" src=\"https:\/\/stuttgarti-katolikusok.de\/index.php\/2024-oktober-21-es-november-3-kozott\/embed\/#?secret=tgmVPVrGVt\" width=\"600\" height=\"338\" title=\"&#8220;2024. OKT\u00d3BER 21 \u00c9S NOVEMBER 3 K\u00d6Z\u00d6TT&#8221; &#8212; Stuttgarti Katolikusok\" data-secret=\"tgmVPVrGVt\" frameborder=\"0\" marginwidth=\"0\" marginheight=\"0\" scrolling=\"no\" class=\"wp-embedded-content\"><\/iframe><script type=\"text\/javascript\">\n\/* <![CDATA[ *\/\n\/*! This file is auto-generated *\/\n!function(d,l){\"use strict\";l.querySelector&&d.addEventListener&&\"undefined\"!=typeof URL&&(d.wp=d.wp||{},d.wp.receiveEmbedMessage||(d.wp.receiveEmbedMessage=function(e){var t=e.data;if((t||t.secret||t.message||t.value)&&!\/[^a-zA-Z0-9]\/.test(t.secret)){for(var s,r,n,a=l.querySelectorAll('iframe[data-secret=\"'+t.secret+'\"]'),o=l.querySelectorAll('blockquote[data-secret=\"'+t.secret+'\"]'),c=new RegExp(\"^https?:$\",\"i\"),i=0;i<o.length;i++)o[i].style.display=\"none\";for(i=0;i<a.length;i++)s=a[i],e.source===s.contentWindow&&(s.removeAttribute(\"style\"),\"height\"===t.message?(1e3<(r=parseInt(t.value,10))?r=1e3:~~r<200&&(r=200),s.height=r):\"link\"===t.message&&(r=new URL(s.getAttribute(\"src\")),n=new URL(t.value),c.test(n.protocol))&&n.host===r.host&&l.activeElement===s&&(d.top.location.href=t.value))}},d.addEventListener(\"message\",d.wp.receiveEmbedMessage,!1),l.addEventListener(\"DOMContentLoaded\",function(){for(var e,t,s=l.querySelectorAll(\"iframe.wp-embedded-content\"),r=0;r<s.length;r++)(t=(e=s[r]).getAttribute(\"data-secret\"))||(t=Math.random().toString(36).substring(2,12),e.src+=\"#?secret=\"+t,e.setAttribute(\"data-secret\",t)),e.contentWindow.postMessage({message:\"ready\",secret:t},\"*\")},!1)))}(window,document);\n\/\/# sourceURL=https:\/\/stuttgarti-katolikusok.de\/wp-includes\/js\/wp-embed.min.js\n\/* ]]> *\/\n<\/script>\n","thumbnail_url":"https:\/\/stuttgarti-katolikusok.de\/wp-content\/uploads\/2023\/10\/road-1072823-1280.jpg","thumbnail_width":1280,"thumbnail_height":748,"description":"Programel\u0151zetes * Okt\u00f3ber 25-\u00e9n,\u00a0p\u00e9nteken, Stuttgarti d\u00e9lut\u00e1n, 18.00 \u00f3rakor r\u00f3zsaf\u00fcz\u00e9rt im\u00e1dkozunk \u00e9s okt\u00f3beri \u00e1jtatoss\u00e1g, a szentmise ELMARAD!!! Weingarteni d\u00e9lut\u00e1n, a 14 Nothelfer Kapelle-ben, 17.30 \u00f3rakor r\u00f3zsaf\u00fcz\u00e9rt im\u00e1dkozunk, ut\u00e1na 18.00 \u00f3rakor szentmise. \u00a0 * Okt\u00f3ber 26-\u00e1n, szombaton, \u00c9vk\u00f6zi 30. vas\u00e1rnap, Tuttlingenben 16.00 \u00f3rakor szentmise, ut\u00e1na agap\u00e9. * T\u00e9li id\u0151sz\u00e1m\u00edt\u00e1s kezdete: 2024. okt\u00f3ber 27.\u00a0vas\u00e1rnap hajnalban 3:00 \u00f3rakor 2:00 \u00f3r\u00e1ra kell vissza\u00e1ll\u00edtani az \u00f3r\u00e1t. Okt\u00f3ber 27-\u00e9n, \u00c9vk\u00f6zi 30. vas\u00e1rnap, B\u00f6blingenben 9.30 \u00f3rakor szentmise, ut\u00e1na agap\u00e9, Eislingenben 15.00 \u00f3rakor szentmise, ut\u00e1na agap\u00e9. * (K\u00e9p forr\u00e1sa: N\u00e9meti Gergely) * November 1-j\u00e9n, p\u00e9nteken, Mindenszentek \u00fcnnepe, Weingartenben 10.00 \u00f3rakor a 14 Nothelfer Kapelle-ben szentmise, ut\u00e1na a k\u00f6zeli temet\u0151ben (Marienfriedhof) im\u00e1dkozunk halottjaink\u00e9rt, Ulmban 15.00 \u00f3rakor szentmise, Stuttgartban 18.00 \u00f3rakor szentmise, ezt megel\u0151z\u0151en 17.00 \u00f3rakor a k\u00f6zelben l\u00e9v\u0151 temet\u0151be (Gablenberger Friedhof) l\u00e1togatunk ki, hogy halottjaink\u00e9rt im\u00e1dkozzunk. Szentmise v\u00e9gezt\u00e9vel agap\u00e9 a k\u00f6z\u00f6ss\u00e9gi teremben. * * * November 2-\u00e1n, szombaton, Halottak napja, Balingenben 16.00 \u00f3rakor szentmise,\u00a0ut\u00e1na\u00a0agap\u00e9. * November 3-\u00e1n, \u00c9vk\u00f6zi 31. vas\u00e1rnap, Schw\u00e4bisch-Gm\u00fcndben 9.30 \u00f3rakor szentmise,\u00a0ut\u00e1na\u00a0agap\u00e9. Stuttgartban 15.00 \u00f3rakor gyermek-istentisztelet,\u00a0ut\u00e1na agap\u00e9. * Minden helyen mindenkit szeretettel v\u00e1r a k\u00f6z\u00f6ss\u00e9g \u00e9s Tibor atya! * Bens\u0151s\u00e9ges \u0151szi napokat, j\u00f3 munk\u00e1t, tartalmas besz\u00e9lget\u00e9seket \u00e9s \u00f6r\u00f6mteli tal\u00e1lkoz\u00e1sokat k\u00edv\u00e1nunk minden Kedves H\u00edv\u00fcnknek! * \u201eA szent semmi m\u00e1s nem akar lenni, csak az isteni akarat puszta eszk\u00f6ze. Egyszer\u0171en ablak, amelyen kereszt\u00fcl Isten kegyelme a vil\u00e1gra ragyog.\u201d (Thomas Merton \u2013 1915-1968 \u2013 trappista szerzetes, lelkis\u00e9gi \u00edr\u00f3, k\u00f6lt\u0151) (K\u00e9p forr\u00e1sa: Pixabay)"}

2024. OKTÓBER 21 ÉS NOVEMBER 3 KÖZÖTT - Stuttgarti Katolikusok

<blockquote class="wp-embedded-content" data-secret="tgmVPVrGVt"><a href="https://stuttgarti-katolikusok.de/index.php/2024-oktober-21-es-november-3-kozott/">2024. OKTÓBER 21 ÉS NOVEMBER 3 KÖZÖTT</a></blockquote><iframe sandbox="allow-scripts" security="restricted" src="https://stuttgarti-katolikusok.de/index.php/2024-oktober-21-es-november-3-kozott/embed/#?secret=tgmVPVrGVt" width="600" height="338" title="&#8220;2024. OKTÓBER 21 ÉS NOVEMBER 3 KÖZÖTT&#8221; &#8212; Stuttgarti Katolikusok" data-secret="tgmVPVrGVt" frameborder="0" marginwidth="0" marginheight="0" scrolling="no" class="wp-embedded-content"></iframe><script type="text/javascript">
/* <![CDATA[ */
/*! This file is auto-generated */
!function(d,l){"use strict";l.querySelector&&d.addEventListener&&"undefined"!=typeof URL&&(d.wp=d.wp||{},d.wp.receiveEmbedMessage||(d.wp.receiveEmbedMessage=function(e){var t=e.data;if((t||t.secret||t.message||t.value)&&!/[^a-zA-Z0-9]/.test(t.secret)){for(var s,r,n,a=l.querySelectorAll('iframe[data-secret="'+t.secret+'"]'),o=l.querySelectorAll('blockquote[data-secret="'+t.secret+'"]'),c=new RegExp("^https?:$","i"),i=0;i<o.length;i++)o[i].style.display="none";for(i=0;i<a.length;i++)s=a[i],e.source===s.contentWindow&&(s.removeAttribute("style"),"height"===t.message?(1e3<(r=parseInt(t.value,10))?r=1e3:~~r<200&&(r=200),s.height=r):"link"===t.message&&(r=new URL(s.getAttribute("src")),n=new URL(t.value),c.test(n.protocol))&&n.host===r.host&&l.activeElement===s&&(d.top.location.href=t.value))}},d.addEventListener("message",d.wp.receiveEmbedMessage,!1),l.addEventListener("DOMContentLoaded",function(){for(var e,t,s=l.querySelectorAll("iframe.wp-embedded-content"),r=0;r<s.length;r++)(t=(e=s[r]).getAttribute("data-secret"))||(t=Math.random().toString(36).substring(2,12),e.src+="#?secret="+t,e.setAttribute("data-secret",t)),e.contentWindow.postMessage({message:"ready",secret:t},"*")},!1)))}(window,document);
//# sourceURL=https://stuttgarti-katolikusok.de/wp-includes/js/wp-embed.min.js
/* ]]> */
</script>

Programelőzetes * Október 25-én, pénteken, Stuttgarti délután, 18.00 órakor rózsafüzért imádkozunk és októberi ájtatosság, a szentmise ELMARAD!!! Weingarteni délután, a 14 Nothelfer Kapelle-ben, 17.30 órakor rózsafüzért imádkozunk, utána 18.00 órakor szentmise.   * Október 26-án, szombaton, Évközi 30. vasárnap, Tuttlingenben 16.00 órakor szentmise, utána agapé. * Téli időszámítás kezdete: 2024. október 27. vasárnap hajnalban 3:00 órakor 2:00 órára kell visszaállítani az órát. Október 27-én, Évközi 30. vasárnap, Böblingenben 9.30 órakor szentmise, utána agapé, Eislingenben 15.00 órakor szentmise, utána agapé. * (Kép forrása: Németi Gergely) * November 1-jén, pénteken, Mindenszentek ünnepe, Weingartenben 10.00 órakor a 14 Nothelfer Kapelle-ben szentmise, utána a közeli temetőben (Marienfriedhof) imádkozunk halottjainkért, Ulmban 15.00 órakor szentmise, Stuttgartban 18.00 órakor szentmise, ezt megelőzően 17.00 órakor a közelben lévő temetőbe (Gablenberger Friedhof) látogatunk ki, hogy halottjainkért imádkozzunk. Szentmise végeztével agapé a közösségi teremben. * * * November 2-án, szombaton, Halottak napja, Balingenben 16.00 órakor szentmise, utána agapé. * November 3-án, Évközi 31. vasárnap, Schwäbisch-Gmündben 9.30 órakor szentmise, utána agapé. Stuttgartban 15.00 órakor gyermek-istentisztelet, utána agapé. * Minden helyen mindenkit szeretettel vár a közösség és Tibor atya! * Bensőséges őszi napokat, jó munkát, tartalmas beszélgetéseket és örömteli találkozásokat kívánunk minden Kedves Hívünknek! * „A szent semmi más nem akar lenni, csak az isteni akarat puszta eszköze. Egyszerűen ablak, amelyen keresztül Isten kegyelme a világra ragyog.” (Thomas Merton – 1915-1968 – trappista szerzetes, lelkiségi író, költő) (Kép forrása: Pixabay)
