{"version":"1.0","provider_name":"Stuttgarti Katolikusok","provider_url":"https:\/\/stuttgarti-katolikusok.de","title":"2024. NOVEMBER 25 \u00c9S DECEMBER 1 K\u00d6Z\u00d6TT - Stuttgarti Katolikusok","type":"rich","width":600,"height":338,"html":"<blockquote class=\"wp-embedded-content\" data-secret=\"N7Hwd80DAR\"><a href=\"https:\/\/stuttgarti-katolikusok.de\/index.php\/2024-november-25-es-december-1-kozott\/\">2024. NOVEMBER 25 \u00c9S DECEMBER 1 K\u00d6Z\u00d6TT<\/a><\/blockquote><iframe sandbox=\"allow-scripts\" security=\"restricted\" src=\"https:\/\/stuttgarti-katolikusok.de\/index.php\/2024-november-25-es-december-1-kozott\/embed\/#?secret=N7Hwd80DAR\" width=\"600\" height=\"338\" title=\"&#8220;2024. NOVEMBER 25 \u00c9S DECEMBER 1 K\u00d6Z\u00d6TT&#8221; &#8212; Stuttgarti Katolikusok\" data-secret=\"N7Hwd80DAR\" frameborder=\"0\" marginwidth=\"0\" marginheight=\"0\" scrolling=\"no\" class=\"wp-embedded-content\"><\/iframe><script type=\"text\/javascript\">\n\/* <![CDATA[ *\/\n\/*! This file is auto-generated *\/\n!function(d,l){\"use strict\";l.querySelector&&d.addEventListener&&\"undefined\"!=typeof URL&&(d.wp=d.wp||{},d.wp.receiveEmbedMessage||(d.wp.receiveEmbedMessage=function(e){var t=e.data;if((t||t.secret||t.message||t.value)&&!\/[^a-zA-Z0-9]\/.test(t.secret)){for(var s,r,n,a=l.querySelectorAll('iframe[data-secret=\"'+t.secret+'\"]'),o=l.querySelectorAll('blockquote[data-secret=\"'+t.secret+'\"]'),c=new RegExp(\"^https?:$\",\"i\"),i=0;i<o.length;i++)o[i].style.display=\"none\";for(i=0;i<a.length;i++)s=a[i],e.source===s.contentWindow&&(s.removeAttribute(\"style\"),\"height\"===t.message?(1e3<(r=parseInt(t.value,10))?r=1e3:~~r<200&&(r=200),s.height=r):\"link\"===t.message&&(r=new URL(s.getAttribute(\"src\")),n=new URL(t.value),c.test(n.protocol))&&n.host===r.host&&l.activeElement===s&&(d.top.location.href=t.value))}},d.addEventListener(\"message\",d.wp.receiveEmbedMessage,!1),l.addEventListener(\"DOMContentLoaded\",function(){for(var e,t,s=l.querySelectorAll(\"iframe.wp-embedded-content\"),r=0;r<s.length;r++)(t=(e=s[r]).getAttribute(\"data-secret\"))||(t=Math.random().toString(36).substring(2,12),e.src+=\"#?secret=\"+t,e.setAttribute(\"data-secret\",t)),e.contentWindow.postMessage({message:\"ready\",secret:t},\"*\")},!1)))}(window,document);\n\/\/# sourceURL=https:\/\/stuttgarti-katolikusok.de\/wp-includes\/js\/wp-embed.min.js\n\/* ]]> *\/\n<\/script>\n","thumbnail_url":"https:\/\/stuttgarti-katolikusok.de\/wp-content\/uploads\/2023\/12\/mountains-736886-1280.jpg","thumbnail_width":1280,"thumbnail_height":835,"description":"Programel\u0151zetes * November 28-\u00e1n,\u00a0cs\u00fct\u00f6rt\u00f6k\u00f6n, Weingarteni d\u00e9lut\u00e1n, a 14 Nothelfer Kapelle-ben 17.30 \u00f3rakor r\u00f3zsaf\u00fcz\u00e9rt im\u00e1dkozunk, 18.00 \u00f3rakor szentmise, keret\u00e9ben katek\u00e9zis. * November 29-\u00e9n, p\u00e9nteken, Stuttgarti d\u00e9lut\u00e1n. A szentmise ELMARAD!!! A Liszt Int\u00e9zet \u2013 Magyar Kultur\u00e1lis K\u00f6zpont Stuttgart ad otthont a Stuttgarti Magyar Katolikus J\u00f3t\u00e9konys\u00e1gi B\u00e1l 50 esztendej\u00e9t bemutat\u00f3 k\u00f6nyv\u00fcnknek. A k\u00f6nyvbemutat\u00f3 v\u00e9gezt\u00e9vel lehet\u0151s\u00e9g k\u00edn\u00e1lkozik a szem\u00e9lyes besz\u00e9lget\u00e9sre a k\u00f6nyv szerz\u0151j\u00e9vel, Jenei Gy\u00f6ngyv\u00e9rrel. K\u00f6sz\u00f6net Peth\u0151 sz\u00ednm\u0171v\u00e9szn\u0151nek \u00e9s D\u00f3czy P\u00e9ter sz\u00ednm\u0171v\u00e9sz\u00farnak, akik szint\u00e9n k\u00f6zrem\u0171k\u00f6dnek az este folyam\u00e1n.\u00a0 Term\u00e9szetesen a k\u00f6nyv megv\u00e1s\u00e1rl\u00e1s\u00e1ra is lesz lehet\u0151s\u00e9g\u00fcnk. Tov\u00e1bb\u00e1 szer\u00e9ny \u00e1ll\u00f3fogad\u00e1st is tartunk. Szok\u00e1sunkhoz h\u00edven \u00f6r\u00f6mmel fogadunk s\u00f3s \u00e9s apr\u00f3s\u00fctem\u00e9nyt. \u00a0* November 30-\u00e1n, szombaton,\u00a0Reutlingenben\u00a016.30 \u00f3rakor Szent Erzs\u00e9bet b\u00facs\u00fas-szentmise, ezt k\u00f6vet\u0151en agap\u00e9. * December 1-j\u00e9n,\u00a0Advent I. vas\u00e1rnapj\u00e1n, Schw\u00e4bisch-Gm\u00fcndben 9.30 \u00f3rakor adventi gyertyagy\u00fajt\u00e1s, szentmise, ut\u00e1na agap\u00e9, Stuttgartban\u00a015.00 \u00f3rakor adventi gyertyagy\u00fajt\u00e1s, gyermek-istentisztelet. Az el\u0151ad\u00e1st k\u00f6vet\u0151en agap\u00e9\u00a0a k\u00f6z\u00f6ss\u00e9gi teremben. * * Minden helyen mindenkit szeretettel v\u00e1r a k\u00f6z\u00f6ss\u00e9g \u00e9s Tibor atya! * Bens\u0151s\u00e9ges \u0151szi napokat, j\u00f3 munk\u00e1t, tartalmas besz\u00e9lget\u00e9seket, \u00f6r\u00f6mteli tal\u00e1lkoz\u00e1sokat \u00e9s \u00e1ldott adventi k\u00e9sz\u00fcletet k\u00edv\u00e1nunk minden Kedves H\u00edv\u00fcnknek! * Van-e \u00e9rz\u00e9s, mely forr\u00f3ban \u00e9s sejtelmesebben megdobogtatja az emberi sz\u00edvet, mint az \u00fcnnep \u00e9s a v\u00e1rakoz\u00e1s izgalma?\u00a0(M\u00e1rai S\u00e1ndor \u2013 1900-1989)"}

2024. NOVEMBER 25 ÉS DECEMBER 1 KÖZÖTT - Stuttgarti Katolikusok

<blockquote class="wp-embedded-content" data-secret="N7Hwd80DAR"><a href="https://stuttgarti-katolikusok.de/index.php/2024-november-25-es-december-1-kozott/">2024. NOVEMBER 25 ÉS DECEMBER 1 KÖZÖTT</a></blockquote><iframe sandbox="allow-scripts" security="restricted" src="https://stuttgarti-katolikusok.de/index.php/2024-november-25-es-december-1-kozott/embed/#?secret=N7Hwd80DAR" width="600" height="338" title="&#8220;2024. NOVEMBER 25 ÉS DECEMBER 1 KÖZÖTT&#8221; &#8212; Stuttgarti Katolikusok" data-secret="N7Hwd80DAR" frameborder="0" marginwidth="0" marginheight="0" scrolling="no" class="wp-embedded-content"></iframe><script type="text/javascript">
/* <![CDATA[ */
/*! This file is auto-generated */
!function(d,l){"use strict";l.querySelector&&d.addEventListener&&"undefined"!=typeof URL&&(d.wp=d.wp||{},d.wp.receiveEmbedMessage||(d.wp.receiveEmbedMessage=function(e){var t=e.data;if((t||t.secret||t.message||t.value)&&!/[^a-zA-Z0-9]/.test(t.secret)){for(var s,r,n,a=l.querySelectorAll('iframe[data-secret="'+t.secret+'"]'),o=l.querySelectorAll('blockquote[data-secret="'+t.secret+'"]'),c=new RegExp("^https?:$","i"),i=0;i<o.length;i++)o[i].style.display="none";for(i=0;i<a.length;i++)s=a[i],e.source===s.contentWindow&&(s.removeAttribute("style"),"height"===t.message?(1e3<(r=parseInt(t.value,10))?r=1e3:~~r<200&&(r=200),s.height=r):"link"===t.message&&(r=new URL(s.getAttribute("src")),n=new URL(t.value),c.test(n.protocol))&&n.host===r.host&&l.activeElement===s&&(d.top.location.href=t.value))}},d.addEventListener("message",d.wp.receiveEmbedMessage,!1),l.addEventListener("DOMContentLoaded",function(){for(var e,t,s=l.querySelectorAll("iframe.wp-embedded-content"),r=0;r<s.length;r++)(t=(e=s[r]).getAttribute("data-secret"))||(t=Math.random().toString(36).substring(2,12),e.src+="#?secret="+t,e.setAttribute("data-secret",t)),e.contentWindow.postMessage({message:"ready",secret:t},"*")},!1)))}(window,document);
//# sourceURL=https://stuttgarti-katolikusok.de/wp-includes/js/wp-embed.min.js
/* ]]> */
</script>

Programelőzetes * November 28-án, csütörtökön, Weingarteni délután, a 14 Nothelfer Kapelle-ben 17.30 órakor rózsafüzért imádkozunk, 18.00 órakor szentmise, keretében katekézis. * November 29-én, pénteken, Stuttgarti délután. A szentmise ELMARAD!!! A Liszt Intézet – Magyar Kulturális Központ Stuttgart ad otthont a Stuttgarti Magyar Katolikus Jótékonysági Bál 50 esztendejét bemutató könyvünknek. A könyvbemutató végeztével lehetőség kínálkozik a személyes beszélgetésre a könyv szerzőjével, Jenei Gyöngyvérrel. Köszönet Pethő színművésznőnek és Dóczy Péter színművészúrnak, akik szintén közreműködnek az este folyamán.  Természetesen a könyv megvásárlására is lesz lehetőségünk. Továbbá szerény állófogadást is tartunk. Szokásunkhoz híven örömmel fogadunk sós és aprósüteményt.  * November 30-án, szombaton, Reutlingenben 16.30 órakor Szent Erzsébet búcsús-szentmise, ezt követően agapé. * December 1-jén, Advent I. vasárnapján, Schwäbisch-Gmündben 9.30 órakor adventi gyertyagyújtás, szentmise, utána agapé, Stuttgartban 15.00 órakor adventi gyertyagyújtás, gyermek-istentisztelet. Az előadást követően agapé a közösségi teremben. * * Minden helyen mindenkit szeretettel vár a közösség és Tibor atya! * Bensőséges őszi napokat, jó munkát, tartalmas beszélgetéseket, örömteli találkozásokat és áldott adventi készületet kívánunk minden Kedves Hívünknek! * Van-e érzés, mely forróban és sejtelmesebben megdobogtatja az emberi szívet, mint az ünnep és a várakozás izgalma? (Márai Sándor – 1900-1989)
