{"version":"1.0","provider_name":"Stuttgarti Katolikusok","provider_url":"https:\/\/stuttgarti-katolikusok.de","title":"2024. NOVEMBER 11 \u00c9S 17 K\u00d6Z\u00d6TT - Stuttgarti Katolikusok","type":"rich","width":600,"height":338,"html":"<blockquote class=\"wp-embedded-content\" data-secret=\"03eIGACpdR\"><a href=\"https:\/\/stuttgarti-katolikusok.de\/index.php\/2024-november-11-es-17-kozott\/\">2024. NOVEMBER 11 \u00c9S 17 K\u00d6Z\u00d6TT<\/a><\/blockquote><iframe sandbox=\"allow-scripts\" security=\"restricted\" src=\"https:\/\/stuttgarti-katolikusok.de\/index.php\/2024-november-11-es-17-kozott\/embed\/#?secret=03eIGACpdR\" width=\"600\" height=\"338\" title=\"&#8220;2024. NOVEMBER 11 \u00c9S 17 K\u00d6Z\u00d6TT&#8221; &#8212; Stuttgarti Katolikusok\" data-secret=\"03eIGACpdR\" frameborder=\"0\" marginwidth=\"0\" marginheight=\"0\" scrolling=\"no\" class=\"wp-embedded-content\"><\/iframe><script type=\"text\/javascript\">\n\/* <![CDATA[ *\/\n\/*! This file is auto-generated *\/\n!function(d,l){\"use strict\";l.querySelector&&d.addEventListener&&\"undefined\"!=typeof URL&&(d.wp=d.wp||{},d.wp.receiveEmbedMessage||(d.wp.receiveEmbedMessage=function(e){var t=e.data;if((t||t.secret||t.message||t.value)&&!\/[^a-zA-Z0-9]\/.test(t.secret)){for(var s,r,n,a=l.querySelectorAll('iframe[data-secret=\"'+t.secret+'\"]'),o=l.querySelectorAll('blockquote[data-secret=\"'+t.secret+'\"]'),c=new RegExp(\"^https?:$\",\"i\"),i=0;i<o.length;i++)o[i].style.display=\"none\";for(i=0;i<a.length;i++)s=a[i],e.source===s.contentWindow&&(s.removeAttribute(\"style\"),\"height\"===t.message?(1e3<(r=parseInt(t.value,10))?r=1e3:~~r<200&&(r=200),s.height=r):\"link\"===t.message&&(r=new URL(s.getAttribute(\"src\")),n=new URL(t.value),c.test(n.protocol))&&n.host===r.host&&l.activeElement===s&&(d.top.location.href=t.value))}},d.addEventListener(\"message\",d.wp.receiveEmbedMessage,!1),l.addEventListener(\"DOMContentLoaded\",function(){for(var e,t,s=l.querySelectorAll(\"iframe.wp-embedded-content\"),r=0;r<s.length;r++)(t=(e=s[r]).getAttribute(\"data-secret\"))||(t=Math.random().toString(36).substring(2,12),e.src+=\"#?secret=\"+t,e.setAttribute(\"data-secret\",t)),e.contentWindow.postMessage({message:\"ready\",secret:t},\"*\")},!1)))}(window,document);\n\/\/# sourceURL=https:\/\/stuttgarti-katolikusok.de\/wp-includes\/js\/wp-embed.min.js\n\/* ]]> *\/\n<\/script>\n","thumbnail_url":"https:\/\/stuttgarti-katolikusok.de\/wp-content\/uploads\/2023\/11\/erdei-osveny.jpg","thumbnail_width":1074,"thumbnail_height":926,"description":"Programel\u0151zetes \u00a0* November 15-\u00e9n,\u00a0p\u00e9nteken, Stuttgarti d\u00e9lut\u00e1n, 17.30 \u00f3rakor r\u00f3zsaf\u00fcz\u00e9rt im\u00e1dkozunk, 18.00 \u00f3rakor\u00a0szentmise, keret\u00e9ben katek\u00e9zis. * November 16-\u00e1n, szombaton, Heidenheimban 15.30 \u00f3rakor szentmise, ezt k\u00f6vet\u0151en agap\u00e9t tartunk, Weingartenben 16.00 \u00f3rakor b\u00facs\u00fas-szentmise a Marienkirche-ben (St. Konrad-Stra\u00dfe 28), Szent Imre herceget k\u00f6sz\u00f6ntj\u00fck. Ezt k\u00f6vet\u0151en 18.00 \u00f3rakor j\u00f3t\u00e9konys\u00e1gi vacsora a St. Martinus Gemeindehaus&#8211;ban (Irmentrudstra\u00dfe 12). ** November 17-\u00e9n, \u00c9vk\u00f6zi 33. vas\u00e1rnap, Ludwigsburgban 9.00 \u00f3rakor szentmise, ut\u00e1na agap\u00e9, Stuttgartban nincs szentmise!!! K\u00e9rlek benneteket, hogy j\u00f6jjetek vagy Ludwigsburgba, Heilbronnban 15.30 \u00f3rakor szentmise, ut\u00e1na agap\u00e9. * Minden helyen mindenkit szeretettel v\u00e1r a k\u00f6z\u00f6ss\u00e9g \u00e9s Tibor atya! Bens\u0151s\u00e9ges \u0151szi napokat, j\u00f3 munk\u00e1t, tartalmas besz\u00e9lget\u00e9seket \u00e9s \u00f6r\u00f6mteli tal\u00e1lkoz\u00e1sokat k\u00edv\u00e1nunk minden Kedves H\u00edv\u00fcnknek! * \u201eATY\u00c1M, R\u00e1d hagyatkozom, tedd velem azt, ami neked tetszik. B\u00e1rmit teszel is velem, megk\u00f6sz\u00f6n\u00f6m. K\u00e9sz vagyok mindenre, elfogadok mindent, csak akaratod teljesedj\u00e9k, bennem \u00e9s minden teremtm\u00e9nyedben. Semmi m\u00e1st nem \u00f3hajtok, Istenem! Kezedbe aj\u00e1nlom lelkemet, neked adom, Istenem, sz\u00edvem eg\u00e9sz szeretet\u00e9vel, mert szeretlek t\u00e9ged, \u00e9s a szeretet s\u00fcrget, hogy eg\u00e9szen neked adjam magam, hogy fenntart\u00e1s n\u00e9lk\u00fcl kezedbe helyezzem \u00e9letemet hat\u00e1rtalan bizalommal, mert te vagy az \u00e9n Aty\u00e1m!\u201d \u00a0(Boldog Charles de Foucauld \u2013 1858-1916 \u2013 trappista szerzetes, katolikus pap) (Nyit\u00f3k\u00e9p forr\u00e1sa: Instagram)"}

2024. NOVEMBER 11 ÉS 17 KÖZÖTT - Stuttgarti Katolikusok

<blockquote class="wp-embedded-content" data-secret="03eIGACpdR"><a href="https://stuttgarti-katolikusok.de/index.php/2024-november-11-es-17-kozott/">2024. NOVEMBER 11 ÉS 17 KÖZÖTT</a></blockquote><iframe sandbox="allow-scripts" security="restricted" src="https://stuttgarti-katolikusok.de/index.php/2024-november-11-es-17-kozott/embed/#?secret=03eIGACpdR" width="600" height="338" title="&#8220;2024. NOVEMBER 11 ÉS 17 KÖZÖTT&#8221; &#8212; Stuttgarti Katolikusok" data-secret="03eIGACpdR" frameborder="0" marginwidth="0" marginheight="0" scrolling="no" class="wp-embedded-content"></iframe><script type="text/javascript">
/* <![CDATA[ */
/*! This file is auto-generated */
!function(d,l){"use strict";l.querySelector&&d.addEventListener&&"undefined"!=typeof URL&&(d.wp=d.wp||{},d.wp.receiveEmbedMessage||(d.wp.receiveEmbedMessage=function(e){var t=e.data;if((t||t.secret||t.message||t.value)&&!/[^a-zA-Z0-9]/.test(t.secret)){for(var s,r,n,a=l.querySelectorAll('iframe[data-secret="'+t.secret+'"]'),o=l.querySelectorAll('blockquote[data-secret="'+t.secret+'"]'),c=new RegExp("^https?:$","i"),i=0;i<o.length;i++)o[i].style.display="none";for(i=0;i<a.length;i++)s=a[i],e.source===s.contentWindow&&(s.removeAttribute("style"),"height"===t.message?(1e3<(r=parseInt(t.value,10))?r=1e3:~~r<200&&(r=200),s.height=r):"link"===t.message&&(r=new URL(s.getAttribute("src")),n=new URL(t.value),c.test(n.protocol))&&n.host===r.host&&l.activeElement===s&&(d.top.location.href=t.value))}},d.addEventListener("message",d.wp.receiveEmbedMessage,!1),l.addEventListener("DOMContentLoaded",function(){for(var e,t,s=l.querySelectorAll("iframe.wp-embedded-content"),r=0;r<s.length;r++)(t=(e=s[r]).getAttribute("data-secret"))||(t=Math.random().toString(36).substring(2,12),e.src+="#?secret="+t,e.setAttribute("data-secret",t)),e.contentWindow.postMessage({message:"ready",secret:t},"*")},!1)))}(window,document);
//# sourceURL=https://stuttgarti-katolikusok.de/wp-includes/js/wp-embed.min.js
/* ]]> */
</script>

Programelőzetes  * November 15-én, pénteken, Stuttgarti délután, 17.30 órakor rózsafüzért imádkozunk, 18.00 órakor szentmise, keretében katekézis. * November 16-án, szombaton, Heidenheimban 15.30 órakor szentmise, ezt követően agapét tartunk, Weingartenben 16.00 órakor búcsús-szentmise a Marienkirche-ben (St. Konrad-Straße 28), Szent Imre herceget köszöntjük. Ezt követően 18.00 órakor jótékonysági vacsora a St. Martinus Gemeindehaus&#8211;ban (Irmentrudstraße 12). ** November 17-én, Évközi 33. vasárnap, Ludwigsburgban 9.00 órakor szentmise, utána agapé, Stuttgartban nincs szentmise!!! Kérlek benneteket, hogy jöjjetek vagy Ludwigsburgba, Heilbronnban 15.30 órakor szentmise, utána agapé. * Minden helyen mindenkit szeretettel vár a közösség és Tibor atya! Bensőséges őszi napokat, jó munkát, tartalmas beszélgetéseket és örömteli találkozásokat kívánunk minden Kedves Hívünknek! * „ATYÁM, Rád hagyatkozom, tedd velem azt, ami neked tetszik. Bármit teszel is velem, megköszönöm. Kész vagyok mindenre, elfogadok mindent, csak akaratod teljesedjék, bennem és minden teremtményedben. Semmi mást nem óhajtok, Istenem! Kezedbe ajánlom lelkemet, neked adom, Istenem, szívem egész szeretetével, mert szeretlek téged, és a szeretet sürget, hogy egészen neked adjam magam, hogy fenntartás nélkül kezedbe helyezzem életemet határtalan bizalommal, mert te vagy az én Atyám!”  (Boldog Charles de Foucauld – 1858-1916 – trappista szerzetes, katolikus pap) (Nyitókép forrása: Instagram)
