{"version":"1.0","provider_name":"Stuttgarti Katolikusok","provider_url":"https:\/\/stuttgarti-katolikusok.de","title":"2023 OKT\u00d3BER 9 \u00c9S 15 K\u00d6Z\u00d6TT - Stuttgarti Katolikusok","type":"rich","width":600,"height":338,"html":"<blockquote class=\"wp-embedded-content\" data-secret=\"4tA7NslyG6\"><a href=\"https:\/\/stuttgarti-katolikusok.de\/index.php\/2023-oktober-9-es-15-kozott\/\">2023 OKT\u00d3BER 9 \u00c9S 15 K\u00d6Z\u00d6TT<\/a><\/blockquote><iframe sandbox=\"allow-scripts\" security=\"restricted\" src=\"https:\/\/stuttgarti-katolikusok.de\/index.php\/2023-oktober-9-es-15-kozott\/embed\/#?secret=4tA7NslyG6\" width=\"600\" height=\"338\" title=\"&#8220;2023 OKT\u00d3BER 9 \u00c9S 15 K\u00d6Z\u00d6TT&#8221; &#8212; Stuttgarti Katolikusok\" data-secret=\"4tA7NslyG6\" frameborder=\"0\" marginwidth=\"0\" marginheight=\"0\" scrolling=\"no\" class=\"wp-embedded-content\"><\/iframe><script type=\"text\/javascript\">\n\/* <![CDATA[ *\/\n\/*! This file is auto-generated *\/\n!function(d,l){\"use strict\";l.querySelector&&d.addEventListener&&\"undefined\"!=typeof URL&&(d.wp=d.wp||{},d.wp.receiveEmbedMessage||(d.wp.receiveEmbedMessage=function(e){var t=e.data;if((t||t.secret||t.message||t.value)&&!\/[^a-zA-Z0-9]\/.test(t.secret)){for(var s,r,n,a=l.querySelectorAll('iframe[data-secret=\"'+t.secret+'\"]'),o=l.querySelectorAll('blockquote[data-secret=\"'+t.secret+'\"]'),c=new RegExp(\"^https?:$\",\"i\"),i=0;i<o.length;i++)o[i].style.display=\"none\";for(i=0;i<a.length;i++)s=a[i],e.source===s.contentWindow&&(s.removeAttribute(\"style\"),\"height\"===t.message?(1e3<(r=parseInt(t.value,10))?r=1e3:~~r<200&&(r=200),s.height=r):\"link\"===t.message&&(r=new URL(s.getAttribute(\"src\")),n=new URL(t.value),c.test(n.protocol))&&n.host===r.host&&l.activeElement===s&&(d.top.location.href=t.value))}},d.addEventListener(\"message\",d.wp.receiveEmbedMessage,!1),l.addEventListener(\"DOMContentLoaded\",function(){for(var e,t,s=l.querySelectorAll(\"iframe.wp-embedded-content\"),r=0;r<s.length;r++)(t=(e=s[r]).getAttribute(\"data-secret\"))||(t=Math.random().toString(36).substring(2,12),e.src+=\"#?secret=\"+t,e.setAttribute(\"data-secret\",t)),e.contentWindow.postMessage({message:\"ready\",secret:t},\"*\")},!1)))}(window,document);\n\/\/# sourceURL=https:\/\/stuttgarti-katolikusok.de\/wp-includes\/js\/wp-embed.min.js\n\/* ]]> *\/\n<\/script>\n","thumbnail_url":"https:\/\/stuttgarti-katolikusok.de\/wp-content\/uploads\/2023\/10\/szabadsaghid.jpg","thumbnail_width":1080,"thumbnail_height":769,"description":"Programel\u0151zetes \u00a0* Okt\u00f3ber 13-\u00e1n,\u00a0p\u00e9nteken, Stuttgarti d\u00e9lut\u00e1n,\u00a0 17.30 \u00f3rakor okt\u00f3beri \u00e1jtatoss\u00e1g,\u00a0majd szentmise, 18.00 \u00f3rakor Bar\u00e1ts\u00e1gklub. \u00a0* * Okt\u00f3ber 14-\u00e9n, szombaton, Biberachban 16.45 \u00f3rakor szentmise, amelyet agap\u00e9 k\u00f6vet. *\u00a0 Okt\u00f3ber 15-\u00e9n, \u00c9vk\u00f6zi 28. vas\u00e1rnap, Stuttgartban Nemzeti \u00fcnnep. 15.00 \u00f3rakor \u00f6kumenikus istentisztelet. Ig\u00e9t hirdet Nt. G\u00e9mes P\u00e1l evang\u00e9likus lelk\u00e9sz. Ut\u00e1na \u00fcnnepi m\u0171sor. V\u00e9g\u00fcl \u00e1ll\u00f3 fogad\u00e1s a k\u00f6z\u00f6ss\u00e9gi teremben, Eislingenben 15.30 \u00f3rakor igeistentisztelet \u00e9s okt\u00f3beri \u00e1jtatoss\u00e1g, ut\u00e1na agap\u00e9. \u00a0 \u00a0 \u00a0* Minden helyen mindenkit szeretettel v\u00e1r a k\u00f6z\u00f6ss\u00e9g \u00e9s Tibor atya! * \u201eSzeretet n\u00e9lk\u00fcl magunk sz\u00e1m\u00e1ra is csak teher vagyunk. A szeretetben viszont egym\u00e1st is tudjuk hordozni.\u201d\u00a0(Szent \u00c1goston \u2013 egyh\u00e1zatya &#8211; 354 \u2013 430) Sz\u00e9p \u0151szi napokat, j\u00f3 munk\u00e1t, tartalmas besz\u00e9lget\u00e9seket \u00e9s \u00f6r\u00f6mteli tal\u00e1lkoz\u00e1sokat k\u00edv\u00e1nunk minden kedves H\u00edv\u00fcnknek! (K\u00e9pek forr\u00e1sa: Instagram)"}

2023 OKTÓBER 9 ÉS 15 KÖZÖTT - Stuttgarti Katolikusok

<blockquote class="wp-embedded-content" data-secret="4tA7NslyG6"><a href="https://stuttgarti-katolikusok.de/index.php/2023-oktober-9-es-15-kozott/">2023 OKTÓBER 9 ÉS 15 KÖZÖTT</a></blockquote><iframe sandbox="allow-scripts" security="restricted" src="https://stuttgarti-katolikusok.de/index.php/2023-oktober-9-es-15-kozott/embed/#?secret=4tA7NslyG6" width="600" height="338" title="&#8220;2023 OKTÓBER 9 ÉS 15 KÖZÖTT&#8221; &#8212; Stuttgarti Katolikusok" data-secret="4tA7NslyG6" frameborder="0" marginwidth="0" marginheight="0" scrolling="no" class="wp-embedded-content"></iframe><script type="text/javascript">
/* <![CDATA[ */
/*! This file is auto-generated */
!function(d,l){"use strict";l.querySelector&&d.addEventListener&&"undefined"!=typeof URL&&(d.wp=d.wp||{},d.wp.receiveEmbedMessage||(d.wp.receiveEmbedMessage=function(e){var t=e.data;if((t||t.secret||t.message||t.value)&&!/[^a-zA-Z0-9]/.test(t.secret)){for(var s,r,n,a=l.querySelectorAll('iframe[data-secret="'+t.secret+'"]'),o=l.querySelectorAll('blockquote[data-secret="'+t.secret+'"]'),c=new RegExp("^https?:$","i"),i=0;i<o.length;i++)o[i].style.display="none";for(i=0;i<a.length;i++)s=a[i],e.source===s.contentWindow&&(s.removeAttribute("style"),"height"===t.message?(1e3<(r=parseInt(t.value,10))?r=1e3:~~r<200&&(r=200),s.height=r):"link"===t.message&&(r=new URL(s.getAttribute("src")),n=new URL(t.value),c.test(n.protocol))&&n.host===r.host&&l.activeElement===s&&(d.top.location.href=t.value))}},d.addEventListener("message",d.wp.receiveEmbedMessage,!1),l.addEventListener("DOMContentLoaded",function(){for(var e,t,s=l.querySelectorAll("iframe.wp-embedded-content"),r=0;r<s.length;r++)(t=(e=s[r]).getAttribute("data-secret"))||(t=Math.random().toString(36).substring(2,12),e.src+="#?secret="+t,e.setAttribute("data-secret",t)),e.contentWindow.postMessage({message:"ready",secret:t},"*")},!1)))}(window,document);
//# sourceURL=https://stuttgarti-katolikusok.de/wp-includes/js/wp-embed.min.js
/* ]]> */
</script>

Programelőzetes  * Október 13-án, pénteken, Stuttgarti délután,  17.30 órakor októberi ájtatosság, majd szentmise, 18.00 órakor Barátságklub.  * * Október 14-én, szombaton, Biberachban 16.45 órakor szentmise, amelyet agapé követ. *  Október 15-én, Évközi 28. vasárnap, Stuttgartban Nemzeti ünnep. 15.00 órakor ökumenikus istentisztelet. Igét hirdet Nt. Gémes Pál evangélikus lelkész. Utána ünnepi műsor. Végül álló fogadás a közösségi teremben, Eislingenben 15.30 órakor igeistentisztelet és októberi ájtatosság, utána agapé.      * Minden helyen mindenkit szeretettel vár a közösség és Tibor atya! * „Szeretet nélkül magunk számára is csak teher vagyunk. A szeretetben viszont egymást is tudjuk hordozni.” (Szent Ágoston – egyházatya &#8211; 354 – 430) Szép őszi napokat, jó munkát, tartalmas beszélgetéseket és örömteli találkozásokat kívánunk minden kedves Hívünknek! (Képek forrása: Instagram)
