{"version":"1.0","provider_name":"Stuttgarti Katolikusok","provider_url":"https:\/\/stuttgarti-katolikusok.de","title":"2023. J\u00daNIUS 5 \u00c9S 11 K\u00d6Z\u00d6TT - Stuttgarti Katolikusok","type":"rich","width":600,"height":338,"html":"<blockquote class=\"wp-embedded-content\" data-secret=\"18yZntXyt7\"><a href=\"https:\/\/stuttgarti-katolikusok.de\/index.php\/2023-junius-5-es-11-kozott\/\">2023. J\u00daNIUS 5 \u00c9S 11 K\u00d6Z\u00d6TT<\/a><\/blockquote><iframe sandbox=\"allow-scripts\" security=\"restricted\" src=\"https:\/\/stuttgarti-katolikusok.de\/index.php\/2023-junius-5-es-11-kozott\/embed\/#?secret=18yZntXyt7\" width=\"600\" height=\"338\" title=\"&#8220;2023. J\u00daNIUS 5 \u00c9S 11 K\u00d6Z\u00d6TT&#8221; &#8212; Stuttgarti Katolikusok\" data-secret=\"18yZntXyt7\" frameborder=\"0\" marginwidth=\"0\" marginheight=\"0\" scrolling=\"no\" class=\"wp-embedded-content\"><\/iframe><script type=\"text\/javascript\">\n\/* <![CDATA[ *\/\n\/*! This file is auto-generated *\/\n!function(d,l){\"use strict\";l.querySelector&&d.addEventListener&&\"undefined\"!=typeof URL&&(d.wp=d.wp||{},d.wp.receiveEmbedMessage||(d.wp.receiveEmbedMessage=function(e){var t=e.data;if((t||t.secret||t.message||t.value)&&!\/[^a-zA-Z0-9]\/.test(t.secret)){for(var s,r,n,a=l.querySelectorAll('iframe[data-secret=\"'+t.secret+'\"]'),o=l.querySelectorAll('blockquote[data-secret=\"'+t.secret+'\"]'),c=new RegExp(\"^https?:$\",\"i\"),i=0;i<o.length;i++)o[i].style.display=\"none\";for(i=0;i<a.length;i++)s=a[i],e.source===s.contentWindow&&(s.removeAttribute(\"style\"),\"height\"===t.message?(1e3<(r=parseInt(t.value,10))?r=1e3:~~r<200&&(r=200),s.height=r):\"link\"===t.message&&(r=new URL(s.getAttribute(\"src\")),n=new URL(t.value),c.test(n.protocol))&&n.host===r.host&&l.activeElement===s&&(d.top.location.href=t.value))}},d.addEventListener(\"message\",d.wp.receiveEmbedMessage,!1),l.addEventListener(\"DOMContentLoaded\",function(){for(var e,t,s=l.querySelectorAll(\"iframe.wp-embedded-content\"),r=0;r<s.length;r++)(t=(e=s[r]).getAttribute(\"data-secret\"))||(t=Math.random().toString(36).substring(2,12),e.src+=\"#?secret=\"+t,e.setAttribute(\"data-secret\",t)),e.contentWindow.postMessage({message:\"ready\",secret:t},\"*\")},!1)))}(window,document);\n\/\/# sourceURL=https:\/\/stuttgarti-katolikusok.de\/wp-includes\/js\/wp-embed.min.js\n\/* ]]> *\/\n<\/script>\n","thumbnail_url":"https:\/\/stuttgarti-katolikusok.de\/wp-content\/uploads\/2021\/06\/tree-276014-1280.jpg","thumbnail_width":1280,"thumbnail_height":814,"description":"Programel\u0151zetes \u00a0* J\u00fanius 8-\u00e1n,\u00a0cs\u00fct\u00f6rt\u00f6k\u00f6n,\u00a0\u00darnapja, Krisztus Szent Test\u00e9nek \u00e9s V\u00e9r\u00e9nek \u00fcnnepe, Weingartenben \u00a0ebben az esztend\u0151ben bekapcsol\u00f3dunk a Weingartenben l\u00e9v\u0151 h\u00e1rom n\u00e9met k\u00f6z\u00f6ss\u00e9g k\u00f6z\u00f6s \u00fcnnep\u00e9be. 9.00 \u00f3rakor gy\u00fclekez\u0151 a M\u00fcnsterplatz-on\u00a0 \u00e9s k\u00f6z\u00f6s vonul\u00e1s a szentmise helysz\u00edn\u00e9hez, Stadtgarten-hez. 9.30 \u00f3rakor \u00fcnnepi \u00farnapi szentmise a h\u00e1rom helyi n\u00e9met egyh\u00e1zk\u00f6zs\u00e9g h\u00edveinek r\u00e9szv\u00e9tel\u00e9vel. K\u00f6zrem\u0171k\u00f6dik Weingarten v\u00e1ros zenekara. V\u00e9g\u00fcl pedig \u00fcnnep\u00e9lyes k\u00f6rmenetben a M\u00e1ria templomhoz vonulunk. Itt pedig bekapcsol\u00f3dunk a k\u00f6z\u00f6ss\u00e9gek \u00fcnnep\u00e9be. Ulmban 15.00 \u00f3rakor szentmise. Stuttgartban 18.00 \u00f3rakor szentmise. \u00a0* J\u00fanius 9-\u00e9n, p\u00e9nteken, Stuttgarti d\u00e9lut\u00e1n, 17.30 \u00f3rakor r\u00f3zsaf\u00fcz\u00e9rt im\u00e1dkozunk, ezt k\u00f6vet\u0151en 18.00 \u00f3rakor szentmise. * J\u00fanius 10-\u00e9n, szombaton, Biberachban 16.45 \u00f3rakor b\u00facs\u00fas-szentmise, ut\u00e1na agap\u00e9. \u00c1rp\u00e1d-h\u00e1zi Szent King\u00e1t k\u00f6sz\u00f6ntj\u00fck. Helysz\u00edn: Dreifaltigkeitskirche &#8211; 88400 Biberach an der Riss, Mittelbergstra\u00dfe 29. \u00a0* J\u00fanius 11-\u00e9n, \u00c9vk\u00f6zi 10. vas\u00e1rnap, Weingartenben\u00a09.00 \u00f3rakor\u00a0szentmise a 14 Nothelfer Kapelle-ben, ut\u00e1na agap\u00e9. Ulmban 15.00 \u00f3rakor szentmise, ut\u00e1na agap\u00e9. * Minden helyen mindenkit szeretettel v\u00e1r a k\u00f6z\u00f6ss\u00e9g \u00e9s Tibor atya! * Kegyelemteljes napokat, tartalmas besz\u00e9lget\u00e9seket \u00e9s \u00f6r\u00f6mteli tal\u00e1lkoz\u00e1sokat k\u00edv\u00e1nunk minden Kedves H\u00edv\u00fcnknek! * \u201eGy\u0151zelemr\u0151l \u00e9nekeljen Napkelet \u00e9s Napnyugat, Milli\u00f3 sz\u00edv \u00f6sszecsengjen, magasztalja az Urat! Krisztus \u00fajra f\u00f6ldre sz\u00e1llott, v\u00e1ndorl\u00e1sunk t\u00e1rsa lett, Mert szerette a vil\u00e1got, keny\u00e9rsz\u00ednbe rejtezett. Krisztus keny\u00e9r s bor sz\u00edn\u00e9ben \u00dar s Kir\u00e1ly a f\u00f6ld felett, Forrassz eggy\u00e9 b\u00e9kess\u00e9gben minden n\u00e9pet s nemzetet! \u00a0 Egykor \u00e9rt\u00fcnk testet \u00f6lt\u00f6tt, kisgyermekk\u00e9nt j\u00f6tt k\u00f6z\u00e9nk, A keresztf\u00e1n v\u00e9re \u00f6ml\u00f6tt v\u00e1lts\u00e1gunknak b\u00e9rek\u00e9nt. Most az olt\u00e1r Golgot\u00e1j\u00e1n \u00fajra itt a dr\u00e1ga v\u00e9r, \u00c1ldozat az Isten-B\u00e1r\u00e1ny, Krisztus teste a keny\u00e9r. Krisztus keny\u00e9r s bor sz\u00edn\u00e9ben \u00dar s Kir\u00e1ly a f\u00f6ld felett, Forrassz eggy\u00e9 b\u00e9kess\u00e9gben minden n\u00e9pet s nemzetet! \u00a0 Z\u00fagjon h\u00e1t a h\u00e1la\u00e9nek, sz\u00e1lljon v\u00f6lgy\u00f6n, tengeren, A szeretet Isten\u00e9nek dics\u0151s\u00e9g \u00e9s \u00fcdv legyen. Az eg\u00e9sz f\u00f6ld legyen olt\u00e1r, vir\u00e1g rajta a sz\u00edv\u00fcnk, Minden dalunk zeng\u0151 zsolt\u00e1r, t\u00f6mj\u00e9nillat a hit\u00fcnk. Krisztus keny\u00e9r s bor sz\u00edn\u00e9ben \u00dar s Kir\u00e1ly a f\u00f6ld felett, Forrassz eggy\u00e9 b\u00e9kess\u00e9gben minden n\u00e9pet s nemzetet! \u00a0 Istv\u00e1n kir\u00e1ly \u00e1rva n\u00e9pe,... R\u00e9szletek"}

2023. JÚNIUS 5 ÉS 11 KÖZÖTT - Stuttgarti Katolikusok

<blockquote class="wp-embedded-content" data-secret="18yZntXyt7"><a href="https://stuttgarti-katolikusok.de/index.php/2023-junius-5-es-11-kozott/">2023. JÚNIUS 5 ÉS 11 KÖZÖTT</a></blockquote><iframe sandbox="allow-scripts" security="restricted" src="https://stuttgarti-katolikusok.de/index.php/2023-junius-5-es-11-kozott/embed/#?secret=18yZntXyt7" width="600" height="338" title="&#8220;2023. JÚNIUS 5 ÉS 11 KÖZÖTT&#8221; &#8212; Stuttgarti Katolikusok" data-secret="18yZntXyt7" frameborder="0" marginwidth="0" marginheight="0" scrolling="no" class="wp-embedded-content"></iframe><script type="text/javascript">
/* <![CDATA[ */
/*! This file is auto-generated */
!function(d,l){"use strict";l.querySelector&&d.addEventListener&&"undefined"!=typeof URL&&(d.wp=d.wp||{},d.wp.receiveEmbedMessage||(d.wp.receiveEmbedMessage=function(e){var t=e.data;if((t||t.secret||t.message||t.value)&&!/[^a-zA-Z0-9]/.test(t.secret)){for(var s,r,n,a=l.querySelectorAll('iframe[data-secret="'+t.secret+'"]'),o=l.querySelectorAll('blockquote[data-secret="'+t.secret+'"]'),c=new RegExp("^https?:$","i"),i=0;i<o.length;i++)o[i].style.display="none";for(i=0;i<a.length;i++)s=a[i],e.source===s.contentWindow&&(s.removeAttribute("style"),"height"===t.message?(1e3<(r=parseInt(t.value,10))?r=1e3:~~r<200&&(r=200),s.height=r):"link"===t.message&&(r=new URL(s.getAttribute("src")),n=new URL(t.value),c.test(n.protocol))&&n.host===r.host&&l.activeElement===s&&(d.top.location.href=t.value))}},d.addEventListener("message",d.wp.receiveEmbedMessage,!1),l.addEventListener("DOMContentLoaded",function(){for(var e,t,s=l.querySelectorAll("iframe.wp-embedded-content"),r=0;r<s.length;r++)(t=(e=s[r]).getAttribute("data-secret"))||(t=Math.random().toString(36).substring(2,12),e.src+="#?secret="+t,e.setAttribute("data-secret",t)),e.contentWindow.postMessage({message:"ready",secret:t},"*")},!1)))}(window,document);
//# sourceURL=https://stuttgarti-katolikusok.de/wp-includes/js/wp-embed.min.js
/* ]]> */
</script>

Programelőzetes  * Június 8-án, csütörtökön, Úrnapja, Krisztus Szent Testének és Vérének ünnepe, Weingartenben  ebben az esztendőben bekapcsolódunk a Weingartenben lévő három német közösség közös ünnepébe. 9.00 órakor gyülekező a Münsterplatz-on  és közös vonulás a szentmise helyszínéhez, Stadtgarten-hez. 9.30 órakor ünnepi úrnapi szentmise a három helyi német egyházközség híveinek részvételével. Közreműködik Weingarten város zenekara. Végül pedig ünnepélyes körmenetben a Mária templomhoz vonulunk. Itt pedig bekapcsolódunk a közösségek ünnepébe. Ulmban 15.00 órakor szentmise. Stuttgartban 18.00 órakor szentmise.  * Június 9-én, pénteken, Stuttgarti délután, 17.30 órakor rózsafüzért imádkozunk, ezt követően 18.00 órakor szentmise. * Június 10-én, szombaton, Biberachban 16.45 órakor búcsús-szentmise, utána agapé. Árpád-házi Szent Kingát köszöntjük. Helyszín: Dreifaltigkeitskirche &#8211; 88400 Biberach an der Riss, Mittelbergstraße 29.  * Június 11-én, Évközi 10. vasárnap, Weingartenben 9.00 órakor szentmise a 14 Nothelfer Kapelle-ben, utána agapé. Ulmban 15.00 órakor szentmise, utána agapé. * Minden helyen mindenkit szeretettel vár a közösség és Tibor atya! * Kegyelemteljes napokat, tartalmas beszélgetéseket és örömteli találkozásokat kívánunk minden Kedves Hívünknek! * „Győzelemről énekeljen Napkelet és Napnyugat, Millió szív összecsengjen, magasztalja az Urat! Krisztus újra földre szállott, vándorlásunk társa lett, Mert szerette a világot, kenyérszínbe rejtezett. Krisztus kenyér s bor színében Úr s Király a föld felett, Forrassz eggyé békességben minden népet s nemzetet!   Egykor értünk testet öltött, kisgyermekként jött közénk, A keresztfán vére ömlött váltságunknak béreként. Most az oltár Golgotáján újra itt a drága vér, Áldozat az Isten-Bárány, Krisztus teste a kenyér. Krisztus kenyér s bor színében Úr s Király a föld felett, Forrassz eggyé békességben minden népet s nemzetet!   Zúgjon hát a hálaének, szálljon völgyön, tengeren, A szeretet Istenének dicsőség és üdv legyen. Az egész föld legyen oltár, virág rajta a szívünk, Minden dalunk zengő zsoltár, tömjénillat a hitünk. Krisztus kenyér s bor színében Úr s Király a föld felett, Forrassz eggyé békességben minden népet s nemzetet!   István király árva népe,... Részletek
