{"version":"1.0","provider_name":"Stuttgarti Katolikusok","provider_url":"https:\/\/stuttgarti-katolikusok.de","title":"2023. J\u00daNIUS 19 \u00c9S 25 K\u00d6Z\u00d6TT - Stuttgarti Katolikusok","type":"rich","width":600,"height":338,"html":"<blockquote class=\"wp-embedded-content\" data-secret=\"HBQ7PaMTb0\"><a href=\"https:\/\/stuttgarti-katolikusok.de\/index.php\/2023-junius-19-es-25-kozott\/\">2023. J\u00daNIUS 19 \u00c9S 25 K\u00d6Z\u00d6TT<\/a><\/blockquote><iframe sandbox=\"allow-scripts\" security=\"restricted\" src=\"https:\/\/stuttgarti-katolikusok.de\/index.php\/2023-junius-19-es-25-kozott\/embed\/#?secret=HBQ7PaMTb0\" width=\"600\" height=\"338\" title=\"&#8220;2023. J\u00daNIUS 19 \u00c9S 25 K\u00d6Z\u00d6TT&#8221; &#8212; Stuttgarti Katolikusok\" data-secret=\"HBQ7PaMTb0\" frameborder=\"0\" marginwidth=\"0\" marginheight=\"0\" scrolling=\"no\" class=\"wp-embedded-content\"><\/iframe><script type=\"text\/javascript\">\n\/* <![CDATA[ *\/\n\/*! This file is auto-generated *\/\n!function(d,l){\"use strict\";l.querySelector&&d.addEventListener&&\"undefined\"!=typeof URL&&(d.wp=d.wp||{},d.wp.receiveEmbedMessage||(d.wp.receiveEmbedMessage=function(e){var t=e.data;if((t||t.secret||t.message||t.value)&&!\/[^a-zA-Z0-9]\/.test(t.secret)){for(var s,r,n,a=l.querySelectorAll('iframe[data-secret=\"'+t.secret+'\"]'),o=l.querySelectorAll('blockquote[data-secret=\"'+t.secret+'\"]'),c=new RegExp(\"^https?:$\",\"i\"),i=0;i<o.length;i++)o[i].style.display=\"none\";for(i=0;i<a.length;i++)s=a[i],e.source===s.contentWindow&&(s.removeAttribute(\"style\"),\"height\"===t.message?(1e3<(r=parseInt(t.value,10))?r=1e3:~~r<200&&(r=200),s.height=r):\"link\"===t.message&&(r=new URL(s.getAttribute(\"src\")),n=new URL(t.value),c.test(n.protocol))&&n.host===r.host&&l.activeElement===s&&(d.top.location.href=t.value))}},d.addEventListener(\"message\",d.wp.receiveEmbedMessage,!1),l.addEventListener(\"DOMContentLoaded\",function(){for(var e,t,s=l.querySelectorAll(\"iframe.wp-embedded-content\"),r=0;r<s.length;r++)(t=(e=s[r]).getAttribute(\"data-secret\"))||(t=Math.random().toString(36).substring(2,12),e.src+=\"#?secret=\"+t,e.setAttribute(\"data-secret\",t)),e.contentWindow.postMessage({message:\"ready\",secret:t},\"*\")},!1)))}(window,document);\n\/\/# sourceURL=https:\/\/stuttgarti-katolikusok.de\/wp-includes\/js\/wp-embed.min.js\n\/* ]]> *\/\n<\/script>\n","thumbnail_url":"https:\/\/stuttgarti-katolikusok.de\/wp-content\/uploads\/2022\/06\/kepernyofelvetel-38.png","thumbnail_width":1450,"thumbnail_height":921,"description":"Programel\u0151zetes * J\u00fanius 23-\u00e1n, p\u00e9nteken, Stuttgarti d\u00e9lut\u00e1n, 17.30 \u00f3rakor szentmise, 18.00 \u00f3rakor Bar\u00e1ts\u00e1gklub, keret\u00e9ben * J\u00fanius 24-\u00e9n, szombaton, Stuttgartban 9.00 \u00e9s 14.00 \u00f3ra k\u00f6z\u00f6tt Egyh\u00e1ztan\u00e1csosok \u00e9s Leg\u00e1tusok tal\u00e1lkoz\u00f3ja. A tal\u00e1lkoz\u00f3 \u00e9rdemi r\u00e9sze 10.00 \u00e9s 13.00 \u00f3ra k\u00f6z\u00f6tt lesz a kik\u00fcld\u00f6tt megh\u00edv\u00f3 alapj\u00e1n. Tuttlingenben, 16.00 \u00f3rakor szentmise, ut\u00e1na agap\u00e9. \u00a0* J\u00fanius 25-\u00e9n, \u00c9vk\u00f6zi 12. vas\u00e1rnap, B\u00f6blingenben\u00a09.30 \u00f3rakor b\u00facs\u00fas-szentmise, Boldog Dr. Scheffler J\u00e1nos p\u00fcsp\u00f6k \u00fcnnepe, ut\u00e1na agap\u00e9 (k\u00f6z\u00f6s eb\u00e9d), Heilbronnban 15.30 \u00f3rakor szentmise, ut\u00e1na agap\u00e9. * Minden helyen mindenkit szeretettel v\u00e1r a k\u00f6z\u00f6ss\u00e9g \u00e9s Tibor atya! * * Kegyelemteljes napokat, tartalmas besz\u00e9lget\u00e9seket \u00e9s \u00f6r\u00f6mteli tal\u00e1lkoz\u00e1sokat k\u00edv\u00e1nunk minden Kedves H\u00edv\u00fcnknek! * \u201eNagy vagy te, Uram, Istenem, minden dics\u00e9ret t\u00e9ged illet! Dics\u0151\u00edtenek mind az emberek, teremt\u00e9sed par\u00e1nyi m\u0171vei. Te magad rendelted, hogy \u00edgy legyen: te teremtett\u00e9l magad sz\u00e1m\u00e1ra minket, \u00e9s nyugtalan mindv\u00e9gig a sz\u00edv\u00fcnk, m\u00edg meg nem nyugszik benned, Istenem.\u201d (Szent \u00c1goston \u2013 hipp\u00f3i p\u00fcsp\u00f6k, egyh\u00e1zatya, filoz\u00f3fus &#8211; 354 &#8211; 430)"}

2023. JÚNIUS 19 ÉS 25 KÖZÖTT - Stuttgarti Katolikusok

<blockquote class="wp-embedded-content" data-secret="HBQ7PaMTb0"><a href="https://stuttgarti-katolikusok.de/index.php/2023-junius-19-es-25-kozott/">2023. JÚNIUS 19 ÉS 25 KÖZÖTT</a></blockquote><iframe sandbox="allow-scripts" security="restricted" src="https://stuttgarti-katolikusok.de/index.php/2023-junius-19-es-25-kozott/embed/#?secret=HBQ7PaMTb0" width="600" height="338" title="&#8220;2023. JÚNIUS 19 ÉS 25 KÖZÖTT&#8221; &#8212; Stuttgarti Katolikusok" data-secret="HBQ7PaMTb0" frameborder="0" marginwidth="0" marginheight="0" scrolling="no" class="wp-embedded-content"></iframe><script type="text/javascript">
/* <![CDATA[ */
/*! This file is auto-generated */
!function(d,l){"use strict";l.querySelector&&d.addEventListener&&"undefined"!=typeof URL&&(d.wp=d.wp||{},d.wp.receiveEmbedMessage||(d.wp.receiveEmbedMessage=function(e){var t=e.data;if((t||t.secret||t.message||t.value)&&!/[^a-zA-Z0-9]/.test(t.secret)){for(var s,r,n,a=l.querySelectorAll('iframe[data-secret="'+t.secret+'"]'),o=l.querySelectorAll('blockquote[data-secret="'+t.secret+'"]'),c=new RegExp("^https?:$","i"),i=0;i<o.length;i++)o[i].style.display="none";for(i=0;i<a.length;i++)s=a[i],e.source===s.contentWindow&&(s.removeAttribute("style"),"height"===t.message?(1e3<(r=parseInt(t.value,10))?r=1e3:~~r<200&&(r=200),s.height=r):"link"===t.message&&(r=new URL(s.getAttribute("src")),n=new URL(t.value),c.test(n.protocol))&&n.host===r.host&&l.activeElement===s&&(d.top.location.href=t.value))}},d.addEventListener("message",d.wp.receiveEmbedMessage,!1),l.addEventListener("DOMContentLoaded",function(){for(var e,t,s=l.querySelectorAll("iframe.wp-embedded-content"),r=0;r<s.length;r++)(t=(e=s[r]).getAttribute("data-secret"))||(t=Math.random().toString(36).substring(2,12),e.src+="#?secret="+t,e.setAttribute("data-secret",t)),e.contentWindow.postMessage({message:"ready",secret:t},"*")},!1)))}(window,document);
//# sourceURL=https://stuttgarti-katolikusok.de/wp-includes/js/wp-embed.min.js
/* ]]> */
</script>

Programelőzetes * Június 23-án, pénteken, Stuttgarti délután, 17.30 órakor szentmise, 18.00 órakor Barátságklub, keretében * Június 24-én, szombaton, Stuttgartban 9.00 és 14.00 óra között Egyháztanácsosok és Legátusok találkozója. A találkozó érdemi része 10.00 és 13.00 óra között lesz a kiküldött meghívó alapján. Tuttlingenben, 16.00 órakor szentmise, utána agapé.  * Június 25-én, Évközi 12. vasárnap, Böblingenben 9.30 órakor búcsús-szentmise, Boldog Dr. Scheffler János püspök ünnepe, utána agapé (közös ebéd), Heilbronnban 15.30 órakor szentmise, utána agapé. * Minden helyen mindenkit szeretettel vár a közösség és Tibor atya! * * Kegyelemteljes napokat, tartalmas beszélgetéseket és örömteli találkozásokat kívánunk minden Kedves Hívünknek! * „Nagy vagy te, Uram, Istenem, minden dicséret téged illet! Dicsőítenek mind az emberek, teremtésed parányi művei. Te magad rendelted, hogy így legyen: te teremtettél magad számára minket, és nyugtalan mindvégig a szívünk, míg meg nem nyugszik benned, Istenem.” (Szent Ágoston – hippói püspök, egyházatya, filozófus &#8211; 354 &#8211; 430)
