{"version":"1.0","provider_name":"Stuttgarti Katolikusok","provider_url":"https:\/\/stuttgarti-katolikusok.de","title":"2022 m\u00e1jus 23 \u00e9s 29 k\u00f6z\u00f6tt - Stuttgarti Katolikusok","type":"rich","width":600,"height":338,"html":"<blockquote class=\"wp-embedded-content\" data-secret=\"qEUlSSJXVb\"><a href=\"https:\/\/stuttgarti-katolikusok.de\/index.php\/2022-majus-23-es-29-kozott\/\">2022 m\u00e1jus 23 \u00e9s 29 k\u00f6z\u00f6tt<\/a><\/blockquote><iframe sandbox=\"allow-scripts\" security=\"restricted\" src=\"https:\/\/stuttgarti-katolikusok.de\/index.php\/2022-majus-23-es-29-kozott\/embed\/#?secret=qEUlSSJXVb\" width=\"600\" height=\"338\" title=\"&#8220;2022 m\u00e1jus 23 \u00e9s 29 k\u00f6z\u00f6tt&#8221; &#8212; Stuttgarti Katolikusok\" data-secret=\"qEUlSSJXVb\" frameborder=\"0\" marginwidth=\"0\" marginheight=\"0\" scrolling=\"no\" class=\"wp-embedded-content\"><\/iframe><script type=\"text\/javascript\">\n\/* <![CDATA[ *\/\n\/*! This file is auto-generated *\/\n!function(d,l){\"use strict\";l.querySelector&&d.addEventListener&&\"undefined\"!=typeof URL&&(d.wp=d.wp||{},d.wp.receiveEmbedMessage||(d.wp.receiveEmbedMessage=function(e){var t=e.data;if((t||t.secret||t.message||t.value)&&!\/[^a-zA-Z0-9]\/.test(t.secret)){for(var s,r,n,a=l.querySelectorAll('iframe[data-secret=\"'+t.secret+'\"]'),o=l.querySelectorAll('blockquote[data-secret=\"'+t.secret+'\"]'),c=new RegExp(\"^https?:$\",\"i\"),i=0;i<o.length;i++)o[i].style.display=\"none\";for(i=0;i<a.length;i++)s=a[i],e.source===s.contentWindow&&(s.removeAttribute(\"style\"),\"height\"===t.message?(1e3<(r=parseInt(t.value,10))?r=1e3:~~r<200&&(r=200),s.height=r):\"link\"===t.message&&(r=new URL(s.getAttribute(\"src\")),n=new URL(t.value),c.test(n.protocol))&&n.host===r.host&&l.activeElement===s&&(d.top.location.href=t.value))}},d.addEventListener(\"message\",d.wp.receiveEmbedMessage,!1),l.addEventListener(\"DOMContentLoaded\",function(){for(var e,t,s=l.querySelectorAll(\"iframe.wp-embedded-content\"),r=0;r<s.length;r++)(t=(e=s[r]).getAttribute(\"data-secret\"))||(t=Math.random().toString(36).substring(2,12),e.src+=\"#?secret=\"+t,e.setAttribute(\"data-secret\",t)),e.contentWindow.postMessage({message:\"ready\",secret:t},\"*\")},!1)))}(window,document);\n\/\/# sourceURL=https:\/\/stuttgarti-katolikusok.de\/wp-includes\/js\/wp-embed.min.js\n\/* ]]> *\/\n<\/script>\n","thumbnail_url":"https:\/\/stuttgarti-katolikusok.de\/wp-content\/uploads\/2022\/05\/szent-marton-psk.jpg","thumbnail_width":640,"thumbnail_height":425,"description":"Programel\u0151zetes \u00d6r\u00f6mmel jelezz\u00fck, hogy \u00fajra szabadon, minden korl\u00e1toz\u00e1s n\u00e9lk\u00fcl l\u00e1togathatjuk templomainkat.\u00a0 Nincs sz\u00fcks\u00e9g t\u00e1vols\u00e1g megtart\u00e1s\u00e1ra \u00e9s a maszk haszn\u00e1lat\u00e1ra. \u00a0* M\u00e1jus 26-\u00e1n,\u00a0cs\u00fct\u00f6rt\u00f6k\u00f6n,\u00a0Urunk mennybemenetel\u00e9nek \u00fcnnepe, 10.00 \u00f3rakor \u00fcnnepi szentmise a Schlosspaltz-on a \u201e102. Deutscher Katholikentag Stuttgart 2022\u201d. Ennek menete: 8.30 \u00a0\u00e9s 9.00 \u00f3ra k\u00f6z\u00f6tt \u00e9rkez\u00e9s, gy\u00fclekez\u00e9s \u00a0a Neckartor-n\u00e1l ( U-Bahn meg\u00e1ll\u00f3 Schlossgarten kij\u00e1rat\u00e1n\u00e1l fent ). A Hauptbahnhof-t\u00f3l is\u00a0 el lehet oda gyalogolni a Schlosspark-on kereszt\u00fcl ( kb. 10perc) az \u00fat. &nbsp; 9.00 \u00f3rakor ( h\u00faszperces) gyalogos &#8222;Sternwallfahrt&#8221; a Neckartort\u00f3l\u00a0 a Schlossplatzra\u00a0\u00a0( a Schlossgartenon) kereszt\u00fcl. &nbsp; 9.30 \u00f3rakor felsorakozunk az olt\u00e1r el\u00f6tt a Schlossplatz-on , ahol minden n\u00e9pcsoportot szem\u00e9lyesen k\u00f6sz\u00f6ntenek. &nbsp; 10.00 \u00f3rakor \u00fcnnepi szentmise \u2013 \u201eGeteiltes Leben \u2013 offener Himmel\u201d mott\u00f3val. &nbsp; 14.00 \u2013 15.30 \u00f3ra k\u00f6z\u00f6tt Gesellschaft und Politik in Deutschland und Europa \/ Gespr\u00e4ch Br\u00fccken zwischen West und Ost Gemeinden anderer Muttersprachen gestalten mit: Das Beispiel Ungarn (Rathaus, 4. OG, Mittlerer Sitzungssaal, Marktplatz 1) Ezen p\u00f3dium besz\u00e9lget\u00e9s k\u00f6z\u00f6ss\u00e9g\u00fcnk szervez\u00e9s\u00e9ben t\u00f6rt\u00e9nik. Megh\u00edvott el\u0151ad\u00f3nk Dr. Csisz\u00e1r Kl\u00e1ra pasztor\u00e1lteol\u00f3gus. A p\u00f3dium besz\u00e9lget\u00e9st moder\u00e1lja Merk Csaba Franz, a weingarteni k\u00f6z\u00f6ss\u00e9g leg\u00e1tusa. K\u00f6z\u00f6ss\u00e9g\u00fcnk k\u00e9pviselet\u00e9ben pedig D\u00e1vid Melinda, egyh\u00e1zk\u00f6zs\u00e9g\u00fcnk titk\u00e1rn\u0151je van jelen. Mindazok, aki szeretn\u00e9nek ezen a p\u00f3dium besz\u00e9lget\u00e9sen r\u00e9szt venni, bel\u00e9p\u0151vel (\u00e1lland\u00f3 k\u00e1rtya, illetve napi jegy) tehetik meg. * M\u00e1jus 28-\u00e1n, szombaton, Tuttlingenben a\u00a016.00 \u00f3rai szentmise elmarad!! &nbsp; Stuttgartban eg\u00e9sz napos programunk van! 11.00 \u00f3rakor &#8211; Den Weg teilen &#8211; Pilgern f\u00fcr Europa Gemeinsam auf dem Martinusweg mit Pilgern aus Europa \u00a0Tal\u00e1lkoz\u00e1si hely: Domkirche St. Eberhard Haupteingang, K\u00f6nigstr. 7 A zar\u00e1ndok csoportot, t\u00f6bbek k\u00f6z\u00f6tt, Dr. Sz\u00e9kely J\u00e1nos, szombathelyi p\u00fcsp\u00f6k atya vezeti. 12.30 \u00f3rakor \u00e9rkez\u00e9s a Bruder Klaus templomhoz. Itt fogadjuk a zar\u00e1ndok csoportot. B\u00e9ke \u00e9s szabads\u00e1g t\u00e9m\u00e1ban Sz\u00e9kely J\u00e1nos p\u00fcsp\u00f6k \u00far tart egy r\u00f6vid el\u0151ad\u00e1st. R\u00f6vid pihen\u0151 \u00e9s friss\u00fcl\u00e9s ut\u00e1n folytatj\u00e1k \u00fatjukat. &nbsp; 14.00 \u00f3rakor a Bruder Klaus templomban magyar nyelv\u0171 szentmise lesz, amelyet Dr. Sz\u00e9kely J\u00e1nos p\u00fcsp\u00f6k atya celebr\u00e1l. Nagy \u00f6r\u00f6mmel \u00e9rkezik hozz\u00e1nk,... R\u00e9szletek"}

2022 május 23 és 29 között - Stuttgarti Katolikusok

<blockquote class="wp-embedded-content" data-secret="qEUlSSJXVb"><a href="https://stuttgarti-katolikusok.de/index.php/2022-majus-23-es-29-kozott/">2022 május 23 és 29 között</a></blockquote><iframe sandbox="allow-scripts" security="restricted" src="https://stuttgarti-katolikusok.de/index.php/2022-majus-23-es-29-kozott/embed/#?secret=qEUlSSJXVb" width="600" height="338" title="&#8220;2022 május 23 és 29 között&#8221; &#8212; Stuttgarti Katolikusok" data-secret="qEUlSSJXVb" frameborder="0" marginwidth="0" marginheight="0" scrolling="no" class="wp-embedded-content"></iframe><script type="text/javascript">
/* <![CDATA[ */
/*! This file is auto-generated */
!function(d,l){"use strict";l.querySelector&&d.addEventListener&&"undefined"!=typeof URL&&(d.wp=d.wp||{},d.wp.receiveEmbedMessage||(d.wp.receiveEmbedMessage=function(e){var t=e.data;if((t||t.secret||t.message||t.value)&&!/[^a-zA-Z0-9]/.test(t.secret)){for(var s,r,n,a=l.querySelectorAll('iframe[data-secret="'+t.secret+'"]'),o=l.querySelectorAll('blockquote[data-secret="'+t.secret+'"]'),c=new RegExp("^https?:$","i"),i=0;i<o.length;i++)o[i].style.display="none";for(i=0;i<a.length;i++)s=a[i],e.source===s.contentWindow&&(s.removeAttribute("style"),"height"===t.message?(1e3<(r=parseInt(t.value,10))?r=1e3:~~r<200&&(r=200),s.height=r):"link"===t.message&&(r=new URL(s.getAttribute("src")),n=new URL(t.value),c.test(n.protocol))&&n.host===r.host&&l.activeElement===s&&(d.top.location.href=t.value))}},d.addEventListener("message",d.wp.receiveEmbedMessage,!1),l.addEventListener("DOMContentLoaded",function(){for(var e,t,s=l.querySelectorAll("iframe.wp-embedded-content"),r=0;r<s.length;r++)(t=(e=s[r]).getAttribute("data-secret"))||(t=Math.random().toString(36).substring(2,12),e.src+="#?secret="+t,e.setAttribute("data-secret",t)),e.contentWindow.postMessage({message:"ready",secret:t},"*")},!1)))}(window,document);
//# sourceURL=https://stuttgarti-katolikusok.de/wp-includes/js/wp-embed.min.js
/* ]]> */
</script>

Programelőzetes Örömmel jelezzük, hogy újra szabadon, minden korlátozás nélkül látogathatjuk templomainkat.  Nincs szükség távolság megtartására és a maszk használatára.  * Május 26-án, csütörtökön, Urunk mennybemenetelének ünnepe, 10.00 órakor ünnepi szentmise a Schlosspaltz-on a „102. Deutscher Katholikentag Stuttgart 2022”. Ennek menete: 8.30  és 9.00 óra között érkezés, gyülekezés  a Neckartor-nál ( U-Bahn megálló Schlossgarten kijáratánál fent ). A Hauptbahnhof-tól is  el lehet oda gyalogolni a Schlosspark-on keresztül ( kb. 10perc) az út. &nbsp; 9.00 órakor ( húszperces) gyalogos &#8222;Sternwallfahrt&#8221; a Neckartortól  a Schlossplatzra  ( a Schlossgartenon) keresztül. &nbsp; 9.30 órakor felsorakozunk az oltár elött a Schlossplatz-on , ahol minden népcsoportot személyesen köszöntenek. &nbsp; 10.00 órakor ünnepi szentmise – „Geteiltes Leben – offener Himmel” mottóval. &nbsp; 14.00 – 15.30 óra között Gesellschaft und Politik in Deutschland und Europa / Gespräch Brücken zwischen West und Ost Gemeinden anderer Muttersprachen gestalten mit: Das Beispiel Ungarn (Rathaus, 4. OG, Mittlerer Sitzungssaal, Marktplatz 1) Ezen pódium beszélgetés közösségünk szervezésében történik. Meghívott előadónk Dr. Csiszár Klára pasztorálteológus. A pódium beszélgetést moderálja Merk Csaba Franz, a weingarteni közösség legátusa. Közösségünk képviseletében pedig Dávid Melinda, egyházközségünk titkárnője van jelen. Mindazok, aki szeretnének ezen a pódium beszélgetésen részt venni, belépővel (állandó kártya, illetve napi jegy) tehetik meg. * Május 28-án, szombaton, Tuttlingenben a 16.00 órai szentmise elmarad!! &nbsp; Stuttgartban egész napos programunk van! 11.00 órakor &#8211; Den Weg teilen &#8211; Pilgern für Europa Gemeinsam auf dem Martinusweg mit Pilgern aus Europa  Találkozási hely: Domkirche St. Eberhard Haupteingang, Königstr. 7 A zarándok csoportot, többek között, Dr. Székely János, szombathelyi püspök atya vezeti. 12.30 órakor érkezés a Bruder Klaus templomhoz. Itt fogadjuk a zarándok csoportot. Béke és szabadság témában Székely János püspök úr tart egy rövid előadást. Rövid pihenő és frissülés után folytatják útjukat. &nbsp; 14.00 órakor a Bruder Klaus templomban magyar nyelvű szentmise lesz, amelyet Dr. Székely János püspök atya celebrál. Nagy örömmel érkezik hozzánk,... Részletek
