{"version":"1.0","provider_name":"Stuttgarti Katolikusok","provider_url":"https:\/\/stuttgarti-katolikusok.de","title":"2021 m\u00e1rcius 15 \u00e9s 21 k\u00f6z\u00f6tt - Stuttgarti Katolikusok","type":"rich","width":600,"height":338,"html":"<blockquote class=\"wp-embedded-content\" data-secret=\"GAfO9u49CH\"><a href=\"https:\/\/stuttgarti-katolikusok.de\/index.php\/2021-marcius-15-es-51-kozott\/\">2021 m\u00e1rcius 15 \u00e9s 21 k\u00f6z\u00f6tt<\/a><\/blockquote><iframe sandbox=\"allow-scripts\" security=\"restricted\" src=\"https:\/\/stuttgarti-katolikusok.de\/index.php\/2021-marcius-15-es-51-kozott\/embed\/#?secret=GAfO9u49CH\" width=\"600\" height=\"338\" title=\"&#8220;2021 m\u00e1rcius 15 \u00e9s 21 k\u00f6z\u00f6tt&#8221; &#8212; Stuttgarti Katolikusok\" data-secret=\"GAfO9u49CH\" frameborder=\"0\" marginwidth=\"0\" marginheight=\"0\" scrolling=\"no\" class=\"wp-embedded-content\"><\/iframe><script type=\"text\/javascript\">\n\/* <![CDATA[ *\/\n\/*! This file is auto-generated *\/\n!function(d,l){\"use strict\";l.querySelector&&d.addEventListener&&\"undefined\"!=typeof URL&&(d.wp=d.wp||{},d.wp.receiveEmbedMessage||(d.wp.receiveEmbedMessage=function(e){var t=e.data;if((t||t.secret||t.message||t.value)&&!\/[^a-zA-Z0-9]\/.test(t.secret)){for(var s,r,n,a=l.querySelectorAll('iframe[data-secret=\"'+t.secret+'\"]'),o=l.querySelectorAll('blockquote[data-secret=\"'+t.secret+'\"]'),c=new RegExp(\"^https?:$\",\"i\"),i=0;i<o.length;i++)o[i].style.display=\"none\";for(i=0;i<a.length;i++)s=a[i],e.source===s.contentWindow&&(s.removeAttribute(\"style\"),\"height\"===t.message?(1e3<(r=parseInt(t.value,10))?r=1e3:~~r<200&&(r=200),s.height=r):\"link\"===t.message&&(r=new URL(s.getAttribute(\"src\")),n=new URL(t.value),c.test(n.protocol))&&n.host===r.host&&l.activeElement===s&&(d.top.location.href=t.value))}},d.addEventListener(\"message\",d.wp.receiveEmbedMessage,!1),l.addEventListener(\"DOMContentLoaded\",function(){for(var e,t,s=l.querySelectorAll(\"iframe.wp-embedded-content\"),r=0;r<s.length;r++)(t=(e=s[r]).getAttribute(\"data-secret\"))||(t=Math.random().toString(36).substring(2,12),e.src+=\"#?secret=\"+t,e.setAttribute(\"data-secret\",t)),e.contentWindow.postMessage({message:\"ready\",secret:t},\"*\")},!1)))}(window,document);\n\/\/# sourceURL=https:\/\/stuttgarti-katolikusok.de\/wp-includes\/js\/wp-embed.min.js\n\/* ]]> *\/\n<\/script>\n","thumbnail_url":"https:\/\/stuttgarti-katolikusok.de\/wp-content\/uploads\/2021\/03\/cross-689658-640.jpg","thumbnail_width":640,"thumbnail_height":426,"description":"Programel\u0151zetes A jelenlegi egyh\u00e1zi rendelkez\u00e9sek \u00e9rtelm\u00e9ben csak a szentmise \u00a0\u00a0tarthat\u00f3 meg. Szentmis\u00e9n k\u00f6telez\u0151 a maszk haszn\u00e1lata, jelenl\u00e9ti lista n\u00e9vvel \u00e9s el\u00e9rhet\u0151s\u00e9ggel, kezek fert\u0151tlen\u00edt\u00e9se! * M\u00e1rcius 17-\u00e9n, szerda, Weingarteni d\u00e9lut\u00e1n, a 14 Nothelfer Kapelle-ben 17.30 \u00f3rakor kereszt\u00fati \u00e1jtatoss\u00e1g, ezt k\u00f6vet\u0151en szentmise. Szent J\u00f3zsefet k\u00f6sz\u00f6ntj\u00fck. * M\u00e1rcius 18-\u00e1n, cs\u00fct\u00f6rt\u00f6k\u00f6n, Ulmi d\u00e9lut\u00e1n, 17.30 \u00f3rakor kereszt\u00fati \u00e1jtatoss\u00e1g, ezt k\u00f6vet\u0151en szentmise. Szent J\u00f3zsefet k\u00f6sz\u00f6ntj\u00fck. \u00a0* M\u00e1rcius 19-\u00e9n, p\u00e9nteken, Stuttgarti d\u00e9lut\u00e1n, 17.30 \u00f3rakor kereszt\u00fati \u00e1jtatoss\u00e1g, ut\u00e1na szentmise, Szent J\u00f3zsef \u00fcnnepe. * \u00a0M\u00e1rcius 20-\u00e1n, szombaton, Heidenheimban 15.30 \u00f3rakor\u00a0szentmise, Szent J\u00f3zsefet \u00fcnnepelj\u00fck. * M\u00e1rcius 21-\u00e9n, Nagyb\u00f6jt 5. vas\u00e1rnapja, Ludwigsburgban 9.30 \u00f3rakor szentmise, Stuttgarttban 12.00 \u00f3rakor szentmise, Eislingenben 15.00 \u00f3rakor szentmise. * Minden helyen mindenkit szeretettel v\u00e1r a k\u00f6z\u00f6ss\u00e9g \u00e9s Tibor atya!\u00a0 * * Bens\u0151s\u00e9ges nagyb\u00f6jti napokat, j\u00f3 munk\u00e1t, tartalmas besz\u00e9lget\u00e9seket \u00e9s \u00f6r\u00f6mteli tal\u00e1lkoz\u00e1sokat k\u00edv\u00e1nunk minden Kedves H\u00edv\u00fcnknek! * \u201eMindig azt gondoltam, hogy az igazi szeretet jelk\u00e9pe a sz\u00edv, mindaddig, am\u00edg egy napon r\u00e1 nem j\u00f6ttem, hogy J\u00e9zus \u00e9rtem halt meg a kereszten.\u201d (K\u00e9p forr\u00e1sa: Pixabay)"}

2021 március 15 és 21 között - Stuttgarti Katolikusok

<blockquote class="wp-embedded-content" data-secret="GAfO9u49CH"><a href="https://stuttgarti-katolikusok.de/index.php/2021-marcius-15-es-51-kozott/">2021 március 15 és 21 között</a></blockquote><iframe sandbox="allow-scripts" security="restricted" src="https://stuttgarti-katolikusok.de/index.php/2021-marcius-15-es-51-kozott/embed/#?secret=GAfO9u49CH" width="600" height="338" title="&#8220;2021 március 15 és 21 között&#8221; &#8212; Stuttgarti Katolikusok" data-secret="GAfO9u49CH" frameborder="0" marginwidth="0" marginheight="0" scrolling="no" class="wp-embedded-content"></iframe><script type="text/javascript">
/* <![CDATA[ */
/*! This file is auto-generated */
!function(d,l){"use strict";l.querySelector&&d.addEventListener&&"undefined"!=typeof URL&&(d.wp=d.wp||{},d.wp.receiveEmbedMessage||(d.wp.receiveEmbedMessage=function(e){var t=e.data;if((t||t.secret||t.message||t.value)&&!/[^a-zA-Z0-9]/.test(t.secret)){for(var s,r,n,a=l.querySelectorAll('iframe[data-secret="'+t.secret+'"]'),o=l.querySelectorAll('blockquote[data-secret="'+t.secret+'"]'),c=new RegExp("^https?:$","i"),i=0;i<o.length;i++)o[i].style.display="none";for(i=0;i<a.length;i++)s=a[i],e.source===s.contentWindow&&(s.removeAttribute("style"),"height"===t.message?(1e3<(r=parseInt(t.value,10))?r=1e3:~~r<200&&(r=200),s.height=r):"link"===t.message&&(r=new URL(s.getAttribute("src")),n=new URL(t.value),c.test(n.protocol))&&n.host===r.host&&l.activeElement===s&&(d.top.location.href=t.value))}},d.addEventListener("message",d.wp.receiveEmbedMessage,!1),l.addEventListener("DOMContentLoaded",function(){for(var e,t,s=l.querySelectorAll("iframe.wp-embedded-content"),r=0;r<s.length;r++)(t=(e=s[r]).getAttribute("data-secret"))||(t=Math.random().toString(36).substring(2,12),e.src+="#?secret="+t,e.setAttribute("data-secret",t)),e.contentWindow.postMessage({message:"ready",secret:t},"*")},!1)))}(window,document);
//# sourceURL=https://stuttgarti-katolikusok.de/wp-includes/js/wp-embed.min.js
/* ]]> */
</script>

Programelőzetes A jelenlegi egyházi rendelkezések értelmében csak a szentmise   tartható meg. Szentmisén kötelező a maszk használata, jelenléti lista névvel és elérhetőséggel, kezek fertőtlenítése! * Március 17-én, szerda, Weingarteni délután, a 14 Nothelfer Kapelle-ben 17.30 órakor keresztúti ájtatosság, ezt követően szentmise. Szent Józsefet köszöntjük. * Március 18-án, csütörtökön, Ulmi délután, 17.30 órakor keresztúti ájtatosság, ezt követően szentmise. Szent Józsefet köszöntjük.  * Március 19-én, pénteken, Stuttgarti délután, 17.30 órakor keresztúti ájtatosság, utána szentmise, Szent József ünnepe. *  Március 20-án, szombaton, Heidenheimban 15.30 órakor szentmise, Szent Józsefet ünnepeljük. * Március 21-én, Nagyböjt 5. vasárnapja, Ludwigsburgban 9.30 órakor szentmise, Stuttgarttban 12.00 órakor szentmise, Eislingenben 15.00 órakor szentmise. * Minden helyen mindenkit szeretettel vár a közösség és Tibor atya!  * * Bensőséges nagyböjti napokat, jó munkát, tartalmas beszélgetéseket és örömteli találkozásokat kívánunk minden Kedves Hívünknek! * „Mindig azt gondoltam, hogy az igazi szeretet jelképe a szív, mindaddig, amíg egy napon rá nem jöttem, hogy Jézus értem halt meg a kereszten.” (Kép forrása: Pixabay)
