{"version":"1.0","provider_name":"Stuttgarti Katolikusok","provider_url":"https:\/\/stuttgarti-katolikusok.de","title":"2021. m\u00e1jus 31 \u00e9s j\u00fanius 6 k\u00f6z\u00f6tt - Stuttgarti Katolikusok","type":"rich","width":600,"height":338,"html":"<blockquote class=\"wp-embedded-content\" data-secret=\"MUGQidAPL1\"><a href=\"https:\/\/stuttgarti-katolikusok.de\/index.php\/2021-majus-31-es-junius-6-kozott\/\">2021. m\u00e1jus 31 \u00e9s j\u00fanius 6 k\u00f6z\u00f6tt<\/a><\/blockquote><iframe sandbox=\"allow-scripts\" security=\"restricted\" src=\"https:\/\/stuttgarti-katolikusok.de\/index.php\/2021-majus-31-es-junius-6-kozott\/embed\/#?secret=MUGQidAPL1\" width=\"600\" height=\"338\" title=\"&#8220;2021. m\u00e1jus 31 \u00e9s j\u00fanius 6 k\u00f6z\u00f6tt&#8221; &#8212; Stuttgarti Katolikusok\" data-secret=\"MUGQidAPL1\" frameborder=\"0\" marginwidth=\"0\" marginheight=\"0\" scrolling=\"no\" class=\"wp-embedded-content\"><\/iframe><script type=\"text\/javascript\">\n\/* <![CDATA[ *\/\n\/*! This file is auto-generated *\/\n!function(d,l){\"use strict\";l.querySelector&&d.addEventListener&&\"undefined\"!=typeof URL&&(d.wp=d.wp||{},d.wp.receiveEmbedMessage||(d.wp.receiveEmbedMessage=function(e){var t=e.data;if((t||t.secret||t.message||t.value)&&!\/[^a-zA-Z0-9]\/.test(t.secret)){for(var s,r,n,a=l.querySelectorAll('iframe[data-secret=\"'+t.secret+'\"]'),o=l.querySelectorAll('blockquote[data-secret=\"'+t.secret+'\"]'),c=new RegExp(\"^https?:$\",\"i\"),i=0;i<o.length;i++)o[i].style.display=\"none\";for(i=0;i<a.length;i++)s=a[i],e.source===s.contentWindow&&(s.removeAttribute(\"style\"),\"height\"===t.message?(1e3<(r=parseInt(t.value,10))?r=1e3:~~r<200&&(r=200),s.height=r):\"link\"===t.message&&(r=new URL(s.getAttribute(\"src\")),n=new URL(t.value),c.test(n.protocol))&&n.host===r.host&&l.activeElement===s&&(d.top.location.href=t.value))}},d.addEventListener(\"message\",d.wp.receiveEmbedMessage,!1),l.addEventListener(\"DOMContentLoaded\",function(){for(var e,t,s=l.querySelectorAll(\"iframe.wp-embedded-content\"),r=0;r<s.length;r++)(t=(e=s[r]).getAttribute(\"data-secret\"))||(t=Math.random().toString(36).substring(2,12),e.src+=\"#?secret=\"+t,e.setAttribute(\"data-secret\",t)),e.contentWindow.postMessage({message:\"ready\",secret:t},\"*\")},!1)))}(window,document);\n\/\/# sourceURL=https:\/\/stuttgarti-katolikusok.de\/wp-includes\/js\/wp-embed.min.js\n\/* ]]> *\/\n<\/script>\n","thumbnail_url":"https:\/\/stuttgarti-katolikusok.de\/wp-content\/uploads\/2020\/06\/urnapja-2020-ulm.jpeg","thumbnail_width":1600,"thumbnail_height":1200,"description":"Programel\u0151zetes A jelenlegi egyh\u00e1zi rendelkez\u00e9sek \u00e9rtelm\u00e9ben csak a szentmise tarthat\u00f3 meg. Szentmis\u00e9n k\u00f6telez\u0151 a maszk haszn\u00e1lata, jelenl\u00e9ti lista n\u00e9vvel \u00e9s el\u00e9rhet\u0151s\u00e9ggel, kezek fert\u0151tlen\u00edt\u00e9se! Szentmis\u00e9ket a h\u00edvek r\u00e9szv\u00e9tel\u00e9vel csak azon helyeken lehet, ahol a fert\u0151z\u00e9sek sz\u00e1ma ezt lehet\u0151v\u00e9 teszi. Ez sajn\u00e1latos m\u00f3don napr\u00f3l napra v\u00e1ltozhat!\u00a0\u00a0 \u00a0* J\u00fanius 3-\u00e1n,\u00a0cs\u00fct\u00f6rt\u00f6k\u00f6n,\u00a0\u00darnapja, Krisztus Szent Test\u00e9nek \u00e9s V\u00e9r\u00e9nek \u00fcnnepe, Weingartenben 11.00 \u00f3rakor szentmise a 14 Nothelfer Kapelle-ben, Ulmban 15.00 \u00f3rakor szentmise, Stuttgartban 18.00 \u00f3rakor szentmise. \u00a0* J\u00fanius 5-\u00e9n, szombaton, Balingenben, 16.00 \u00f3rakor szentmise,\u00a0melyben \u00darnapj\u00e1t \u00fcnnepelj\u00fck. \u00a0* J\u00fanius 6-\u00e1n, \u00c9vk\u00f6zi 10. vas\u00e1rnap,\u00a0 Schw\u00e4bisch-Gm\u00fcndben 9.30 \u00f3rakor szentmise, melyben \u00darnapj\u00e1t \u00fcnnepelj\u00fck, Stuttgartban 15.00 \u00f3rakor gyermek-szentmise. A szentmis\u00e9n H\u00e4fner Ildik\u00f3 \u00e9s bar\u00e1ti csapata \u00e9nekel. H\u00e1rom nyelven (magyar, n\u00e9met \u00e9s latin) hangzanak fel az \u00e9nekek. Egyben ezen a szentmis\u00e9n csendes megeml\u00e9kez\u00e9st is tartunk a Nemzeti \u00d6sszatartoz\u00e1s Napja kapcs\u00e1n. Mivel imm\u00e1r k\u00e9t esztendeje nincs lehet\u0151s\u00e9g\u00fcnk m\u00e1s form\u00e1ban megeml\u00e9kezni 1920. j\u00fanius 4-r\u0151l, tessz\u00fck ezt m\u00e9lt\u00f3s\u00e1ggal az im\u00e1ds\u00e1gon kereszt\u00fcl mag\u00e1ban a szentmis\u00e9ben. A szentmise egyes\u00edt, k\u00f6z\u00f6ss\u00e9gbe gy\u0171jt, felind\u00edtja a h\u00e1la \u00e9rz\u00e9s\u00e9t sz\u00edv\u00fcnkben. Ameddig fontosak sz\u00e1munkra e tal\u00e1lkoz\u00e1sok, addig \u00e9rt\u00e9keinket \u0151rizz\u00fck, egyben tov\u00e1bb is adjuk. Az al\u00e1bbi k\u00e9p nagyon kifejez\u0151! \u00d6sszetartozunk, b\u00e1r jelenleg hat\u00e1rok v\u00e1lasztanak el benn\u00fcnket. A l\u00e9lekben t\u00f6rt\u00e9n\u0151 tal\u00e1lkoz\u00e1s \u00e1t\u00edvel minden hat\u00e1ron, szabadon! Gyere \u00e9s \u00fcnnepeld vel\u00fcnk ezt az \u00f6sszetartoz\u00e1st! * * Minden helyen mindenkit szeretettel v\u00e1r a k\u00f6z\u00f6ss\u00e9g \u00e9s Tibor atya! * * Kegyelemteljes napokat, tartalmas besz\u00e9lget\u00e9seket \u00e9s \u00f6r\u00f6mteli tal\u00e1lkoz\u00e1sokat k\u00edv\u00e1nunk minden Kedves H\u00edv\u00fcnknek! * \u201eGy\u0151zelemr\u0151l \u00e9nekeljen Napkelet \u00e9s Napnyugat, Milli\u00f3 sz\u00edv \u00f6sszecsengjen, magasztalja az Urat! Krisztus \u00fajra f\u00f6ldre sz\u00e1llott, v\u00e1ndorl\u00e1sunk t\u00e1rsa lett, Mert szerette a vil\u00e1got, keny\u00e9rsz\u00ednbe rejtezett. Krisztus keny\u00e9r s bor sz\u00edn\u00e9ben \u00dar s Kir\u00e1ly a f\u00f6ld felett, Forrassz eggy\u00e9 b\u00e9kess\u00e9gben minden n\u00e9pet s nemzetet! \u00a0 Egykor \u00e9rt\u00fcnk testet \u00f6lt\u00f6tt, kisgyermekk\u00e9nt j\u00f6tt k\u00f6z\u00e9nk, A keresztf\u00e1n v\u00e9re \u00f6ml\u00f6tt v\u00e1lts\u00e1gunknak b\u00e9rek\u00e9nt. Most az olt\u00e1r Golgot\u00e1j\u00e1n \u00fajra itt a dr\u00e1ga v\u00e9r, \u00c1ldozat az Isten-B\u00e1r\u00e1ny, Krisztus teste a keny\u00e9r. Krisztus keny\u00e9r s bor sz\u00edn\u00e9ben... R\u00e9szletek"}

2021. május 31 és június 6 között - Stuttgarti Katolikusok

<blockquote class="wp-embedded-content" data-secret="MUGQidAPL1"><a href="https://stuttgarti-katolikusok.de/index.php/2021-majus-31-es-junius-6-kozott/">2021. május 31 és június 6 között</a></blockquote><iframe sandbox="allow-scripts" security="restricted" src="https://stuttgarti-katolikusok.de/index.php/2021-majus-31-es-junius-6-kozott/embed/#?secret=MUGQidAPL1" width="600" height="338" title="&#8220;2021. május 31 és június 6 között&#8221; &#8212; Stuttgarti Katolikusok" data-secret="MUGQidAPL1" frameborder="0" marginwidth="0" marginheight="0" scrolling="no" class="wp-embedded-content"></iframe><script type="text/javascript">
/* <![CDATA[ */
/*! This file is auto-generated */
!function(d,l){"use strict";l.querySelector&&d.addEventListener&&"undefined"!=typeof URL&&(d.wp=d.wp||{},d.wp.receiveEmbedMessage||(d.wp.receiveEmbedMessage=function(e){var t=e.data;if((t||t.secret||t.message||t.value)&&!/[^a-zA-Z0-9]/.test(t.secret)){for(var s,r,n,a=l.querySelectorAll('iframe[data-secret="'+t.secret+'"]'),o=l.querySelectorAll('blockquote[data-secret="'+t.secret+'"]'),c=new RegExp("^https?:$","i"),i=0;i<o.length;i++)o[i].style.display="none";for(i=0;i<a.length;i++)s=a[i],e.source===s.contentWindow&&(s.removeAttribute("style"),"height"===t.message?(1e3<(r=parseInt(t.value,10))?r=1e3:~~r<200&&(r=200),s.height=r):"link"===t.message&&(r=new URL(s.getAttribute("src")),n=new URL(t.value),c.test(n.protocol))&&n.host===r.host&&l.activeElement===s&&(d.top.location.href=t.value))}},d.addEventListener("message",d.wp.receiveEmbedMessage,!1),l.addEventListener("DOMContentLoaded",function(){for(var e,t,s=l.querySelectorAll("iframe.wp-embedded-content"),r=0;r<s.length;r++)(t=(e=s[r]).getAttribute("data-secret"))||(t=Math.random().toString(36).substring(2,12),e.src+="#?secret="+t,e.setAttribute("data-secret",t)),e.contentWindow.postMessage({message:"ready",secret:t},"*")},!1)))}(window,document);
//# sourceURL=https://stuttgarti-katolikusok.de/wp-includes/js/wp-embed.min.js
/* ]]> */
</script>

Programelőzetes A jelenlegi egyházi rendelkezések értelmében csak a szentmise tartható meg. Szentmisén kötelező a maszk használata, jelenléti lista névvel és elérhetőséggel, kezek fertőtlenítése! Szentmiséket a hívek részvételével csak azon helyeken lehet, ahol a fertőzések száma ezt lehetővé teszi. Ez sajnálatos módon napról napra változhat!    * Június 3-án, csütörtökön, Úrnapja, Krisztus Szent Testének és Vérének ünnepe, Weingartenben 11.00 órakor szentmise a 14 Nothelfer Kapelle-ben, Ulmban 15.00 órakor szentmise, Stuttgartban 18.00 órakor szentmise.  * Június 5-én, szombaton, Balingenben, 16.00 órakor szentmise, melyben Úrnapját ünnepeljük.  * Június 6-án, Évközi 10. vasárnap,  Schwäbisch-Gmündben 9.30 órakor szentmise, melyben Úrnapját ünnepeljük, Stuttgartban 15.00 órakor gyermek-szentmise. A szentmisén Häfner Ildikó és baráti csapata énekel. Három nyelven (magyar, német és latin) hangzanak fel az énekek. Egyben ezen a szentmisén csendes megemlékezést is tartunk a Nemzeti Összatartozás Napja kapcsán. Mivel immár két esztendeje nincs lehetőségünk más formában megemlékezni 1920. június 4-ről, tesszük ezt méltósággal az imádságon keresztül magában a szentmisében. A szentmise egyesít, közösségbe gyűjt, felindítja a hála érzését szívünkben. Ameddig fontosak számunkra e találkozások, addig értékeinket őrizzük, egyben tovább is adjuk. Az alábbi kép nagyon kifejező! Összetartozunk, bár jelenleg határok választanak el bennünket. A lélekben történő találkozás átível minden határon, szabadon! Gyere és ünnepeld velünk ezt az összetartozást! * * Minden helyen mindenkit szeretettel vár a közösség és Tibor atya! * * Kegyelemteljes napokat, tartalmas beszélgetéseket és örömteli találkozásokat kívánunk minden Kedves Hívünknek! * „Győzelemről énekeljen Napkelet és Napnyugat, Millió szív összecsengjen, magasztalja az Urat! Krisztus újra földre szállott, vándorlásunk társa lett, Mert szerette a világot, kenyérszínbe rejtezett. Krisztus kenyér s bor színében Úr s Király a föld felett, Forrassz eggyé békességben minden népet s nemzetet!   Egykor értünk testet öltött, kisgyermekként jött közénk, A keresztfán vére ömlött váltságunknak béreként. Most az oltár Golgotáján újra itt a drága vér, Áldozat az Isten-Bárány, Krisztus teste a kenyér. Krisztus kenyér s bor színében... Részletek
