{"version":"1.0","provider_name":"Stuttgarti Katolikusok","provider_url":"https:\/\/stuttgarti-katolikusok.de","title":"2021. m\u00e1jus 3 \u00e9s 9 k\u00f6z\u00f6tt - Stuttgarti Katolikusok","type":"rich","width":600,"height":338,"html":"<blockquote class=\"wp-embedded-content\" data-secret=\"esKiIMbj7e\"><a href=\"https:\/\/stuttgarti-katolikusok.de\/index.php\/2021-majus-3-es-9-kozott\/\">2021. m\u00e1jus 3 \u00e9s 9 k\u00f6z\u00f6tt<\/a><\/blockquote><iframe sandbox=\"allow-scripts\" security=\"restricted\" src=\"https:\/\/stuttgarti-katolikusok.de\/index.php\/2021-majus-3-es-9-kozott\/embed\/#?secret=esKiIMbj7e\" width=\"600\" height=\"338\" title=\"&#8220;2021. m\u00e1jus 3 \u00e9s 9 k\u00f6z\u00f6tt&#8221; &#8212; Stuttgarti Katolikusok\" data-secret=\"esKiIMbj7e\" frameborder=\"0\" marginwidth=\"0\" marginheight=\"0\" scrolling=\"no\" class=\"wp-embedded-content\"><\/iframe><script type=\"text\/javascript\">\n\/* <![CDATA[ *\/\n\/*! This file is auto-generated *\/\n!function(d,l){\"use strict\";l.querySelector&&d.addEventListener&&\"undefined\"!=typeof URL&&(d.wp=d.wp||{},d.wp.receiveEmbedMessage||(d.wp.receiveEmbedMessage=function(e){var t=e.data;if((t||t.secret||t.message||t.value)&&!\/[^a-zA-Z0-9]\/.test(t.secret)){for(var s,r,n,a=l.querySelectorAll('iframe[data-secret=\"'+t.secret+'\"]'),o=l.querySelectorAll('blockquote[data-secret=\"'+t.secret+'\"]'),c=new RegExp(\"^https?:$\",\"i\"),i=0;i<o.length;i++)o[i].style.display=\"none\";for(i=0;i<a.length;i++)s=a[i],e.source===s.contentWindow&&(s.removeAttribute(\"style\"),\"height\"===t.message?(1e3<(r=parseInt(t.value,10))?r=1e3:~~r<200&&(r=200),s.height=r):\"link\"===t.message&&(r=new URL(s.getAttribute(\"src\")),n=new URL(t.value),c.test(n.protocol))&&n.host===r.host&&l.activeElement===s&&(d.top.location.href=t.value))}},d.addEventListener(\"message\",d.wp.receiveEmbedMessage,!1),l.addEventListener(\"DOMContentLoaded\",function(){for(var e,t,s=l.querySelectorAll(\"iframe.wp-embedded-content\"),r=0;r<s.length;r++)(t=(e=s[r]).getAttribute(\"data-secret\"))||(t=Math.random().toString(36).substring(2,12),e.src+=\"#?secret=\"+t,e.setAttribute(\"data-secret\",t)),e.contentWindow.postMessage({message:\"ready\",secret:t},\"*\")},!1)))}(window,document);\n\/\/# sourceURL=https:\/\/stuttgarti-katolikusok.de\/wp-includes\/js\/wp-embed.min.js\n\/* ]]> *\/\n<\/script>\n","thumbnail_url":"https:\/\/stuttgarti-katolikusok.de\/wp-content\/uploads\/2021\/05\/couple-5989116-1280.jpg","thumbnail_width":1280,"thumbnail_height":853,"description":"Programel\u0151zetes A jelenlegi egyh\u00e1zi rendelkez\u00e9sek \u00e9rtelm\u00e9ben csak a szentmise tarthat\u00f3 meg. Szentmis\u00e9n k\u00f6telez\u0151 a maszk haszn\u00e1lata, jelenl\u00e9ti lista n\u00e9vvel \u00e9s el\u00e9rhet\u0151s\u00e9ggel, kezek fert\u0151tlen\u00edt\u00e9se! Szentmis\u00e9ket a h\u00edvek r\u00e9szv\u00e9tel\u00e9vel csak azon helyeken lehet, ahol a fert\u0151z\u00e9sek sz\u00e1ma ezt lehet\u0151v\u00e9 teszi. Ez sajnos napr\u00f3l napra v\u00e1ltozhat.\u00a0\u00a0 \u00a0* M\u00e1jus 8-\u00e1n, szombaton,\u00a0Biberachban\u00a016.30 \u00f3rakor\u00a0szentmise. A szentmis\u00e9ben az \u00e9desany\u00e1kat k\u00f6sz\u00f6ntj\u00fck. * M\u00e1jus 9-\u00e9n,\u00a0H\u00fasv\u00e9t 6. vas\u00e1rnapja,\u00a0 Weingartenben\u00a011.00 \u00f3rakor\u00a0szentmise a Heilig Geist Kirche-ben. A szentmis\u00e9ben az \u00e9desany\u00e1kat k\u00f6sz\u00f6ntj\u00fck, Ulmban 15.00 \u00f3rakor szentmise. Keret\u00e9ben az \u00e9desany\u00e1kat k\u00f6sz\u00f6ntj\u00fck, Stuttgartban 18.00 \u00f3rakor m\u00e1jusi \u00e1jtatoss\u00e1g. \u00a0* Minden helyen mindenkit szeretettel v\u00e1r a k\u00f6z\u00f6ss\u00e9g \u00e9s Tibor atya! * * Kegyelemteljes h\u00fasv\u00e9ti napokat, tartalmas besz\u00e9lget\u00e9seket \u00e9s \u00f6r\u00f6mteli tal\u00e1lkoz\u00e1sokat k\u00edv\u00e1nunk minden Kedves H\u00edv\u00fcnknek! * \u201eNek\u00fcnk, kereszt\u00e9nyeknek nem csak meghallgatni kell a Sz\u00f3t, hogy azt\u00e1n egy k\u00f6vetkez\u0151 pillanatban megpr\u00f3b\u00e1ljuk majd \u00e9letre v\u00e1ltani. Az Eucharisztia \u00fcnnepl\u00e9s\u00e9nek kezdet\u00e9n mi, kereszt\u00e9nyek meghallgatjuk a Sz\u00f3t, amelyet azt\u00e1n mint megtestes\u00fclt \u00e9telt vesz\u00fcnk magunkhoz. A Test \u00e9s a V\u00e9r, mint t\u00e1pl\u00e1l\u00e9k adatik meg nek\u00fcnk, pontosan az\u00e9rt, mert a Sz\u00f3 m\u00e1r megtestes\u00fclt olyan m\u00f3don, hogy mi is azz\u00e1 lehess\u00fcnk, amit befogadunk, amit megesz\u00fcnk.\u201d\u00a0(P. Marko Ivan Rupnik SJ, 1954 &#8211; ) (K\u00e9p forr\u00e1sa: Pixabay)"}

2021. május 3 és 9 között - Stuttgarti Katolikusok

<blockquote class="wp-embedded-content" data-secret="esKiIMbj7e"><a href="https://stuttgarti-katolikusok.de/index.php/2021-majus-3-es-9-kozott/">2021. május 3 és 9 között</a></blockquote><iframe sandbox="allow-scripts" security="restricted" src="https://stuttgarti-katolikusok.de/index.php/2021-majus-3-es-9-kozott/embed/#?secret=esKiIMbj7e" width="600" height="338" title="&#8220;2021. május 3 és 9 között&#8221; &#8212; Stuttgarti Katolikusok" data-secret="esKiIMbj7e" frameborder="0" marginwidth="0" marginheight="0" scrolling="no" class="wp-embedded-content"></iframe><script type="text/javascript">
/* <![CDATA[ */
/*! This file is auto-generated */
!function(d,l){"use strict";l.querySelector&&d.addEventListener&&"undefined"!=typeof URL&&(d.wp=d.wp||{},d.wp.receiveEmbedMessage||(d.wp.receiveEmbedMessage=function(e){var t=e.data;if((t||t.secret||t.message||t.value)&&!/[^a-zA-Z0-9]/.test(t.secret)){for(var s,r,n,a=l.querySelectorAll('iframe[data-secret="'+t.secret+'"]'),o=l.querySelectorAll('blockquote[data-secret="'+t.secret+'"]'),c=new RegExp("^https?:$","i"),i=0;i<o.length;i++)o[i].style.display="none";for(i=0;i<a.length;i++)s=a[i],e.source===s.contentWindow&&(s.removeAttribute("style"),"height"===t.message?(1e3<(r=parseInt(t.value,10))?r=1e3:~~r<200&&(r=200),s.height=r):"link"===t.message&&(r=new URL(s.getAttribute("src")),n=new URL(t.value),c.test(n.protocol))&&n.host===r.host&&l.activeElement===s&&(d.top.location.href=t.value))}},d.addEventListener("message",d.wp.receiveEmbedMessage,!1),l.addEventListener("DOMContentLoaded",function(){for(var e,t,s=l.querySelectorAll("iframe.wp-embedded-content"),r=0;r<s.length;r++)(t=(e=s[r]).getAttribute("data-secret"))||(t=Math.random().toString(36).substring(2,12),e.src+="#?secret="+t,e.setAttribute("data-secret",t)),e.contentWindow.postMessage({message:"ready",secret:t},"*")},!1)))}(window,document);
//# sourceURL=https://stuttgarti-katolikusok.de/wp-includes/js/wp-embed.min.js
/* ]]> */
</script>

Programelőzetes A jelenlegi egyházi rendelkezések értelmében csak a szentmise tartható meg. Szentmisén kötelező a maszk használata, jelenléti lista névvel és elérhetőséggel, kezek fertőtlenítése! Szentmiséket a hívek részvételével csak azon helyeken lehet, ahol a fertőzések száma ezt lehetővé teszi. Ez sajnos napról napra változhat.    * Május 8-án, szombaton, Biberachban 16.30 órakor szentmise. A szentmisében az édesanyákat köszöntjük. * Május 9-én, Húsvét 6. vasárnapja,  Weingartenben 11.00 órakor szentmise a Heilig Geist Kirche-ben. A szentmisében az édesanyákat köszöntjük, Ulmban 15.00 órakor szentmise. Keretében az édesanyákat köszöntjük, Stuttgartban 18.00 órakor májusi ájtatosság.  * Minden helyen mindenkit szeretettel vár a közösség és Tibor atya! * * Kegyelemteljes húsvéti napokat, tartalmas beszélgetéseket és örömteli találkozásokat kívánunk minden Kedves Hívünknek! * „Nekünk, keresztényeknek nem csak meghallgatni kell a Szót, hogy aztán egy következő pillanatban megpróbáljuk majd életre váltani. Az Eucharisztia ünneplésének kezdetén mi, keresztények meghallgatjuk a Szót, amelyet aztán mint megtestesült ételt veszünk magunkhoz. A Test és a Vér, mint táplálék adatik meg nekünk, pontosan azért, mert a Szó már megtestesült olyan módon, hogy mi is azzá lehessünk, amit befogadunk, amit megeszünk.” (P. Marko Ivan Rupnik SJ, 1954 &#8211; ) (Kép forrása: Pixabay)
