{"version":"1.0","provider_name":"Stuttgarti Katolikusok","provider_url":"https:\/\/stuttgarti-katolikusok.de","title":"2021. m\u00e1jus 10 \u00e9s 16 k\u00f6z\u00f6tt - Stuttgarti Katolikusok","type":"rich","width":600,"height":338,"html":"<blockquote class=\"wp-embedded-content\" data-secret=\"ZhpQSS1osW\"><a href=\"https:\/\/stuttgarti-katolikusok.de\/index.php\/2021-majus-10-es-16-kozott\/\">2021. m\u00e1jus 10 \u00e9s 16 k\u00f6z\u00f6tt<\/a><\/blockquote><iframe sandbox=\"allow-scripts\" security=\"restricted\" src=\"https:\/\/stuttgarti-katolikusok.de\/index.php\/2021-majus-10-es-16-kozott\/embed\/#?secret=ZhpQSS1osW\" width=\"600\" height=\"338\" title=\"&#8220;2021. m\u00e1jus 10 \u00e9s 16 k\u00f6z\u00f6tt&#8221; &#8212; Stuttgarti Katolikusok\" data-secret=\"ZhpQSS1osW\" frameborder=\"0\" marginwidth=\"0\" marginheight=\"0\" scrolling=\"no\" class=\"wp-embedded-content\"><\/iframe><script type=\"text\/javascript\">\n\/* <![CDATA[ *\/\n\/*! This file is auto-generated *\/\n!function(d,l){\"use strict\";l.querySelector&&d.addEventListener&&\"undefined\"!=typeof URL&&(d.wp=d.wp||{},d.wp.receiveEmbedMessage||(d.wp.receiveEmbedMessage=function(e){var t=e.data;if((t||t.secret||t.message||t.value)&&!\/[^a-zA-Z0-9]\/.test(t.secret)){for(var s,r,n,a=l.querySelectorAll('iframe[data-secret=\"'+t.secret+'\"]'),o=l.querySelectorAll('blockquote[data-secret=\"'+t.secret+'\"]'),c=new RegExp(\"^https?:$\",\"i\"),i=0;i<o.length;i++)o[i].style.display=\"none\";for(i=0;i<a.length;i++)s=a[i],e.source===s.contentWindow&&(s.removeAttribute(\"style\"),\"height\"===t.message?(1e3<(r=parseInt(t.value,10))?r=1e3:~~r<200&&(r=200),s.height=r):\"link\"===t.message&&(r=new URL(s.getAttribute(\"src\")),n=new URL(t.value),c.test(n.protocol))&&n.host===r.host&&l.activeElement===s&&(d.top.location.href=t.value))}},d.addEventListener(\"message\",d.wp.receiveEmbedMessage,!1),l.addEventListener(\"DOMContentLoaded\",function(){for(var e,t,s=l.querySelectorAll(\"iframe.wp-embedded-content\"),r=0;r<s.length;r++)(t=(e=s[r]).getAttribute(\"data-secret\"))||(t=Math.random().toString(36).substring(2,12),e.src+=\"#?secret=\"+t,e.setAttribute(\"data-secret\",t)),e.contentWindow.postMessage({message:\"ready\",secret:t},\"*\")},!1)))}(window,document);\n\/\/# sourceURL=https:\/\/stuttgarti-katolikusok.de\/wp-includes\/js\/wp-embed.min.js\n\/* ]]> *\/\n<\/script>\n","thumbnail_url":"https:\/\/stuttgarti-katolikusok.de\/wp-content\/uploads\/2021\/05\/ascension-4770112-1280.jpg","thumbnail_width":1280,"thumbnail_height":853,"description":"Programel\u0151zetes A jelenlegi egyh\u00e1zi rendelkez\u00e9sek \u00e9rtelm\u00e9ben csak a szentmise tarthat\u00f3 meg. Szentmis\u00e9n k\u00f6telez\u0151 a maszk haszn\u00e1lata, jelenl\u00e9ti lista n\u00e9vvel \u00e9s el\u00e9rhet\u0151s\u00e9ggel, kezek fert\u0151tlen\u00edt\u00e9se! Szentmis\u00e9ket a h\u00edvek r\u00e9szv\u00e9tel\u00e9vel csak azon helyeken lehet, ahol a fert\u0151z\u00e9sek sz\u00e1ma ezt lehet\u0151v\u00e9 teszi. Ez sajnos napr\u00f3l napra v\u00e1ltozhat!\u00a0\u00a0 \u00a0* M\u00e1jus 12-\u00e9n,\u00a0szerd\u00e1n,\u00a0Weingarteni d\u00e9lut\u00e1n,\u00a0a\u00a014 Nothelfer Kapelle-ben 18.30 \u00f3rakor\u00a0r\u00f3zsaf\u00fcz\u00e9rt im\u00e1dkozunk, ezt k\u00f6vet\u0151en\u00a0el\u0151esti szentmise Urunk mennybemenetel\u00e9nek \u00fcnnep\u00e9re. * M\u00e1jus 13-\u00e1n,\u00a0cs\u00fct\u00f6rt\u00f6k\u00f6n,\u00a0Ulmi d\u00e9lut\u00e1n, 17.30 \u00f3rakor r\u00f3zsaf\u00fcz\u00e9rt im\u00e1dkozunk, ezt k\u00f6vet\u0151en szentmise Urunk mennybemenetel\u00e9nek \u00fcnnep\u00e9re. * M\u00e1jus 14-\u00e9n,\u00a0p\u00e9nteken,\u00a0Stuttgarti d\u00e9lut\u00e1n. ELMARAD!!! * M\u00e1jus 15-\u00e9n, szombaton, Heidenheimban\u00a015.30 \u00f3rakor\u00a0szabadt\u00e9ri szentmise. Az id\u0151j\u00e1r\u00e1snak megfelel\u0151en \u00f6lt\u00f6zk\u00f6djetek \u00e9s hozzatok eserny\u0151t is magatokkal, amennyiben sz\u00fcks\u00e9ges!!! * M\u00e1jus 16-\u00e1n,\u00a0H\u00fasv\u00e9t 7. vas\u00e1rnapja,\u00a0 Ludwigsburgban\u00a09.30 \u00f3rakor\u00a0szentmise, Stuttgartban\u00a012.00 \u00f3rakor szentmise, (jelen pillanatban m\u00e9g k\u00e9rd\u00e9ses!!!) Eislingenben 15.00 \u00f3rakor szentmise. (jelen pillanatban m\u00e9g k\u00e9rd\u00e9ses!!!) \u00a0* Minden helyen mindenkit szeretettel v\u00e1r a k\u00f6z\u00f6ss\u00e9g \u00e9s Tibor atya! * * Kegyelemteljes h\u00fasv\u00e9ti napokat, tartalmas besz\u00e9lget\u00e9seket \u00e9s \u00f6r\u00f6mteli tal\u00e1lkoz\u00e1sokat k\u00edv\u00e1nunk minden Kedves H\u00edv\u00fcnknek! * \u201eAk\u00e1r \u00f3ri\u00e1sok \u00e9p\u00edtik a kast\u00e9lyokat, ak\u00e1r emberek a kunyh\u00f3kat: kast\u00e9lyok, kunyh\u00f3k mind muland\u00f3 dolgok. Csup\u00e1n a hegyek, a v\u00f6lgyek, a foly\u00f3k \u00e9s a n\u00e9pek \u00f6r\u00f6kk\u00e9val\u00f3k, mert azokat Isten teremtette!\u201d\u00a0(Wass Albert, erd\u00e9lyi magyar \u00edr\u00f3 \u00e9s k\u00f6lt\u0151 &#8211; 1908 \u2013 1998) (K\u00e9p forr\u00e1sa: Pixabay)"}

2021. május 10 és 16 között - Stuttgarti Katolikusok

<blockquote class="wp-embedded-content" data-secret="ZhpQSS1osW"><a href="https://stuttgarti-katolikusok.de/index.php/2021-majus-10-es-16-kozott/">2021. május 10 és 16 között</a></blockquote><iframe sandbox="allow-scripts" security="restricted" src="https://stuttgarti-katolikusok.de/index.php/2021-majus-10-es-16-kozott/embed/#?secret=ZhpQSS1osW" width="600" height="338" title="&#8220;2021. május 10 és 16 között&#8221; &#8212; Stuttgarti Katolikusok" data-secret="ZhpQSS1osW" frameborder="0" marginwidth="0" marginheight="0" scrolling="no" class="wp-embedded-content"></iframe><script type="text/javascript">
/* <![CDATA[ */
/*! This file is auto-generated */
!function(d,l){"use strict";l.querySelector&&d.addEventListener&&"undefined"!=typeof URL&&(d.wp=d.wp||{},d.wp.receiveEmbedMessage||(d.wp.receiveEmbedMessage=function(e){var t=e.data;if((t||t.secret||t.message||t.value)&&!/[^a-zA-Z0-9]/.test(t.secret)){for(var s,r,n,a=l.querySelectorAll('iframe[data-secret="'+t.secret+'"]'),o=l.querySelectorAll('blockquote[data-secret="'+t.secret+'"]'),c=new RegExp("^https?:$","i"),i=0;i<o.length;i++)o[i].style.display="none";for(i=0;i<a.length;i++)s=a[i],e.source===s.contentWindow&&(s.removeAttribute("style"),"height"===t.message?(1e3<(r=parseInt(t.value,10))?r=1e3:~~r<200&&(r=200),s.height=r):"link"===t.message&&(r=new URL(s.getAttribute("src")),n=new URL(t.value),c.test(n.protocol))&&n.host===r.host&&l.activeElement===s&&(d.top.location.href=t.value))}},d.addEventListener("message",d.wp.receiveEmbedMessage,!1),l.addEventListener("DOMContentLoaded",function(){for(var e,t,s=l.querySelectorAll("iframe.wp-embedded-content"),r=0;r<s.length;r++)(t=(e=s[r]).getAttribute("data-secret"))||(t=Math.random().toString(36).substring(2,12),e.src+="#?secret="+t,e.setAttribute("data-secret",t)),e.contentWindow.postMessage({message:"ready",secret:t},"*")},!1)))}(window,document);
//# sourceURL=https://stuttgarti-katolikusok.de/wp-includes/js/wp-embed.min.js
/* ]]> */
</script>

Programelőzetes A jelenlegi egyházi rendelkezések értelmében csak a szentmise tartható meg. Szentmisén kötelező a maszk használata, jelenléti lista névvel és elérhetőséggel, kezek fertőtlenítése! Szentmiséket a hívek részvételével csak azon helyeken lehet, ahol a fertőzések száma ezt lehetővé teszi. Ez sajnos napról napra változhat!    * Május 12-én, szerdán, Weingarteni délután, a 14 Nothelfer Kapelle-ben 18.30 órakor rózsafüzért imádkozunk, ezt követően előesti szentmise Urunk mennybemenetelének ünnepére. * Május 13-án, csütörtökön, Ulmi délután, 17.30 órakor rózsafüzért imádkozunk, ezt követően szentmise Urunk mennybemenetelének ünnepére. * Május 14-én, pénteken, Stuttgarti délután. ELMARAD!!! * Május 15-én, szombaton, Heidenheimban 15.30 órakor szabadtéri szentmise. Az időjárásnak megfelelően öltözködjetek és hozzatok esernyőt is magatokkal, amennyiben szükséges!!! * Május 16-án, Húsvét 7. vasárnapja,  Ludwigsburgban 9.30 órakor szentmise, Stuttgartban 12.00 órakor szentmise, (jelen pillanatban még kérdéses!!!) Eislingenben 15.00 órakor szentmise. (jelen pillanatban még kérdéses!!!)  * Minden helyen mindenkit szeretettel vár a közösség és Tibor atya! * * Kegyelemteljes húsvéti napokat, tartalmas beszélgetéseket és örömteli találkozásokat kívánunk minden Kedves Hívünknek! * „Akár óriások építik a kastélyokat, akár emberek a kunyhókat: kastélyok, kunyhók mind mulandó dolgok. Csupán a hegyek, a völgyek, a folyók és a népek örökkévalók, mert azokat Isten teremtette!” (Wass Albert, erdélyi magyar író és költő &#8211; 1908 – 1998) (Kép forrása: Pixabay)
