{"version":"1.0","provider_name":"Stuttgarti Katolikusok","provider_url":"https:\/\/stuttgarti-katolikusok.de","title":"2021 j\u00fanius 21 \u00e9s 27 k\u00f6z\u00f6tt - Stuttgarti Katolikusok","type":"rich","width":600,"height":338,"html":"<blockquote class=\"wp-embedded-content\" data-secret=\"Ido8fXe038\"><a href=\"https:\/\/stuttgarti-katolikusok.de\/index.php\/2021-junius-21-es-27-kozott\/\">2021 j\u00fanius 21 \u00e9s 27 k\u00f6z\u00f6tt<\/a><\/blockquote><iframe sandbox=\"allow-scripts\" security=\"restricted\" src=\"https:\/\/stuttgarti-katolikusok.de\/index.php\/2021-junius-21-es-27-kozott\/embed\/#?secret=Ido8fXe038\" width=\"600\" height=\"338\" title=\"&#8220;2021 j\u00fanius 21 \u00e9s 27 k\u00f6z\u00f6tt&#8221; &#8212; Stuttgarti Katolikusok\" data-secret=\"Ido8fXe038\" frameborder=\"0\" marginwidth=\"0\" marginheight=\"0\" scrolling=\"no\" class=\"wp-embedded-content\"><\/iframe><script type=\"text\/javascript\">\n\/* <![CDATA[ *\/\n\/*! This file is auto-generated *\/\n!function(d,l){\"use strict\";l.querySelector&&d.addEventListener&&\"undefined\"!=typeof URL&&(d.wp=d.wp||{},d.wp.receiveEmbedMessage||(d.wp.receiveEmbedMessage=function(e){var t=e.data;if((t||t.secret||t.message||t.value)&&!\/[^a-zA-Z0-9]\/.test(t.secret)){for(var s,r,n,a=l.querySelectorAll('iframe[data-secret=\"'+t.secret+'\"]'),o=l.querySelectorAll('blockquote[data-secret=\"'+t.secret+'\"]'),c=new RegExp(\"^https?:$\",\"i\"),i=0;i<o.length;i++)o[i].style.display=\"none\";for(i=0;i<a.length;i++)s=a[i],e.source===s.contentWindow&&(s.removeAttribute(\"style\"),\"height\"===t.message?(1e3<(r=parseInt(t.value,10))?r=1e3:~~r<200&&(r=200),s.height=r):\"link\"===t.message&&(r=new URL(s.getAttribute(\"src\")),n=new URL(t.value),c.test(n.protocol))&&n.host===r.host&&l.activeElement===s&&(d.top.location.href=t.value))}},d.addEventListener(\"message\",d.wp.receiveEmbedMessage,!1),l.addEventListener(\"DOMContentLoaded\",function(){for(var e,t,s=l.querySelectorAll(\"iframe.wp-embedded-content\"),r=0;r<s.length;r++)(t=(e=s[r]).getAttribute(\"data-secret\"))||(t=Math.random().toString(36).substring(2,12),e.src+=\"#?secret=\"+t,e.setAttribute(\"data-secret\",t)),e.contentWindow.postMessage({message:\"ready\",secret:t},\"*\")},!1)))}(window,document);\n\/\/# sourceURL=https:\/\/stuttgarti-katolikusok.de\/wp-includes\/js\/wp-embed.min.js\n\/* ]]> *\/\n<\/script>\n","thumbnail_url":"https:\/\/stuttgarti-katolikusok.de\/wp-content\/uploads\/2021\/06\/spruce-2346335-1280.jpg","thumbnail_width":1280,"thumbnail_height":853,"description":"Programel\u0151zetes A jelenlegi egyh\u00e1zi rendelkez\u00e9sek \u00e9rtelm\u00e9ben csak a szentmise tarthat\u00f3 meg. Szentmis\u00e9n k\u00f6telez\u0151 a maszk haszn\u00e1lata, kezek fert\u0151tlen\u00edt\u00e9se, jelenl\u00e9ti lista n\u00e9vvel \u00e9s el\u00e9rhet\u0151s\u00e9ggel. A jelenl\u00e9ti list\u00e1val kapcsolatosan mindig az adott hely gyakorlat\u00e1t vessz\u00fck alapul! Jelen helyzetben a szentmis\u00e9ket megtarthatjuk, betartva tov\u00e1bbra is az el\u0151\u00edr\u00e1sokat, amelyek a szentmis\u00e9n r\u00e9sztvev\u0151k l\u00e9tsz\u00e1m\u00e1ra vonatkozik. Ezt mindig a helyi n\u00e9met k\u00f6z\u00f6ss\u00e9g hat\u00e1rozza meg! \u00d6rvendetes tov\u00e1bb\u00e1, hogy imm\u00e1r megengedett az \u00e9nekl\u00e9s (maszkban). R\u00e9g\u00f3ta v\u00e1rtunk erre a j\u00f3h\u00edrre! \u00a0* J\u00fanius 23-\u00e1n, szerd\u00e1n, Weingarteni d\u00e9lut\u00e1n, a 14 Nothelfer Kapelle-ben. 18.30 \u00f3rakor r\u00f3zsaf\u00fcz\u00e9rt im\u00e1dkozunk, 19.00 \u00f3rakor szentmise, keret\u00e9ben katek\u00e9zis. * J\u00fanius 24-\u00e9n, cs\u00fct\u00f6rt\u00f6k\u00f6n Ulmi d\u00e9lut\u00e1n. 17.30 \u00f3rakor r\u00f3zsaf\u00fcz\u00e9rt im\u00e1dkozunk, 18.00 \u00f3rakor szentmise, keret\u00e9ben katek\u00e9zis. * J\u00fanius 25-\u00e9n, p\u00e9nteken, Stuttgarti d\u00e9lut\u00e1n. 18.00 \u00f3rakor szentmise, el\u0151tte r\u00f3zsaf\u00fcz\u00e9rt im\u00e1dkozunk. * J\u00fanius 26-\u00e1n, szombaton, Reutlingenben, 16.30 \u00f3rakor szentmise. \u00a0* J\u00fanius 27-\u00e9n, \u00c9vk\u00f6zi 13. vas\u00e1rnap, B\u00f6blinegnben\u00a09.30 \u00f3rakor b\u00facs\u00fas-szentmise, Boldog Dr. Scheffler J\u00e1nos p\u00fcsp\u00f6k \u00fcnnepe, Heilbronnban 15.30 \u00f3rakor szentmise. * Minden helyen mindenkit szeretettel v\u00e1r a k\u00f6z\u00f6ss\u00e9g \u00e9s Tibor atya! * * Kegyelemteljes napokat, tartalmas besz\u00e9lget\u00e9seket \u00e9s \u00f6r\u00f6mteli tal\u00e1lkoz\u00e1sokat k\u00edv\u00e1nunk minden Kedves H\u00edv\u00fcnknek! * \u201eA b\u00f6lcs ember t\u00f6bbet tanul ellens\u00e9geit\u0151l, mint a bolond bar\u00e1tait\u00f3l.\u201d (Baltasar Graci\u00e1n \u2013 jezsuita szerzetes, spanyol barokk pr\u00f3za\u00edr\u00f3 -1601-1658) (K\u00e9p forr\u00e1sa: pixabay.com)"}

2021 június 21 és 27 között - Stuttgarti Katolikusok

<blockquote class="wp-embedded-content" data-secret="Ido8fXe038"><a href="https://stuttgarti-katolikusok.de/index.php/2021-junius-21-es-27-kozott/">2021 június 21 és 27 között</a></blockquote><iframe sandbox="allow-scripts" security="restricted" src="https://stuttgarti-katolikusok.de/index.php/2021-junius-21-es-27-kozott/embed/#?secret=Ido8fXe038" width="600" height="338" title="&#8220;2021 június 21 és 27 között&#8221; &#8212; Stuttgarti Katolikusok" data-secret="Ido8fXe038" frameborder="0" marginwidth="0" marginheight="0" scrolling="no" class="wp-embedded-content"></iframe><script type="text/javascript">
/* <![CDATA[ */
/*! This file is auto-generated */
!function(d,l){"use strict";l.querySelector&&d.addEventListener&&"undefined"!=typeof URL&&(d.wp=d.wp||{},d.wp.receiveEmbedMessage||(d.wp.receiveEmbedMessage=function(e){var t=e.data;if((t||t.secret||t.message||t.value)&&!/[^a-zA-Z0-9]/.test(t.secret)){for(var s,r,n,a=l.querySelectorAll('iframe[data-secret="'+t.secret+'"]'),o=l.querySelectorAll('blockquote[data-secret="'+t.secret+'"]'),c=new RegExp("^https?:$","i"),i=0;i<o.length;i++)o[i].style.display="none";for(i=0;i<a.length;i++)s=a[i],e.source===s.contentWindow&&(s.removeAttribute("style"),"height"===t.message?(1e3<(r=parseInt(t.value,10))?r=1e3:~~r<200&&(r=200),s.height=r):"link"===t.message&&(r=new URL(s.getAttribute("src")),n=new URL(t.value),c.test(n.protocol))&&n.host===r.host&&l.activeElement===s&&(d.top.location.href=t.value))}},d.addEventListener("message",d.wp.receiveEmbedMessage,!1),l.addEventListener("DOMContentLoaded",function(){for(var e,t,s=l.querySelectorAll("iframe.wp-embedded-content"),r=0;r<s.length;r++)(t=(e=s[r]).getAttribute("data-secret"))||(t=Math.random().toString(36).substring(2,12),e.src+="#?secret="+t,e.setAttribute("data-secret",t)),e.contentWindow.postMessage({message:"ready",secret:t},"*")},!1)))}(window,document);
//# sourceURL=https://stuttgarti-katolikusok.de/wp-includes/js/wp-embed.min.js
/* ]]> */
</script>

Programelőzetes A jelenlegi egyházi rendelkezések értelmében csak a szentmise tartható meg. Szentmisén kötelező a maszk használata, kezek fertőtlenítése, jelenléti lista névvel és elérhetőséggel. A jelenléti listával kapcsolatosan mindig az adott hely gyakorlatát vesszük alapul! Jelen helyzetben a szentmiséket megtarthatjuk, betartva továbbra is az előírásokat, amelyek a szentmisén résztvevők létszámára vonatkozik. Ezt mindig a helyi német közösség határozza meg! Örvendetes továbbá, hogy immár megengedett az éneklés (maszkban). Régóta vártunk erre a jóhírre!  * Június 23-án, szerdán, Weingarteni délután, a 14 Nothelfer Kapelle-ben. 18.30 órakor rózsafüzért imádkozunk, 19.00 órakor szentmise, keretében katekézis. * Június 24-én, csütörtökön Ulmi délután. 17.30 órakor rózsafüzért imádkozunk, 18.00 órakor szentmise, keretében katekézis. * Június 25-én, pénteken, Stuttgarti délután. 18.00 órakor szentmise, előtte rózsafüzért imádkozunk. * Június 26-án, szombaton, Reutlingenben, 16.30 órakor szentmise.  * Június 27-én, Évközi 13. vasárnap, Böblinegnben 9.30 órakor búcsús-szentmise, Boldog Dr. Scheffler János püspök ünnepe, Heilbronnban 15.30 órakor szentmise. * Minden helyen mindenkit szeretettel vár a közösség és Tibor atya! * * Kegyelemteljes napokat, tartalmas beszélgetéseket és örömteli találkozásokat kívánunk minden Kedves Hívünknek! * „A bölcs ember többet tanul ellenségeitől, mint a bolond barátaitól.” (Baltasar Gracián – jezsuita szerzetes, spanyol barokk prózaíró -1601-1658) (Kép forrása: pixabay.com)
