{"version":"1.0","provider_name":"Stuttgarti Katolikusok","provider_url":"https:\/\/stuttgarti-katolikusok.de","title":"2021 j\u00fanius 14 \u00e9s 20 k\u00f6z\u00f6tt - Stuttgarti Katolikusok","type":"rich","width":600,"height":338,"html":"<blockquote class=\"wp-embedded-content\" data-secret=\"t6ixRcHBh9\"><a href=\"https:\/\/stuttgarti-katolikusok.de\/index.php\/2021-junius-14-es-20-kozott\/\">2021 j\u00fanius 14 \u00e9s 20 k\u00f6z\u00f6tt<\/a><\/blockquote><iframe sandbox=\"allow-scripts\" security=\"restricted\" src=\"https:\/\/stuttgarti-katolikusok.de\/index.php\/2021-junius-14-es-20-kozott\/embed\/#?secret=t6ixRcHBh9\" width=\"600\" height=\"338\" title=\"&#8220;2021 j\u00fanius 14 \u00e9s 20 k\u00f6z\u00f6tt&#8221; &#8212; Stuttgarti Katolikusok\" data-secret=\"t6ixRcHBh9\" frameborder=\"0\" marginwidth=\"0\" marginheight=\"0\" scrolling=\"no\" class=\"wp-embedded-content\"><\/iframe><script type=\"text\/javascript\">\n\/* <![CDATA[ *\/\n\/*! This file is auto-generated *\/\n!function(d,l){\"use strict\";l.querySelector&&d.addEventListener&&\"undefined\"!=typeof URL&&(d.wp=d.wp||{},d.wp.receiveEmbedMessage||(d.wp.receiveEmbedMessage=function(e){var t=e.data;if((t||t.secret||t.message||t.value)&&!\/[^a-zA-Z0-9]\/.test(t.secret)){for(var s,r,n,a=l.querySelectorAll('iframe[data-secret=\"'+t.secret+'\"]'),o=l.querySelectorAll('blockquote[data-secret=\"'+t.secret+'\"]'),c=new RegExp(\"^https?:$\",\"i\"),i=0;i<o.length;i++)o[i].style.display=\"none\";for(i=0;i<a.length;i++)s=a[i],e.source===s.contentWindow&&(s.removeAttribute(\"style\"),\"height\"===t.message?(1e3<(r=parseInt(t.value,10))?r=1e3:~~r<200&&(r=200),s.height=r):\"link\"===t.message&&(r=new URL(s.getAttribute(\"src\")),n=new URL(t.value),c.test(n.protocol))&&n.host===r.host&&l.activeElement===s&&(d.top.location.href=t.value))}},d.addEventListener(\"message\",d.wp.receiveEmbedMessage,!1),l.addEventListener(\"DOMContentLoaded\",function(){for(var e,t,s=l.querySelectorAll(\"iframe.wp-embedded-content\"),r=0;r<s.length;r++)(t=(e=s[r]).getAttribute(\"data-secret\"))||(t=Math.random().toString(36).substring(2,12),e.src+=\"#?secret=\"+t,e.setAttribute(\"data-secret\",t)),e.contentWindow.postMessage({message:\"ready\",secret:t},\"*\")},!1)))}(window,document);\n\/\/# sourceURL=https:\/\/stuttgarti-katolikusok.de\/wp-includes\/js\/wp-embed.min.js\n\/* ]]> *\/\n<\/script>\n","thumbnail_url":"https:\/\/stuttgarti-katolikusok.de\/wp-content\/uploads\/2021\/06\/haborgo-tenger.jpg","thumbnail_width":1280,"thumbnail_height":853,"description":"Programel\u0151zetes A jelenlegi egyh\u00e1zi rendelkez\u00e9sek \u00e9rtelm\u00e9ben csak a szentmise tarthat\u00f3 meg. Szentmis\u00e9n k\u00f6telez\u0151 a maszk haszn\u00e1lata, kezek fert\u0151tlen\u00edt\u00e9se, jelenl\u00e9ti lista n\u00e9vvel \u00e9s el\u00e9rhet\u0151s\u00e9ggel. A jelenl\u00e9ti list\u00e1val kapcsolatosan mindig az adott hely gyakorlat\u00e1t vessz\u00fck alapul! Jelen helyzetben a szentmis\u00e9ket megtarthatjuk, betartva tov\u00e1bbra is az el\u0151\u00edr\u00e1sokat, amelyek a szentmis\u00e9n r\u00e9sztvev\u0151k l\u00e9tsz\u00e1m\u00e1ra vonatkozik. Ezt mindig a helyi n\u00e9met k\u00f6z\u00f6ss\u00e9g hat\u00e1rozza meg! \u00d6rvendetes tov\u00e1bb\u00e1, hogy imm\u00e1r megengedett az \u00e9nekl\u00e9s (maszkban). R\u00e9g\u00f3ta v\u00e1rtunk erre a j\u00f3h\u00edrre! \u00a0* J\u00fanius 18-\u00e1n, p\u00e9nteken, Stuttgarti d\u00e9lut\u00e1n. 18.00 \u00f3rakor szentmise, el\u0151tte r\u00f3zsaf\u00fcz\u00e9rt im\u00e1dkozunk. * J\u00fanius 19-\u00e9n, szombaton, Heidenheimban, 15.30 \u00f3rakor szentmise. \u00a0* J\u00fanius 20-\u00e1n, \u00c9vk\u00f6zi 12. vas\u00e1rnap, Ludwigsburgban\u00a0\u00a09.30 \u00f3rakor b\u00facs\u00fas-szentmise, Szent L\u00e1szl\u00f3 kir\u00e1ly \u00fcnnepe, Stuttgartban \u00a012.00 \u00f3rakor szentmise, Eislingenben 15.00 \u00f3rakor szentmise. * Minden helyen mindenkit szeretettel v\u00e1r a k\u00f6z\u00f6ss\u00e9g \u00e9s Tibor atya! * * Kegyelemteljes napokat, tartalmas besz\u00e9lget\u00e9seket \u00e9s \u00f6r\u00f6mteli tal\u00e1lkoz\u00e1sokat k\u00edv\u00e1nunk minden Kedves H\u00edv\u00fcnknek! * \u201dAz ember led\u00f6nti a falakat, hogy szabadd\u00e1 legyen, de azt\u00e1n m\u00e1r nem egy\u00e9b, mint lerombolt er\u0151ss\u00e9g, amely minden vil\u00e1gt\u00e1j fel\u00e9 nyitva van. \u00c9s kezd\u0151dik a szorong\u00e1s, annak tudata, hogy nem vagyunk.\u201d \u00a0(Antoine de Saint-Exup\u00e9ry \u2013 \u00edr\u00f3 \u2013 1900 \u2013 1944) (K\u00e9p forr\u00e1sa: pixabay.com)"}

2021 június 14 és 20 között - Stuttgarti Katolikusok

<blockquote class="wp-embedded-content" data-secret="t6ixRcHBh9"><a href="https://stuttgarti-katolikusok.de/index.php/2021-junius-14-es-20-kozott/">2021 június 14 és 20 között</a></blockquote><iframe sandbox="allow-scripts" security="restricted" src="https://stuttgarti-katolikusok.de/index.php/2021-junius-14-es-20-kozott/embed/#?secret=t6ixRcHBh9" width="600" height="338" title="&#8220;2021 június 14 és 20 között&#8221; &#8212; Stuttgarti Katolikusok" data-secret="t6ixRcHBh9" frameborder="0" marginwidth="0" marginheight="0" scrolling="no" class="wp-embedded-content"></iframe><script type="text/javascript">
/* <![CDATA[ */
/*! This file is auto-generated */
!function(d,l){"use strict";l.querySelector&&d.addEventListener&&"undefined"!=typeof URL&&(d.wp=d.wp||{},d.wp.receiveEmbedMessage||(d.wp.receiveEmbedMessage=function(e){var t=e.data;if((t||t.secret||t.message||t.value)&&!/[^a-zA-Z0-9]/.test(t.secret)){for(var s,r,n,a=l.querySelectorAll('iframe[data-secret="'+t.secret+'"]'),o=l.querySelectorAll('blockquote[data-secret="'+t.secret+'"]'),c=new RegExp("^https?:$","i"),i=0;i<o.length;i++)o[i].style.display="none";for(i=0;i<a.length;i++)s=a[i],e.source===s.contentWindow&&(s.removeAttribute("style"),"height"===t.message?(1e3<(r=parseInt(t.value,10))?r=1e3:~~r<200&&(r=200),s.height=r):"link"===t.message&&(r=new URL(s.getAttribute("src")),n=new URL(t.value),c.test(n.protocol))&&n.host===r.host&&l.activeElement===s&&(d.top.location.href=t.value))}},d.addEventListener("message",d.wp.receiveEmbedMessage,!1),l.addEventListener("DOMContentLoaded",function(){for(var e,t,s=l.querySelectorAll("iframe.wp-embedded-content"),r=0;r<s.length;r++)(t=(e=s[r]).getAttribute("data-secret"))||(t=Math.random().toString(36).substring(2,12),e.src+="#?secret="+t,e.setAttribute("data-secret",t)),e.contentWindow.postMessage({message:"ready",secret:t},"*")},!1)))}(window,document);
//# sourceURL=https://stuttgarti-katolikusok.de/wp-includes/js/wp-embed.min.js
/* ]]> */
</script>

Programelőzetes A jelenlegi egyházi rendelkezések értelmében csak a szentmise tartható meg. Szentmisén kötelező a maszk használata, kezek fertőtlenítése, jelenléti lista névvel és elérhetőséggel. A jelenléti listával kapcsolatosan mindig az adott hely gyakorlatát vesszük alapul! Jelen helyzetben a szentmiséket megtarthatjuk, betartva továbbra is az előírásokat, amelyek a szentmisén résztvevők létszámára vonatkozik. Ezt mindig a helyi német közösség határozza meg! Örvendetes továbbá, hogy immár megengedett az éneklés (maszkban). Régóta vártunk erre a jóhírre!  * Június 18-án, pénteken, Stuttgarti délután. 18.00 órakor szentmise, előtte rózsafüzért imádkozunk. * Június 19-én, szombaton, Heidenheimban, 15.30 órakor szentmise.  * Június 20-án, Évközi 12. vasárnap, Ludwigsburgban  9.30 órakor búcsús-szentmise, Szent László király ünnepe, Stuttgartban  12.00 órakor szentmise, Eislingenben 15.00 órakor szentmise. * Minden helyen mindenkit szeretettel vár a közösség és Tibor atya! * * Kegyelemteljes napokat, tartalmas beszélgetéseket és örömteli találkozásokat kívánunk minden Kedves Hívünknek! * ”Az ember ledönti a falakat, hogy szabaddá legyen, de aztán már nem egyéb, mint lerombolt erősség, amely minden világtáj felé nyitva van. És kezdődik a szorongás, annak tudata, hogy nem vagyunk.”  (Antoine de Saint-Exupéry – író – 1900 – 1944) (Kép forrása: pixabay.com)
