{"version":"1.0","provider_name":"Stuttgarti Katolikusok","provider_url":"https:\/\/stuttgarti-katolikusok.de","title":"2021 janu\u00e1r 25 \u00e9s 31 k\u00f6z\u00f6tt - Stuttgarti Katolikusok","type":"rich","width":600,"height":338,"html":"<blockquote class=\"wp-embedded-content\" data-secret=\"dkcWxyZddw\"><a href=\"https:\/\/stuttgarti-katolikusok.de\/index.php\/2021-januar-25-es-31-kozott\/\">2021 janu\u00e1r 25 \u00e9s 31 k\u00f6z\u00f6tt<\/a><\/blockquote><iframe sandbox=\"allow-scripts\" security=\"restricted\" src=\"https:\/\/stuttgarti-katolikusok.de\/index.php\/2021-januar-25-es-31-kozott\/embed\/#?secret=dkcWxyZddw\" width=\"600\" height=\"338\" title=\"&#8220;2021 janu\u00e1r 25 \u00e9s 31 k\u00f6z\u00f6tt&#8221; &#8212; Stuttgarti Katolikusok\" data-secret=\"dkcWxyZddw\" frameborder=\"0\" marginwidth=\"0\" marginheight=\"0\" scrolling=\"no\" class=\"wp-embedded-content\"><\/iframe><script type=\"text\/javascript\">\n\/* <![CDATA[ *\/\n\/*! This file is auto-generated *\/\n!function(d,l){\"use strict\";l.querySelector&&d.addEventListener&&\"undefined\"!=typeof URL&&(d.wp=d.wp||{},d.wp.receiveEmbedMessage||(d.wp.receiveEmbedMessage=function(e){var t=e.data;if((t||t.secret||t.message||t.value)&&!\/[^a-zA-Z0-9]\/.test(t.secret)){for(var s,r,n,a=l.querySelectorAll('iframe[data-secret=\"'+t.secret+'\"]'),o=l.querySelectorAll('blockquote[data-secret=\"'+t.secret+'\"]'),c=new RegExp(\"^https?:$\",\"i\"),i=0;i<o.length;i++)o[i].style.display=\"none\";for(i=0;i<a.length;i++)s=a[i],e.source===s.contentWindow&&(s.removeAttribute(\"style\"),\"height\"===t.message?(1e3<(r=parseInt(t.value,10))?r=1e3:~~r<200&&(r=200),s.height=r):\"link\"===t.message&&(r=new URL(s.getAttribute(\"src\")),n=new URL(t.value),c.test(n.protocol))&&n.host===r.host&&l.activeElement===s&&(d.top.location.href=t.value))}},d.addEventListener(\"message\",d.wp.receiveEmbedMessage,!1),l.addEventListener(\"DOMContentLoaded\",function(){for(var e,t,s=l.querySelectorAll(\"iframe.wp-embedded-content\"),r=0;r<s.length;r++)(t=(e=s[r]).getAttribute(\"data-secret\"))||(t=Math.random().toString(36).substring(2,12),e.src+=\"#?secret=\"+t,e.setAttribute(\"data-secret\",t)),e.contentWindow.postMessage({message:\"ready\",secret:t},\"*\")},!1)))}(window,document);\n\/\/# sourceURL=https:\/\/stuttgarti-katolikusok.de\/wp-includes\/js\/wp-embed.min.js\n\/* ]]> *\/\n<\/script>\n","thumbnail_url":"https:\/\/stuttgarti-katolikusok.de\/wp-content\/uploads\/2021\/01\/kovek.jpg","thumbnail_width":1280,"thumbnail_height":853,"description":"Programel\u0151zetes A jelenlegi egyh\u00e1zi rendelkez\u00e9sek \u00e9rtelm\u00e9ben csak a szentmise \u00a0\u00a0tarthat\u00f3 meg. Szentmis\u00e9n k\u00f6telez\u0151 a maszk haszn\u00e1lata, jelenl\u00e9ti lista n\u00e9vvel \u00e9s el\u00e9rhet\u0151s\u00e9ggel, kezek fert\u0151tlen\u00edt\u00e9se! \u00a0* Janu\u00e1r 29-\u00e9n, p\u00e9nteken, Stuttgarti d\u00e9lut\u00e1n, 18.00 \u00f3rakor szentmise, el\u0151tte r\u00f3zsaf\u00fcz\u00e9rt im\u00e1dkozunk. * Janu\u00e1r 30-\u00e1n, szombaton, 19.00 &#8211; 21.00 \u00f3ra k\u00f6z\u00f6tt a 46. Stuttgarti Magyar Katolikus Virtu\u00e1lis J\u00f3t\u00e9konys\u00e1gi B\u00e1l \u00c9L\u0150 AD\u00c1S A fenti c\u00edmre kattintva bekapcsol\u00f3dhattok az ez alkalomra k\u00fcl\u00f6n k\u00e9sz\u00edtett internetes r\u00e1di\u00f3 m\u0171sorunkra. J\u00f3 sz\u00f3rakoz\u00e1st \u00e9s k\u00f6z\u00f6sen meg\u00e9lt id\u0151t k\u00edv\u00e1nunk minden b\u00e1li hallgat\u00f3nknak. Igyekezt\u00fcnk sz\u00ednes \u00e9s tartalmas m\u0171sort \u00f6ssze\u00e1ll\u00edtani. V\u00e1runk benneteket! * Janu\u00e1r 31-\u00e9n, \u00c9vk\u00f6zi 4. vas\u00e1rnap, Munderkingenben 9.00 \u00f3rakor szentmise a St. Dionysius Kirche-ben (Kirchhof 2). Tuttlingenben 15.00 \u00f3rakor szentmise. * Minden helyen mindenkit szeretettel v\u00e1r a k\u00f6z\u00f6ss\u00e9g \u00e9s Tibor atya! Bens\u0151s\u00e9ges \u00e9s kellemes \u00faj\u00e9vi napokat, j\u00f3 tal\u00e1lkoz\u00e1sokat \u00e9s sok \u00f6r\u00f6met k\u00edv\u00e1nok minden kedves H\u00edvemnek. * &#8222;Az \u00e9rzelmek nem a l\u00e9lekben zajlanak le. M\u00e1s p\u00e1ly\u00e1juk van. De \u00e1thaladnak a lelken is, mint az \u00e1rad\u00e1s az \u00e1rter\u00fcleten.&#8221; (M\u00e1rai S\u00e1ndor &#8211; 1900-1989) (K\u00e9pek forr\u00e1sa: pixabay.com)"}

2021 január 25 és 31 között - Stuttgarti Katolikusok

<blockquote class="wp-embedded-content" data-secret="dkcWxyZddw"><a href="https://stuttgarti-katolikusok.de/index.php/2021-januar-25-es-31-kozott/">2021 január 25 és 31 között</a></blockquote><iframe sandbox="allow-scripts" security="restricted" src="https://stuttgarti-katolikusok.de/index.php/2021-januar-25-es-31-kozott/embed/#?secret=dkcWxyZddw" width="600" height="338" title="&#8220;2021 január 25 és 31 között&#8221; &#8212; Stuttgarti Katolikusok" data-secret="dkcWxyZddw" frameborder="0" marginwidth="0" marginheight="0" scrolling="no" class="wp-embedded-content"></iframe><script type="text/javascript">
/* <![CDATA[ */
/*! This file is auto-generated */
!function(d,l){"use strict";l.querySelector&&d.addEventListener&&"undefined"!=typeof URL&&(d.wp=d.wp||{},d.wp.receiveEmbedMessage||(d.wp.receiveEmbedMessage=function(e){var t=e.data;if((t||t.secret||t.message||t.value)&&!/[^a-zA-Z0-9]/.test(t.secret)){for(var s,r,n,a=l.querySelectorAll('iframe[data-secret="'+t.secret+'"]'),o=l.querySelectorAll('blockquote[data-secret="'+t.secret+'"]'),c=new RegExp("^https?:$","i"),i=0;i<o.length;i++)o[i].style.display="none";for(i=0;i<a.length;i++)s=a[i],e.source===s.contentWindow&&(s.removeAttribute("style"),"height"===t.message?(1e3<(r=parseInt(t.value,10))?r=1e3:~~r<200&&(r=200),s.height=r):"link"===t.message&&(r=new URL(s.getAttribute("src")),n=new URL(t.value),c.test(n.protocol))&&n.host===r.host&&l.activeElement===s&&(d.top.location.href=t.value))}},d.addEventListener("message",d.wp.receiveEmbedMessage,!1),l.addEventListener("DOMContentLoaded",function(){for(var e,t,s=l.querySelectorAll("iframe.wp-embedded-content"),r=0;r<s.length;r++)(t=(e=s[r]).getAttribute("data-secret"))||(t=Math.random().toString(36).substring(2,12),e.src+="#?secret="+t,e.setAttribute("data-secret",t)),e.contentWindow.postMessage({message:"ready",secret:t},"*")},!1)))}(window,document);
//# sourceURL=https://stuttgarti-katolikusok.de/wp-includes/js/wp-embed.min.js
/* ]]> */
</script>

Programelőzetes A jelenlegi egyházi rendelkezések értelmében csak a szentmise   tartható meg. Szentmisén kötelező a maszk használata, jelenléti lista névvel és elérhetőséggel, kezek fertőtlenítése!  * Január 29-én, pénteken, Stuttgarti délután, 18.00 órakor szentmise, előtte rózsafüzért imádkozunk. * Január 30-án, szombaton, 19.00 &#8211; 21.00 óra között a 46. Stuttgarti Magyar Katolikus Virtuális Jótékonysági Bál ÉLŐ ADÁS A fenti címre kattintva bekapcsolódhattok az ez alkalomra külön készített internetes rádió műsorunkra. Jó szórakozást és közösen megélt időt kívánunk minden báli hallgatónknak. Igyekeztünk színes és tartalmas műsort összeállítani. Várunk benneteket! * Január 31-én, Évközi 4. vasárnap, Munderkingenben 9.00 órakor szentmise a St. Dionysius Kirche-ben (Kirchhof 2). Tuttlingenben 15.00 órakor szentmise. * Minden helyen mindenkit szeretettel vár a közösség és Tibor atya! Bensőséges és kellemes újévi napokat, jó találkozásokat és sok örömet kívánok minden kedves Hívemnek. * &#8222;Az érzelmek nem a lélekben zajlanak le. Más pályájuk van. De áthaladnak a lelken is, mint az áradás az árterületen.&#8221; (Márai Sándor &#8211; 1900-1989) (Képek forrása: pixabay.com)
