{"version":"1.0","provider_name":"Stuttgarti Katolikusok","provider_url":"https:\/\/stuttgarti-katolikusok.de","title":"2021 febru\u00e1r 22 \u00e9s 28 k\u00f6z\u00f6tt - Stuttgarti Katolikusok","type":"rich","width":600,"height":338,"html":"<blockquote class=\"wp-embedded-content\" data-secret=\"VN22PCg3xi\"><a href=\"https:\/\/stuttgarti-katolikusok.de\/index.php\/2021-februar-22-es-28-kozott\/\">2021 febru\u00e1r 22 \u00e9s 28 k\u00f6z\u00f6tt<\/a><\/blockquote><iframe sandbox=\"allow-scripts\" security=\"restricted\" src=\"https:\/\/stuttgarti-katolikusok.de\/index.php\/2021-februar-22-es-28-kozott\/embed\/#?secret=VN22PCg3xi\" width=\"600\" height=\"338\" title=\"&#8220;2021 febru\u00e1r 22 \u00e9s 28 k\u00f6z\u00f6tt&#8221; &#8212; Stuttgarti Katolikusok\" data-secret=\"VN22PCg3xi\" frameborder=\"0\" marginwidth=\"0\" marginheight=\"0\" scrolling=\"no\" class=\"wp-embedded-content\"><\/iframe><script type=\"text\/javascript\">\n\/* <![CDATA[ *\/\n\/*! This file is auto-generated *\/\n!function(d,l){\"use strict\";l.querySelector&&d.addEventListener&&\"undefined\"!=typeof URL&&(d.wp=d.wp||{},d.wp.receiveEmbedMessage||(d.wp.receiveEmbedMessage=function(e){var t=e.data;if((t||t.secret||t.message||t.value)&&!\/[^a-zA-Z0-9]\/.test(t.secret)){for(var s,r,n,a=l.querySelectorAll('iframe[data-secret=\"'+t.secret+'\"]'),o=l.querySelectorAll('blockquote[data-secret=\"'+t.secret+'\"]'),c=new RegExp(\"^https?:$\",\"i\"),i=0;i<o.length;i++)o[i].style.display=\"none\";for(i=0;i<a.length;i++)s=a[i],e.source===s.contentWindow&&(s.removeAttribute(\"style\"),\"height\"===t.message?(1e3<(r=parseInt(t.value,10))?r=1e3:~~r<200&&(r=200),s.height=r):\"link\"===t.message&&(r=new URL(s.getAttribute(\"src\")),n=new URL(t.value),c.test(n.protocol))&&n.host===r.host&&l.activeElement===s&&(d.top.location.href=t.value))}},d.addEventListener(\"message\",d.wp.receiveEmbedMessage,!1),l.addEventListener(\"DOMContentLoaded\",function(){for(var e,t,s=l.querySelectorAll(\"iframe.wp-embedded-content\"),r=0;r<s.length;r++)(t=(e=s[r]).getAttribute(\"data-secret\"))||(t=Math.random().toString(36).substring(2,12),e.src+=\"#?secret=\"+t,e.setAttribute(\"data-secret\",t)),e.contentWindow.postMessage({message:\"ready\",secret:t},\"*\")},!1)))}(window,document);\n\/\/# sourceURL=https:\/\/stuttgarti-katolikusok.de\/wp-includes\/js\/wp-embed.min.js\n\/* ]]> *\/\n<\/script>\n","thumbnail_url":"https:\/\/stuttgarti-katolikusok.de\/wp-content\/uploads\/2021\/02\/tabor-hegyi-jelenet.jpg","thumbnail_width":1280,"thumbnail_height":853,"description":"Programel\u0151zetes A jelenlegi egyh\u00e1zi rendelkez\u00e9sek \u00e9rtelm\u00e9ben csak a szentmise \u00a0\u00a0tarthat\u00f3 meg. Szentmis\u00e9n k\u00f6telez\u0151 a maszk haszn\u00e1lata, jelenl\u00e9ti lista n\u00e9vvel \u00e9s el\u00e9rhet\u0151s\u00e9ggel, kezek fert\u0151tlen\u00edt\u00e9se! * Febru\u00e1r 24-\u00e9n, szerda, Weingarteni d\u00e9lut\u00e1n, a 14 Nothelfer Kapelle-ben 17.30 \u00f3rakor kereszt\u00fati \u00e1jtatoss\u00e1g. Nincs szentmise! * Febru\u00e1r 25-\u00e9n, cs\u00fct\u00f6rt\u00f6k\u00f6n, Ulmi d\u00e9lut\u00e1n, 18.00 \u00f3rakor kereszt\u00fati \u00e1jtatoss\u00e1g. Nincs szentmise! \u00a0* Febru\u00e1r 26-\u00e1n, p\u00e9nteken, Stuttgarti d\u00e9lut\u00e1n, 17.30 \u00f3rakor kereszt\u00fati \u00e1jtatoss\u00e1g, ut\u00e1na szentmise. \u00a0* Febru\u00e1r 27-\u00e9n, szombaton, Reutlingenben 16.30 \u00f3rakor\u00a0szentmise. * Febru\u00e1r 28-\u00e1n, Nagyb\u00f6jt 2. vas\u00e1rnapja, B\u00f6blingenben 9.30 \u00f3rakor szentmise, Neu-Ulmban\u00a012.00 \u00f3rakor\u00a0szentmise, (C\u00edm: Christus unser Friede, 89231 Neu-Ulm, Karlsbaderstra\u00dfe 22) Heilbronnban 15.30 \u00f3rakor szentmise. \u00a0* Minden helyen mindenkit szeretettel v\u00e1r a k\u00f6z\u00f6ss\u00e9g \u00e9s Tibor atya! * * Bens\u0151s\u00e9ges nagyb\u00f6jti napokat, j\u00f3 munk\u00e1t, tartalmas besz\u00e9lget\u00e9seket \u00e9s \u00f6r\u00f6mteli tal\u00e1lkoz\u00e1sokat k\u00edv\u00e1nunk minden Kedves H\u00edv\u00fcnknek! * \u201eA mi sz\u00edv\u00fcnk eredend\u0151en el\u00e9g nagy ahhoz, hogy Istent befogadja, azonban a b\u00f6jt megengedi Istennek, hogy kit\u00e1g\u00edtsa sz\u00edv\u00fcnk hat\u00e1rait, \u00e9s k\u00e9pess\u00e9 tegye fel\u00f6lelni a mennyet eg\u00e9sz sz\u00e9less\u00e9g\u00e9ben.\u201d (Emmanuel Maillard szerzetes n\u0151v\u00e9r, 1947 &#8211; ) (K\u00e9p forr\u00e1sa: Pixabay)"}

2021 február 22 és 28 között - Stuttgarti Katolikusok

<blockquote class="wp-embedded-content" data-secret="VN22PCg3xi"><a href="https://stuttgarti-katolikusok.de/index.php/2021-februar-22-es-28-kozott/">2021 február 22 és 28 között</a></blockquote><iframe sandbox="allow-scripts" security="restricted" src="https://stuttgarti-katolikusok.de/index.php/2021-februar-22-es-28-kozott/embed/#?secret=VN22PCg3xi" width="600" height="338" title="&#8220;2021 február 22 és 28 között&#8221; &#8212; Stuttgarti Katolikusok" data-secret="VN22PCg3xi" frameborder="0" marginwidth="0" marginheight="0" scrolling="no" class="wp-embedded-content"></iframe><script type="text/javascript">
/* <![CDATA[ */
/*! This file is auto-generated */
!function(d,l){"use strict";l.querySelector&&d.addEventListener&&"undefined"!=typeof URL&&(d.wp=d.wp||{},d.wp.receiveEmbedMessage||(d.wp.receiveEmbedMessage=function(e){var t=e.data;if((t||t.secret||t.message||t.value)&&!/[^a-zA-Z0-9]/.test(t.secret)){for(var s,r,n,a=l.querySelectorAll('iframe[data-secret="'+t.secret+'"]'),o=l.querySelectorAll('blockquote[data-secret="'+t.secret+'"]'),c=new RegExp("^https?:$","i"),i=0;i<o.length;i++)o[i].style.display="none";for(i=0;i<a.length;i++)s=a[i],e.source===s.contentWindow&&(s.removeAttribute("style"),"height"===t.message?(1e3<(r=parseInt(t.value,10))?r=1e3:~~r<200&&(r=200),s.height=r):"link"===t.message&&(r=new URL(s.getAttribute("src")),n=new URL(t.value),c.test(n.protocol))&&n.host===r.host&&l.activeElement===s&&(d.top.location.href=t.value))}},d.addEventListener("message",d.wp.receiveEmbedMessage,!1),l.addEventListener("DOMContentLoaded",function(){for(var e,t,s=l.querySelectorAll("iframe.wp-embedded-content"),r=0;r<s.length;r++)(t=(e=s[r]).getAttribute("data-secret"))||(t=Math.random().toString(36).substring(2,12),e.src+="#?secret="+t,e.setAttribute("data-secret",t)),e.contentWindow.postMessage({message:"ready",secret:t},"*")},!1)))}(window,document);
//# sourceURL=https://stuttgarti-katolikusok.de/wp-includes/js/wp-embed.min.js
/* ]]> */
</script>

Programelőzetes A jelenlegi egyházi rendelkezések értelmében csak a szentmise   tartható meg. Szentmisén kötelező a maszk használata, jelenléti lista névvel és elérhetőséggel, kezek fertőtlenítése! * Február 24-én, szerda, Weingarteni délután, a 14 Nothelfer Kapelle-ben 17.30 órakor keresztúti ájtatosság. Nincs szentmise! * Február 25-én, csütörtökön, Ulmi délután, 18.00 órakor keresztúti ájtatosság. Nincs szentmise!  * Február 26-án, pénteken, Stuttgarti délután, 17.30 órakor keresztúti ájtatosság, utána szentmise.  * Február 27-én, szombaton, Reutlingenben 16.30 órakor szentmise. * Február 28-án, Nagyböjt 2. vasárnapja, Böblingenben 9.30 órakor szentmise, Neu-Ulmban 12.00 órakor szentmise, (Cím: Christus unser Friede, 89231 Neu-Ulm, Karlsbaderstraße 22) Heilbronnban 15.30 órakor szentmise.  * Minden helyen mindenkit szeretettel vár a közösség és Tibor atya! * * Bensőséges nagyböjti napokat, jó munkát, tartalmas beszélgetéseket és örömteli találkozásokat kívánunk minden Kedves Hívünknek! * „A mi szívünk eredendően elég nagy ahhoz, hogy Istent befogadja, azonban a böjt megengedi Istennek, hogy kitágítsa szívünk határait, és képessé tegye felölelni a mennyet egész szélességében.” (Emmanuel Maillard szerzetes nővér, 1947 &#8211; ) (Kép forrása: Pixabay)
