{"version":"1.0","provider_name":"Stuttgarti Katolikusok","provider_url":"https:\/\/stuttgarti-katolikusok.de","title":"2021 febru\u00e1r 1 \u00e9s 7 k\u00f6z\u00f6tt - Stuttgarti Katolikusok","type":"rich","width":600,"height":338,"html":"<blockquote class=\"wp-embedded-content\" data-secret=\"mef5H99wiu\"><a href=\"https:\/\/stuttgarti-katolikusok.de\/index.php\/2021-februar-1-es-7-kozott\/\">2021 febru\u00e1r 1 \u00e9s 7 k\u00f6z\u00f6tt<\/a><\/blockquote><iframe sandbox=\"allow-scripts\" security=\"restricted\" src=\"https:\/\/stuttgarti-katolikusok.de\/index.php\/2021-februar-1-es-7-kozott\/embed\/#?secret=mef5H99wiu\" width=\"600\" height=\"338\" title=\"&#8220;2021 febru\u00e1r 1 \u00e9s 7 k\u00f6z\u00f6tt&#8221; &#8212; Stuttgarti Katolikusok\" data-secret=\"mef5H99wiu\" frameborder=\"0\" marginwidth=\"0\" marginheight=\"0\" scrolling=\"no\" class=\"wp-embedded-content\"><\/iframe><script type=\"text\/javascript\">\n\/* <![CDATA[ *\/\n\/*! This file is auto-generated *\/\n!function(d,l){\"use strict\";l.querySelector&&d.addEventListener&&\"undefined\"!=typeof URL&&(d.wp=d.wp||{},d.wp.receiveEmbedMessage||(d.wp.receiveEmbedMessage=function(e){var t=e.data;if((t||t.secret||t.message||t.value)&&!\/[^a-zA-Z0-9]\/.test(t.secret)){for(var s,r,n,a=l.querySelectorAll('iframe[data-secret=\"'+t.secret+'\"]'),o=l.querySelectorAll('blockquote[data-secret=\"'+t.secret+'\"]'),c=new RegExp(\"^https?:$\",\"i\"),i=0;i<o.length;i++)o[i].style.display=\"none\";for(i=0;i<a.length;i++)s=a[i],e.source===s.contentWindow&&(s.removeAttribute(\"style\"),\"height\"===t.message?(1e3<(r=parseInt(t.value,10))?r=1e3:~~r<200&&(r=200),s.height=r):\"link\"===t.message&&(r=new URL(s.getAttribute(\"src\")),n=new URL(t.value),c.test(n.protocol))&&n.host===r.host&&l.activeElement===s&&(d.top.location.href=t.value))}},d.addEventListener(\"message\",d.wp.receiveEmbedMessage,!1),l.addEventListener(\"DOMContentLoaded\",function(){for(var e,t,s=l.querySelectorAll(\"iframe.wp-embedded-content\"),r=0;r<s.length;r++)(t=(e=s[r]).getAttribute(\"data-secret\"))||(t=Math.random().toString(36).substring(2,12),e.src+=\"#?secret=\"+t,e.setAttribute(\"data-secret\",t)),e.contentWindow.postMessage({message:\"ready\",secret:t},\"*\")},!1)))}(window,document);\n\/\/# sourceURL=https:\/\/stuttgarti-katolikusok.de\/wp-includes\/js\/wp-embed.min.js\n\/* ]]> *\/\n<\/script>\n","thumbnail_url":"https:\/\/stuttgarti-katolikusok.de\/wp-content\/uploads\/2021\/02\/group-of-people-3524374-1280.jpg","thumbnail_width":1280,"thumbnail_height":789,"description":"Programel\u0151zetes A jelenlegi egyh\u00e1zi rendelkez\u00e9sek \u00e9rtelm\u00e9ben csak a szentmise \u00a0\u00a0tarthat\u00f3 meg. Szentmis\u00e9n k\u00f6telez\u0151 a maszk haszn\u00e1lata, jelenl\u00e9ti lista n\u00e9vvel \u00e9s el\u00e9rhet\u0151s\u00e9ggel, kezek fert\u0151tlen\u00edt\u00e9se! * Febru\u00e1r 3-\u00e1n, szerd\u00e1n, Weingarteni d\u00e9lut\u00e1n, a 14 Nothelfer Kapelle-ben 18.00 \u00f3rakor szentmise, el\u0151tte r\u00f3zsaf\u00fcz\u00e9rt im\u00e1dkozunk. Gyertyaszentel\u0151 Boldogasszony \u00fcnnepe, szentmise v\u00e9gezt\u00e9vel Bal\u00e1zs-\u00e1ld\u00e1s. * Febru\u00e1r 4-\u00e9n, cs\u00fct\u00f6rt\u00f6k\u00f6n, Ulmi d\u00e9lut\u00e1n, 18.00 \u00f3rakor szentmise, el\u0151tte r\u00f3zsaf\u00fcz\u00e9rt im\u00e1dkozunk. Gyertyaszentel\u0151 Boldogasszony \u00fcnnepe, szentmise v\u00e9gezt\u00e9vel Bal\u00e1zs-\u00e1ld\u00e1s. \u00a0* \u00a0Febru\u00e1r 5-\u00e9n, p\u00e9nteken, Stuttgarti d\u00e9lut\u00e1n, 18.00 \u00f3rakor szentmise, ut\u00e1na Bibliak\u00f6r. El\u0151tte r\u00f3zsaf\u00fcz\u00e9rt im\u00e1dkozunk. Gyertyaszentel\u0151 Boldogasszony \u00fcnnepe, szentmise v\u00e9gezt\u00e9vel Bal\u00e1zs-\u00e1ld\u00e1s \u00e9s imak\u00f6r. \u00a0* Febru\u00e1r 6-\u00e1n, szombaton, Balingenben 16.00 \u00f3rakor\u00a0b\u00facs\u00fas-szentmise., Boldog Magyar P\u00e1l, a k\u00f6z\u00f6ss\u00e9g v\u00e9d\u0151szentje. * Febru\u00e1r 7-\u00e9n, \u00c9vk\u00f6zi 5. vas\u00e1rnap, Schw\u00e4bisch-Gm\u00fcndben 9.30 \u00f3rakor szentmise, Stuttgartban 15.00 \u00f3rakor gyermek-szentmise. * \u00a0Minden helyen mindenkit szeretettel v\u00e1r a k\u00f6z\u00f6ss\u00e9g \u00e9s Tibor atya! Bens\u0151s\u00e9ges \u00e9s kellemes farsangi napokat, j\u00f3 tal\u00e1lkoz\u00e1sokat \u00e9s sok \u00f6r\u00f6met k\u00edv\u00e1nok minden kedves H\u00edvemnek. * \u201eAz emberi l\u00e9ny ugyanis el tud viselni egy h\u00e9t szomjaz\u00e1st, k\u00e9t h\u00e9t \u00e9hez\u00e9st, \u00e9s ak\u00e1r \u00e9vekig elviseli, hogy nincs fed\u00e9l a feje f\u00f6l\u00f6tt, de a mag\u00e1nyt nem viseli el. Minden k\u00edn \u00e9s minden szenved\u00e9s k\u00f6z\u00fcl a mag\u00e1ny a legrosszabb.\u201d (Paulo Coelho, brazil \u00edr\u00f3, 1947 &#8211; ) (K\u00e9p forr\u00e1sa: pixabay.com)"}

2021 február 1 és 7 között - Stuttgarti Katolikusok

<blockquote class="wp-embedded-content" data-secret="mef5H99wiu"><a href="https://stuttgarti-katolikusok.de/index.php/2021-februar-1-es-7-kozott/">2021 február 1 és 7 között</a></blockquote><iframe sandbox="allow-scripts" security="restricted" src="https://stuttgarti-katolikusok.de/index.php/2021-februar-1-es-7-kozott/embed/#?secret=mef5H99wiu" width="600" height="338" title="&#8220;2021 február 1 és 7 között&#8221; &#8212; Stuttgarti Katolikusok" data-secret="mef5H99wiu" frameborder="0" marginwidth="0" marginheight="0" scrolling="no" class="wp-embedded-content"></iframe><script type="text/javascript">
/* <![CDATA[ */
/*! This file is auto-generated */
!function(d,l){"use strict";l.querySelector&&d.addEventListener&&"undefined"!=typeof URL&&(d.wp=d.wp||{},d.wp.receiveEmbedMessage||(d.wp.receiveEmbedMessage=function(e){var t=e.data;if((t||t.secret||t.message||t.value)&&!/[^a-zA-Z0-9]/.test(t.secret)){for(var s,r,n,a=l.querySelectorAll('iframe[data-secret="'+t.secret+'"]'),o=l.querySelectorAll('blockquote[data-secret="'+t.secret+'"]'),c=new RegExp("^https?:$","i"),i=0;i<o.length;i++)o[i].style.display="none";for(i=0;i<a.length;i++)s=a[i],e.source===s.contentWindow&&(s.removeAttribute("style"),"height"===t.message?(1e3<(r=parseInt(t.value,10))?r=1e3:~~r<200&&(r=200),s.height=r):"link"===t.message&&(r=new URL(s.getAttribute("src")),n=new URL(t.value),c.test(n.protocol))&&n.host===r.host&&l.activeElement===s&&(d.top.location.href=t.value))}},d.addEventListener("message",d.wp.receiveEmbedMessage,!1),l.addEventListener("DOMContentLoaded",function(){for(var e,t,s=l.querySelectorAll("iframe.wp-embedded-content"),r=0;r<s.length;r++)(t=(e=s[r]).getAttribute("data-secret"))||(t=Math.random().toString(36).substring(2,12),e.src+="#?secret="+t,e.setAttribute("data-secret",t)),e.contentWindow.postMessage({message:"ready",secret:t},"*")},!1)))}(window,document);
//# sourceURL=https://stuttgarti-katolikusok.de/wp-includes/js/wp-embed.min.js
/* ]]> */
</script>

Programelőzetes A jelenlegi egyházi rendelkezések értelmében csak a szentmise   tartható meg. Szentmisén kötelező a maszk használata, jelenléti lista névvel és elérhetőséggel, kezek fertőtlenítése! * Február 3-án, szerdán, Weingarteni délután, a 14 Nothelfer Kapelle-ben 18.00 órakor szentmise, előtte rózsafüzért imádkozunk. Gyertyaszentelő Boldogasszony ünnepe, szentmise végeztével Balázs-áldás. * Február 4-én, csütörtökön, Ulmi délután, 18.00 órakor szentmise, előtte rózsafüzért imádkozunk. Gyertyaszentelő Boldogasszony ünnepe, szentmise végeztével Balázs-áldás.  *  Február 5-én, pénteken, Stuttgarti délután, 18.00 órakor szentmise, utána Bibliakör. Előtte rózsafüzért imádkozunk. Gyertyaszentelő Boldogasszony ünnepe, szentmise végeztével Balázs-áldás és imakör.  * Február 6-án, szombaton, Balingenben 16.00 órakor búcsús-szentmise., Boldog Magyar Pál, a közösség védőszentje. * Február 7-én, Évközi 5. vasárnap, Schwäbisch-Gmündben 9.30 órakor szentmise, Stuttgartban 15.00 órakor gyermek-szentmise. *  Minden helyen mindenkit szeretettel vár a közösség és Tibor atya! Bensőséges és kellemes farsangi napokat, jó találkozásokat és sok örömet kívánok minden kedves Hívemnek. * „Az emberi lény ugyanis el tud viselni egy hét szomjazást, két hét éhezést, és akár évekig elviseli, hogy nincs fedél a feje fölött, de a magányt nem viseli el. Minden kín és minden szenvedés közül a magány a legrosszabb.” (Paulo Coelho, brazil író, 1947 &#8211; ) (Kép forrása: pixabay.com)
