{"version":"1.0","provider_name":"Stuttgarti Katolikusok","provider_url":"https:\/\/stuttgarti-katolikusok.de","title":"2021. \u00e1prilis 6 \u00e9s 11 k\u00f6z\u00f6tt - Stuttgarti Katolikusok","type":"rich","width":600,"height":338,"html":"<blockquote class=\"wp-embedded-content\" data-secret=\"7QVvRLDKE8\"><a href=\"https:\/\/stuttgarti-katolikusok.de\/index.php\/2021-aprilis-6-es-11-kozott\/\">2021. \u00e1prilis 6 \u00e9s 11 k\u00f6z\u00f6tt<\/a><\/blockquote><iframe sandbox=\"allow-scripts\" security=\"restricted\" src=\"https:\/\/stuttgarti-katolikusok.de\/index.php\/2021-aprilis-6-es-11-kozott\/embed\/#?secret=7QVvRLDKE8\" width=\"600\" height=\"338\" title=\"&#8220;2021. \u00e1prilis 6 \u00e9s 11 k\u00f6z\u00f6tt&#8221; &#8212; Stuttgarti Katolikusok\" data-secret=\"7QVvRLDKE8\" frameborder=\"0\" marginwidth=\"0\" marginheight=\"0\" scrolling=\"no\" class=\"wp-embedded-content\"><\/iframe><script type=\"text\/javascript\">\n\/* <![CDATA[ *\/\n\/*! This file is auto-generated *\/\n!function(d,l){\"use strict\";l.querySelector&&d.addEventListener&&\"undefined\"!=typeof URL&&(d.wp=d.wp||{},d.wp.receiveEmbedMessage||(d.wp.receiveEmbedMessage=function(e){var t=e.data;if((t||t.secret||t.message||t.value)&&!\/[^a-zA-Z0-9]\/.test(t.secret)){for(var s,r,n,a=l.querySelectorAll('iframe[data-secret=\"'+t.secret+'\"]'),o=l.querySelectorAll('blockquote[data-secret=\"'+t.secret+'\"]'),c=new RegExp(\"^https?:$\",\"i\"),i=0;i<o.length;i++)o[i].style.display=\"none\";for(i=0;i<a.length;i++)s=a[i],e.source===s.contentWindow&&(s.removeAttribute(\"style\"),\"height\"===t.message?(1e3<(r=parseInt(t.value,10))?r=1e3:~~r<200&&(r=200),s.height=r):\"link\"===t.message&&(r=new URL(s.getAttribute(\"src\")),n=new URL(t.value),c.test(n.protocol))&&n.host===r.host&&l.activeElement===s&&(d.top.location.href=t.value))}},d.addEventListener(\"message\",d.wp.receiveEmbedMessage,!1),l.addEventListener(\"DOMContentLoaded\",function(){for(var e,t,s=l.querySelectorAll(\"iframe.wp-embedded-content\"),r=0;r<s.length;r++)(t=(e=s[r]).getAttribute(\"data-secret\"))||(t=Math.random().toString(36).substring(2,12),e.src+=\"#?secret=\"+t,e.setAttribute(\"data-secret\",t)),e.contentWindow.postMessage({message:\"ready\",secret:t},\"*\")},!1)))}(window,document);\n\/\/# sourceURL=https:\/\/stuttgarti-katolikusok.de\/wp-includes\/js\/wp-embed.min.js\n\/* ]]> *\/\n<\/script>\n","thumbnail_url":"https:\/\/stuttgarti-katolikusok.de\/wp-content\/uploads\/2021\/04\/img-1209.jpg","thumbnail_width":900,"thumbnail_height":600,"description":"Programel\u0151zetes A jelenlegi egyh\u00e1zi rendelkez\u00e9sek \u00e9rtelm\u00e9ben csak a szentmise \u00a0\u00a0tarthat\u00f3 meg. Szentmis\u00e9n k\u00f6telez\u0151 a maszk haszn\u00e1lata, jelenl\u00e9ti lista n\u00e9vvel \u00e9s el\u00e9rhet\u0151s\u00e9ggel, kezek fert\u0151tlen\u00edt\u00e9se! \u00a0* \u00a0* \u00c1prilis 9-\u00e9n, p\u00e9nteken, Stuttgarti\u00a0d\u00e9lut\u00e1n, 17.30 \u00f3rakor r\u00f3zsaf\u00fcz\u00e9rt\u00a0im\u00e1dkozunk,\u00a0ezt k\u00f6vet\u0151en\u00a0szentmise. * \u00c1prilis 10-\u00e9n, szombaton, Biberachban\u00a016.30 \u00f3rakor szentmise a Dreifaltigkeitskirche-ben. * \u00c1prilis 11-\u00e9n, Feh\u00e9rvas\u00e1rnap, Isteni irgalmass\u00e1g vas\u00e1rnapja, Weingartenben,\u00a011.00 \u00f3rakor szentmise \u00e9s keresztel\u00e9s a Heilig Geist Kirche-ben, Ulmban\u00a015.00 \u00f3rakor\u00a0szentmise. * Mindenkit szeretettel v\u00e1r a k\u00f6z\u00f6ss\u00e9g \u00e9s Tibor atya! * Kegyelemteljes H\u00fasv\u00e9tot k\u00edv\u00e1nunk minden Kedves H\u00edv\u00fcnknek! * \u201eA H\u00fasv\u00e9t a legnagyobb m\u00e9lys\u00e9geket \u00e9s legnagyobb magass\u00e1gokat meg\u00e9l\u0151 \u00fcnnep\u00fcnk.\u201d\u00a0(J\u00f3kai Anna \u2013 k\u00f6lt\u0151n\u0151 \u2013 1932-2017)"}

2021. április 6 és 11 között - Stuttgarti Katolikusok

<blockquote class="wp-embedded-content" data-secret="7QVvRLDKE8"><a href="https://stuttgarti-katolikusok.de/index.php/2021-aprilis-6-es-11-kozott/">2021. április 6 és 11 között</a></blockquote><iframe sandbox="allow-scripts" security="restricted" src="https://stuttgarti-katolikusok.de/index.php/2021-aprilis-6-es-11-kozott/embed/#?secret=7QVvRLDKE8" width="600" height="338" title="&#8220;2021. április 6 és 11 között&#8221; &#8212; Stuttgarti Katolikusok" data-secret="7QVvRLDKE8" frameborder="0" marginwidth="0" marginheight="0" scrolling="no" class="wp-embedded-content"></iframe><script type="text/javascript">
/* <![CDATA[ */
/*! This file is auto-generated */
!function(d,l){"use strict";l.querySelector&&d.addEventListener&&"undefined"!=typeof URL&&(d.wp=d.wp||{},d.wp.receiveEmbedMessage||(d.wp.receiveEmbedMessage=function(e){var t=e.data;if((t||t.secret||t.message||t.value)&&!/[^a-zA-Z0-9]/.test(t.secret)){for(var s,r,n,a=l.querySelectorAll('iframe[data-secret="'+t.secret+'"]'),o=l.querySelectorAll('blockquote[data-secret="'+t.secret+'"]'),c=new RegExp("^https?:$","i"),i=0;i<o.length;i++)o[i].style.display="none";for(i=0;i<a.length;i++)s=a[i],e.source===s.contentWindow&&(s.removeAttribute("style"),"height"===t.message?(1e3<(r=parseInt(t.value,10))?r=1e3:~~r<200&&(r=200),s.height=r):"link"===t.message&&(r=new URL(s.getAttribute("src")),n=new URL(t.value),c.test(n.protocol))&&n.host===r.host&&l.activeElement===s&&(d.top.location.href=t.value))}},d.addEventListener("message",d.wp.receiveEmbedMessage,!1),l.addEventListener("DOMContentLoaded",function(){for(var e,t,s=l.querySelectorAll("iframe.wp-embedded-content"),r=0;r<s.length;r++)(t=(e=s[r]).getAttribute("data-secret"))||(t=Math.random().toString(36).substring(2,12),e.src+="#?secret="+t,e.setAttribute("data-secret",t)),e.contentWindow.postMessage({message:"ready",secret:t},"*")},!1)))}(window,document);
//# sourceURL=https://stuttgarti-katolikusok.de/wp-includes/js/wp-embed.min.js
/* ]]> */
</script>

Programelőzetes A jelenlegi egyházi rendelkezések értelmében csak a szentmise   tartható meg. Szentmisén kötelező a maszk használata, jelenléti lista névvel és elérhetőséggel, kezek fertőtlenítése!  *  * Április 9-én, pénteken, Stuttgarti délután, 17.30 órakor rózsafüzért imádkozunk, ezt követően szentmise. * Április 10-én, szombaton, Biberachban 16.30 órakor szentmise a Dreifaltigkeitskirche-ben. * Április 11-én, Fehérvasárnap, Isteni irgalmasság vasárnapja, Weingartenben, 11.00 órakor szentmise és keresztelés a Heilig Geist Kirche-ben, Ulmban 15.00 órakor szentmise. * Mindenkit szeretettel vár a közösség és Tibor atya! * Kegyelemteljes Húsvétot kívánunk minden Kedves Hívünknek! * „A Húsvét a legnagyobb mélységeket és legnagyobb magasságokat megélő ünnepünk.” (Jókai Anna – költőnő – 1932-2017)
