{"version":"1.0","provider_name":"Stuttgarti Katolikusok","provider_url":"https:\/\/stuttgarti-katolikusok.de","title":"2016 decembere - Stuttgarti Katolikusok","type":"rich","width":600,"height":338,"html":"<blockquote class=\"wp-embedded-content\" data-secret=\"UDW0imkM6p\"><a href=\"https:\/\/stuttgarti-katolikusok.de\/index.php\/2016-decembere\/\">2016 decembere<\/a><\/blockquote><iframe sandbox=\"allow-scripts\" security=\"restricted\" src=\"https:\/\/stuttgarti-katolikusok.de\/index.php\/2016-decembere\/embed\/#?secret=UDW0imkM6p\" width=\"600\" height=\"338\" title=\"&#8220;2016 decembere&#8221; &#8212; Stuttgarti Katolikusok\" data-secret=\"UDW0imkM6p\" frameborder=\"0\" marginwidth=\"0\" marginheight=\"0\" scrolling=\"no\" class=\"wp-embedded-content\"><\/iframe><script type=\"text\/javascript\">\n\/* <![CDATA[ *\/\n\/*! This file is auto-generated *\/\n!function(d,l){\"use strict\";l.querySelector&&d.addEventListener&&\"undefined\"!=typeof URL&&(d.wp=d.wp||{},d.wp.receiveEmbedMessage||(d.wp.receiveEmbedMessage=function(e){var t=e.data;if((t||t.secret||t.message||t.value)&&!\/[^a-zA-Z0-9]\/.test(t.secret)){for(var s,r,n,a=l.querySelectorAll('iframe[data-secret=\"'+t.secret+'\"]'),o=l.querySelectorAll('blockquote[data-secret=\"'+t.secret+'\"]'),c=new RegExp(\"^https?:$\",\"i\"),i=0;i<o.length;i++)o[i].style.display=\"none\";for(i=0;i<a.length;i++)s=a[i],e.source===s.contentWindow&&(s.removeAttribute(\"style\"),\"height\"===t.message?(1e3<(r=parseInt(t.value,10))?r=1e3:~~r<200&&(r=200),s.height=r):\"link\"===t.message&&(r=new URL(s.getAttribute(\"src\")),n=new URL(t.value),c.test(n.protocol))&&n.host===r.host&&l.activeElement===s&&(d.top.location.href=t.value))}},d.addEventListener(\"message\",d.wp.receiveEmbedMessage,!1),l.addEventListener(\"DOMContentLoaded\",function(){for(var e,t,s=l.querySelectorAll(\"iframe.wp-embedded-content\"),r=0;r<s.length;r++)(t=(e=s[r]).getAttribute(\"data-secret\"))||(t=Math.random().toString(36).substring(2,12),e.src+=\"#?secret=\"+t,e.setAttribute(\"data-secret\",t)),e.contentWindow.postMessage({message:\"ready\",secret:t},\"*\")},!1)))}(window,document);\n\/\/# sourceURL=https:\/\/stuttgarti-katolikusok.de\/wp-includes\/js\/wp-embed.min.js\n\/* ]]> *\/\n<\/script>\n","thumbnail_url":"https:\/\/stuttgarti-katolikusok.de\/wp-content\/uploads\/2016\/12\/karacsony-koszoru.jpg","thumbnail_width":276,"thumbnail_height":183,"description":"B A R \u00c1 T O M A Szent Gell\u00e9rt Magyar Katolikus Egyh\u00e1zk\u00f6zs\u00e9g Havilapja Szerkeszt\u0151: Ft. Merl\u00e1s Tibor \u00e9s Ft. Dr. Tempfli Imre. Kiad\u00f3: a Szent Gell\u00e9rt Magyar Katolikus Egyh\u00e1zk\u00f6zs\u00e9g. Postac\u00edm: Albert-Sch\u00e4ffle-Str. 30, 70186-Stuttgart. Tel: 0711-236 91 90, Fax: 0711-236 73 93, E-mail: mission@gracious-dewdney.138-201-221-2.plesk.page Honlap: www. stuttgarti-katolikusok.de Facebook: Stuttgarti.Katolikusok vagy: Szent Gell\u00e9rt Sz\u00e1mla: Postbank Stuttgart, IBAN: DE80 600 100 700 002 190 704,\u00a0 BIC: PBNKDEFF 2 0 1 6\u00a0\u00a0 D E C E M B E R \u201eTudod, Kar\u00e1csonykor az ember mindig hisz egy kiss\u00e9 a csod\u00e1ban, nemcsak te \u00e9s \u00e9n, hanem az eg\u00e9sz vil\u00e1g, az emberis\u00e9g, mint mondj\u00e1k, hiszen ez\u00e9rt van az \u00fcnnep, mert nem lehet a csoda n\u00e9lk\u00fcl \u00e9lni. &#8221; \u00a0(M\u00e1rai S\u00e1ndor) \u00a0 GARAY ANDR\u00c1S: KAR\u00c1CSONYI T\u00d6RT\u00c9NET Mi, gyerekek, nagyon v\u00e1rtuk az els\u0151 havat. Kar\u00e1csonyt\u00e1jt \u00e9rkeztek meg nyugat fel\u0151l a sz\u00fcrke fellegek, s letett\u00e9k terh\u00fcket a hegyek koszor\u00faja \u00f6vezte v\u00f6lgyben, de nem olyan v\u00e1rosias, hossz\u00fa sz\u00e1lling\u00f3z\u00e1s m\u00f3dj\u00e1n, hanem vastag bunda al\u00e1 ker\u00fclt a t\u00e1j, a falu. Mi m\u00e1r december eleje \u00f3ta a reggeli felkel\u00e9s ut\u00e1n azonnal az ablakhoz siett\u00fcnk, hogy led\u00f6rzs\u00f6lve a j\u00e9gvir\u00e1gokat, megl\u00e1thassuk az els\u0151 havat&#8230; Id\u00e9n sem kellett csal\u00f3dnunk. Andr\u00e1s-napra m\u00e1r h\u00f3sipka bor\u00edtotta a K\u00f6m\u00f6ge tetej\u00e9t, s december k\u00f6zep\u00e9n egy \u00e9jszaka k\u00e9t arasznyi h\u00f3 hullott, beter\u00edtett mindent, s mesevil\u00e1got var\u00e1zsolt a k\u00f6rny\u00e9kre. Hurr\u00e1! &#8211; rohantunk vissza az ablakt\u00f3l, s sarokba dobva az iskolat\u00e1sk\u00e1t, l\u00e1zasan kezdt\u00fck sz\u0151ni a sz\u00fcnidei terveket. Kert\u00fcnk v\u00e9ge a hegyek l\u00e1b\u00e1ig ny\u00falott, s kukoricacsutk\u00e1t cip\u0151nkre k\u00f6tve v\u00edgan siklottunk a havon. Cs\u00faszk\u00e1l\u00e1ssal, r\u00f3dliz\u00e1ssal telt az id\u0151, s este, mikor a konyh\u00e1ban egybegy\u0171lt a csal\u00e1d, hallgattuk az \u00f6regek szav\u00e1t, ap\u00e1m, M\u00e1rton tr\u00e9f\u00e1lkoz\u00e1sait, a vil\u00e1g gondj\u00e1t, s k\u00f6r\u00fclfogott benn\u00fcnket any\u00e1m szeret\u0151 gondoskod\u00e1sa. Kezdet\u00e9t vette a s\u00fct\u00e9s-f\u0151z\u00e9s, a k\u00e9sz\u00fcl\u0151d\u00e9s. Hamarosan itt a kar\u00e1csony. S mikor ap\u00e1nk egy este azt mondta, hogy m\u00e1snap lev\u00e1gjuk a diszn\u00f3t, tudtuk, m\u00e1r csak napok vannak h\u00e1tra, s est\u00e9nk\u00e9nt leszak\u00edtva a leveles napt\u00e1r... R\u00e9szletek"}

B A R Á T O M A Szent Gellért Magyar Katolikus Egyházközség Havilapja Szerkesztő: Ft. Merlás Tibor és Ft. Dr. Tempfli Imre. Kiadó: a Szent Gellért Magyar Katolikus Egyházközség. Postacím: Albert-Schäffle-Str. 30, 70186-Stuttgart. Tel: 0711-236 91 90, Fax: 0711-236 73 93, E-mail: mission@gracious-dewdney.138-201-221-2.plesk.page Honlap: www. stuttgarti-katolikusok.de Facebook: Stuttgarti.Katolikusok vagy: Szent Gellért Számla: Postbank Stuttgart, IBAN: DE80 600 100 700 002 190 704,  BIC: PBNKDEFF 2 0 1 6   D E C E M B E R „Tudod, Karácsonykor az ember mindig hisz egy kissé a csodában, nemcsak te és én, hanem az egész világ, az emberiség, mint mondják, hiszen ezért van az ünnep, mert nem lehet a csoda nélkül élni. &#8221;  (Márai Sándor)   GARAY ANDRÁS: KARÁCSONYI TÖRTÉNET Mi, gyerekek, nagyon vártuk az első havat. Karácsonytájt érkeztek meg nyugat felől a szürke fellegek, s letették terhüket a hegyek koszorúja övezte völgyben, de nem olyan városias, hosszú szállingózás módján, hanem vastag bunda alá került a táj, a falu. Mi már december eleje óta a reggeli felkelés után azonnal az ablakhoz siettünk, hogy ledörzsölve a jégvirágokat, megláthassuk az első havat&#8230; Idén sem kellett csalódnunk. András-napra már hósipka borította a Kömöge tetejét, s december közepén egy éjszaka két arasznyi hó hullott, beterített mindent, s mesevilágot varázsolt a környékre. Hurrá! &#8211; rohantunk vissza az ablaktól, s sarokba dobva az iskolatáskát, lázasan kezdtük szőni a szünidei terveket. Kertünk vége a hegyek lábáig nyúlott, s kukoricacsutkát cipőnkre kötve vígan siklottunk a havon. Csúszkálással, ródlizással telt az idő, s este, mikor a konyhában egybegyűlt a család, hallgattuk az öregek szavát, apám, Márton tréfálkozásait, a világ gondját, s körülfogott bennünket anyám szerető gondoskodása. Kezdetét vette a sütés-főzés, a készülődés. Hamarosan itt a karácsony. S mikor apánk egy este azt mondta, hogy másnap levágjuk a disznót, tudtuk, már csak napok vannak hátra, s esténként leszakítva a leveles naptár... Részletek
