{"version":"1.0","provider_name":"Stuttgarti Katolikusok","provider_url":"https:\/\/stuttgarti-katolikusok.de","title":"Megyeri Andrea: Ha Isten becsuk egy ajt\u00f3t... - Stuttgarti Katolikusok","type":"rich","width":600,"height":338,"html":"<blockquote class=\"wp-embedded-content\" data-secret=\"YYEuHiUFid\"><a href=\"https:\/\/stuttgarti-katolikusok.de\/index.php\/19571\/\">Megyeri Andrea: Ha Isten becsuk egy ajt\u00f3t&#8230;<\/a><\/blockquote><iframe sandbox=\"allow-scripts\" security=\"restricted\" src=\"https:\/\/stuttgarti-katolikusok.de\/index.php\/19571\/embed\/#?secret=YYEuHiUFid\" width=\"600\" height=\"338\" title=\"&#8220;Megyeri Andrea: Ha Isten becsuk egy ajt\u00f3t&#8230;&#8221; &#8212; Stuttgarti Katolikusok\" data-secret=\"YYEuHiUFid\" frameborder=\"0\" marginwidth=\"0\" marginheight=\"0\" scrolling=\"no\" class=\"wp-embedded-content\"><\/iframe><script type=\"text\/javascript\">\n\/* <![CDATA[ *\/\n\/*! This file is auto-generated *\/\n!function(d,l){\"use strict\";l.querySelector&&d.addEventListener&&\"undefined\"!=typeof URL&&(d.wp=d.wp||{},d.wp.receiveEmbedMessage||(d.wp.receiveEmbedMessage=function(e){var t=e.data;if((t||t.secret||t.message||t.value)&&!\/[^a-zA-Z0-9]\/.test(t.secret)){for(var s,r,n,a=l.querySelectorAll('iframe[data-secret=\"'+t.secret+'\"]'),o=l.querySelectorAll('blockquote[data-secret=\"'+t.secret+'\"]'),c=new RegExp(\"^https?:$\",\"i\"),i=0;i<o.length;i++)o[i].style.display=\"none\";for(i=0;i<a.length;i++)s=a[i],e.source===s.contentWindow&&(s.removeAttribute(\"style\"),\"height\"===t.message?(1e3<(r=parseInt(t.value,10))?r=1e3:~~r<200&&(r=200),s.height=r):\"link\"===t.message&&(r=new URL(s.getAttribute(\"src\")),n=new URL(t.value),c.test(n.protocol))&&n.host===r.host&&l.activeElement===s&&(d.top.location.href=t.value))}},d.addEventListener(\"message\",d.wp.receiveEmbedMessage,!1),l.addEventListener(\"DOMContentLoaded\",function(){for(var e,t,s=l.querySelectorAll(\"iframe.wp-embedded-content\"),r=0;r<s.length;r++)(t=(e=s[r]).getAttribute(\"data-secret\"))||(t=Math.random().toString(36).substring(2,12),e.src+=\"#?secret=\"+t,e.setAttribute(\"data-secret\",t)),e.contentWindow.postMessage({message:\"ready\",secret:t},\"*\")},!1)))}(window,document);\n\/\/# sourceURL=https:\/\/stuttgarti-katolikusok.de\/wp-includes\/js\/wp-embed.min.js\n\/* ]]> *\/\n<\/script>\n","thumbnail_url":"https:\/\/stuttgarti-katolikusok.de\/wp-content\/uploads\/2020\/05\/karantenoltar2.jpg","thumbnail_width":2196,"thumbnail_height":985,"description":"+! Kedves H\u00edveink! Rendhagy\u00f3 H\u00fasv\u00e9tunk \u00fajabb nagyszer\u0171 \u00edr\u00e1sa k\u00f6vetkezik, amelyet Megyeri Andrea vetett pap\u00edrra. Amikor olvassa az ember, maga is ott \u201eh\u00fasv\u00e9tol\u201d a kis Csal\u00e1d k\u00f6r\u00e9ben. \u00c9s ez az egyik nagy \u00e9rdeme a besz\u00e1mol\u00f3nak! A m\u00e1sikra majd az Olvas\u00f3 maga is r\u00e1j\u00f6n, ha v\u00e9gigolvasta az \u00edr\u00e1st&#8230; Lelkip\u00e1sztori szeretettel, Imre atya \u00a0 Ha Isten becsuk egy ajt\u00f3t, valahol m\u00e1shol kinyit egy ablakot\u2026 avagy H\u00fasv\u00e9t a karant\u00e9n idej\u00e9n. M\u00e1rcius 15-\u00e9n a karant\u00e9n el\u0151tti utols\u00f3 n\u00e9met szentmis\u00e9nkre ment\u00fcnk. A j\u00e1rv\u00e1nyt\u00f3l f\u00e9lve, m\u00e1r akkor is sokan nem j\u00f6ttek el. Kevesen voltunk, szok\u00e1s szerint a legt\u00f6bben 65 \u00e9v felett. Mi is gondolkoztunk rajta m\u00e9g reggel is, hogy elinduljunk-e, tudva a j\u00e1rv\u00e1nyhelyzetr\u0151l, de \u00fagy \u00e9rezt\u00fck, tal\u00e1n hossz\u00fa ideig ez lesz az utols\u00f3 templomi szentmis\u00e9nk. K\u00e9s\u0151bb bebizonyosodott, hogy igazunk volt. Hamarosan kider\u00fclt, hogy ez a H\u00fasv\u00e9t sem lesz olyan, mint a szok\u00e1sos. Akkor megijedt\u00fcnk, \u00e9s \u00f6sszefacsarodott a sz\u00edvem, hogy nem lehet\u00fcnk a szeretteinkkel, bar\u00e1tainkkal. Azt\u00e1n ahogy teltek a napok, kezdett egy m\u00e1sfajta Istenkapcsolat, m\u00e1sfajta H\u00fasv\u00e9t k\u00e9pe k\u00f6rvonalaz\u00f3dni. A karant\u00e9n idej\u00e9n siker\u00fclt egy itthoni menetrendet kialak\u00edtani, bele\u00e9rtve a k\u00f6z\u00f6s, online, vas\u00e1rnapi magyar misen\u00e9z\u00e9st. \u00d6r\u00f6mmel hallgattunk olyan szentbesz\u00e9deket, amelyeket a v\u00edrushelyzet n\u00e9lk\u00fcl es\u00e9ly\u00fcnk sem lett volna meghallgatni. Olyan \u2013 sz\u00e1munkra eddig idegen \u2013 templomok papjait \u00e9s mis\u00e9it ismerhett\u00fck meg, akikr\u0151l eddig csak h\u00edrb\u0151l hallottunk. \u00c9s mindegyik pap, mindegyik mise er\u0151s\u00edtette a hit\u00fcnket, v\u00edgasztalta a lelk\u00fcnket. Nekem k\u00fcl\u00f6n\u00f6sen nagy \u00f6r\u00f6m volt, hogy sz\u00fcl\u0151v\u00e1rosom online mis\u00e9j\u00e9t tudtuk n\u00e9zni vas\u00e1rnaponk\u00e9nt. Az a tudat, hogy az otthoniak is most ugyanezen a mis\u00e9n vesznek r\u00e9szt, \u00e9s hi\u00e1ba a t\u00f6bb sz\u00e1z kilom\u00e9ter t\u00e1vols\u00e1g, de ugyanazt \u00e9lj\u00fck \u00e1t, ugyanazt hallgatjuk, k\u00fcl\u00f6n\u00f6s boldogs\u00e1ggal t\u00f6lt\u00f6tt el. Nem volt ez m\u00e1sk\u00e9pp a nagyh\u00e9ten sem. A karant\u00e9n miatt\u2013 h\u00e1la Isten t\u00f6r\u0151d\u00e9s\u00e9nek, aki ilyenkor is seg\u00edt \u00e9s kinyitja azt a bizonyos ablakot &#8211; olyan \u00edr\u00e1sok, olyan youtube vide\u00f3k ker\u00fcltek fel a netre, amik nagy seg\u00edts\u00e9g\u00fcnkre voltak a H\u00fasv\u00e9t meg\u00e9l\u00e9s\u00e9ben. Az eddigi... R\u00e9szletek"}

Megyeri Andrea: Ha Isten becsuk egy ajtót... - Stuttgarti Katolikusok

<blockquote class="wp-embedded-content" data-secret="YYEuHiUFid"><a href="https://stuttgarti-katolikusok.de/index.php/19571/">Megyeri Andrea: Ha Isten becsuk egy ajtót&#8230;</a></blockquote><iframe sandbox="allow-scripts" security="restricted" src="https://stuttgarti-katolikusok.de/index.php/19571/embed/#?secret=YYEuHiUFid" width="600" height="338" title="&#8220;Megyeri Andrea: Ha Isten becsuk egy ajtót&#8230;&#8221; &#8212; Stuttgarti Katolikusok" data-secret="YYEuHiUFid" frameborder="0" marginwidth="0" marginheight="0" scrolling="no" class="wp-embedded-content"></iframe><script type="text/javascript">
/* <![CDATA[ */
/*! This file is auto-generated */
!function(d,l){"use strict";l.querySelector&&d.addEventListener&&"undefined"!=typeof URL&&(d.wp=d.wp||{},d.wp.receiveEmbedMessage||(d.wp.receiveEmbedMessage=function(e){var t=e.data;if((t||t.secret||t.message||t.value)&&!/[^a-zA-Z0-9]/.test(t.secret)){for(var s,r,n,a=l.querySelectorAll('iframe[data-secret="'+t.secret+'"]'),o=l.querySelectorAll('blockquote[data-secret="'+t.secret+'"]'),c=new RegExp("^https?:$","i"),i=0;i<o.length;i++)o[i].style.display="none";for(i=0;i<a.length;i++)s=a[i],e.source===s.contentWindow&&(s.removeAttribute("style"),"height"===t.message?(1e3<(r=parseInt(t.value,10))?r=1e3:~~r<200&&(r=200),s.height=r):"link"===t.message&&(r=new URL(s.getAttribute("src")),n=new URL(t.value),c.test(n.protocol))&&n.host===r.host&&l.activeElement===s&&(d.top.location.href=t.value))}},d.addEventListener("message",d.wp.receiveEmbedMessage,!1),l.addEventListener("DOMContentLoaded",function(){for(var e,t,s=l.querySelectorAll("iframe.wp-embedded-content"),r=0;r<s.length;r++)(t=(e=s[r]).getAttribute("data-secret"))||(t=Math.random().toString(36).substring(2,12),e.src+="#?secret="+t,e.setAttribute("data-secret",t)),e.contentWindow.postMessage({message:"ready",secret:t},"*")},!1)))}(window,document);
//# sourceURL=https://stuttgarti-katolikusok.de/wp-includes/js/wp-embed.min.js
/* ]]> */
</script>

+! Kedves Híveink! Rendhagyó Húsvétunk újabb nagyszerű írása következik, amelyet Megyeri Andrea vetett papírra. Amikor olvassa az ember, maga is ott „húsvétol” a kis Család körében. És ez az egyik nagy érdeme a beszámolónak! A másikra majd az Olvasó maga is rájön, ha végigolvasta az írást&#8230; Lelkipásztori szeretettel, Imre atya   Ha Isten becsuk egy ajtót, valahol máshol kinyit egy ablakot… avagy Húsvét a karantén idején. Március 15-én a karantén előtti utolsó német szentmisénkre mentünk. A járványtól félve, már akkor is sokan nem jöttek el. Kevesen voltunk, szokás szerint a legtöbben 65 év felett. Mi is gondolkoztunk rajta még reggel is, hogy elinduljunk-e, tudva a járványhelyzetről, de úgy éreztük, talán hosszú ideig ez lesz az utolsó templomi szentmisénk. Később bebizonyosodott, hogy igazunk volt. Hamarosan kiderült, hogy ez a Húsvét sem lesz olyan, mint a szokásos. Akkor megijedtünk, és összefacsarodott a szívem, hogy nem lehetünk a szeretteinkkel, barátainkkal. Aztán ahogy teltek a napok, kezdett egy másfajta Istenkapcsolat, másfajta Húsvét képe körvonalazódni. A karantén idején sikerült egy itthoni menetrendet kialakítani, beleértve a közös, online, vasárnapi magyar misenézést. Örömmel hallgattunk olyan szentbeszédeket, amelyeket a vírushelyzet nélkül esélyünk sem lett volna meghallgatni. Olyan – számunkra eddig idegen – templomok papjait és miséit ismerhettük meg, akikről eddig csak hírből hallottunk. És mindegyik pap, mindegyik mise erősítette a hitünket, vígasztalta a lelkünket. Nekem különösen nagy öröm volt, hogy szülővárosom online miséjét tudtuk nézni vasárnaponként. Az a tudat, hogy az otthoniak is most ugyanezen a misén vesznek részt, és hiába a több száz kilométer távolság, de ugyanazt éljük át, ugyanazt hallgatjuk, különös boldogsággal töltött el. Nem volt ez másképp a nagyhéten sem. A karantén miatt– hála Isten törődésének, aki ilyenkor is segít és kinyitja azt a bizonyos ablakot &#8211; olyan írások, olyan youtube videók kerültek fel a netre, amik nagy segítségünkre voltak a Húsvét megélésében. Az eddigi... Részletek
