{"version":"1.0","provider_name":"Stuttgarti Katolikusok","provider_url":"https:\/\/stuttgarti-katolikusok.de","title":"1956 F\u00c9NYL\u0150 ARCAI - Stuttgarti Katolikusok","type":"rich","width":600,"height":338,"html":"<blockquote class=\"wp-embedded-content\" data-secret=\"36cTbf2f8f\"><a href=\"https:\/\/stuttgarti-katolikusok.de\/index.php\/1956-fenylo-arcai\/\">1956 F\u00c9NYL\u0150 ARCAI<\/a><\/blockquote><iframe sandbox=\"allow-scripts\" security=\"restricted\" src=\"https:\/\/stuttgarti-katolikusok.de\/index.php\/1956-fenylo-arcai\/embed\/#?secret=36cTbf2f8f\" width=\"600\" height=\"338\" title=\"&#8220;1956 F\u00c9NYL\u0150 ARCAI&#8221; &#8212; Stuttgarti Katolikusok\" data-secret=\"36cTbf2f8f\" frameborder=\"0\" marginwidth=\"0\" marginheight=\"0\" scrolling=\"no\" class=\"wp-embedded-content\"><\/iframe><script type=\"text\/javascript\">\n\/* <![CDATA[ *\/\n\/*! This file is auto-generated *\/\n!function(d,l){\"use strict\";l.querySelector&&d.addEventListener&&\"undefined\"!=typeof URL&&(d.wp=d.wp||{},d.wp.receiveEmbedMessage||(d.wp.receiveEmbedMessage=function(e){var t=e.data;if((t||t.secret||t.message||t.value)&&!\/[^a-zA-Z0-9]\/.test(t.secret)){for(var s,r,n,a=l.querySelectorAll('iframe[data-secret=\"'+t.secret+'\"]'),o=l.querySelectorAll('blockquote[data-secret=\"'+t.secret+'\"]'),c=new RegExp(\"^https?:$\",\"i\"),i=0;i<o.length;i++)o[i].style.display=\"none\";for(i=0;i<a.length;i++)s=a[i],e.source===s.contentWindow&&(s.removeAttribute(\"style\"),\"height\"===t.message?(1e3<(r=parseInt(t.value,10))?r=1e3:~~r<200&&(r=200),s.height=r):\"link\"===t.message&&(r=new URL(s.getAttribute(\"src\")),n=new URL(t.value),c.test(n.protocol))&&n.host===r.host&&l.activeElement===s&&(d.top.location.href=t.value))}},d.addEventListener(\"message\",d.wp.receiveEmbedMessage,!1),l.addEventListener(\"DOMContentLoaded\",function(){for(var e,t,s=l.querySelectorAll(\"iframe.wp-embedded-content\"),r=0;r<s.length;r++)(t=(e=s[r]).getAttribute(\"data-secret\"))||(t=Math.random().toString(36).substring(2,12),e.src+=\"#?secret=\"+t,e.setAttribute(\"data-secret\",t)),e.contentWindow.postMessage({message:\"ready\",secret:t},\"*\")},!1)))}(window,document);\n\/\/# sourceURL=https:\/\/stuttgarti-katolikusok.de\/wp-includes\/js\/wp-embed.min.js\n\/* ]]> *\/\n<\/script>\n","thumbnail_url":"https:\/\/stuttgarti-katolikusok.de\/wp-content\/uploads\/2023\/10\/1956-fenylo-arcai-2.jpg","thumbnail_width":1600,"thumbnail_height":1200,"description":"&nbsp; 2023. okt\u00f3ber 15-\u00e9n az \u00f6kumenikus istentiszteletet k\u00f6vet\u0151en \u00fcnnepi m\u0171sorral eml\u00e9kezt\u00fcnk meg 1956. okt\u00f3ber 23-r\u00f3l. 1956 F\u00c9NYL\u0150 ARCAI c\u00edmmel, az Udvari Kamarasz\u00ednh\u00e1z el\u0151ad\u00e1s\u00e1ban \u0151sbemutat\u00f3ra ker\u00fclt sor. Az el\u0151ad\u00f3k, Orb\u00e1n Borb\u00e1la, Lentulai Hanna S\u00e1ra \u00e9s D\u00f3czy P\u00e9ter, egyfajta id\u0151utaz\u00e1sra invit\u00e1ltak benn\u00fcnket. Egyszer\u0171en csak a h\u00e1la \u00e9s k\u00f6sz\u00f6net hangj\u00e1n tudok megsz\u00f3lalni, s mind a magam, mind pedig h\u00edveim nev\u00e9ben fejezem ki \u00f6r\u00f6m\u00f6met ez\u00e9rt a feledhetetlen \u00e9s az \u00fcnnephez m\u00e9lt\u00f3 megeml\u00e9kez\u00e9s\u00e9rt. Tibor atya You are currently viewing a placeholder content from YouTube. To access the actual content, click the button below. Please note that doing so will share data with third-party providers. More Information Unblock content Accept required service and unblock content *"}

1956 FÉNYLŐ ARCAI - Stuttgarti Katolikusok

<blockquote class="wp-embedded-content" data-secret="36cTbf2f8f"><a href="https://stuttgarti-katolikusok.de/index.php/1956-fenylo-arcai/">1956 FÉNYLŐ ARCAI</a></blockquote><iframe sandbox="allow-scripts" security="restricted" src="https://stuttgarti-katolikusok.de/index.php/1956-fenylo-arcai/embed/#?secret=36cTbf2f8f" width="600" height="338" title="&#8220;1956 FÉNYLŐ ARCAI&#8221; &#8212; Stuttgarti Katolikusok" data-secret="36cTbf2f8f" frameborder="0" marginwidth="0" marginheight="0" scrolling="no" class="wp-embedded-content"></iframe><script type="text/javascript">
/* <![CDATA[ */
/*! This file is auto-generated */
!function(d,l){"use strict";l.querySelector&&d.addEventListener&&"undefined"!=typeof URL&&(d.wp=d.wp||{},d.wp.receiveEmbedMessage||(d.wp.receiveEmbedMessage=function(e){var t=e.data;if((t||t.secret||t.message||t.value)&&!/[^a-zA-Z0-9]/.test(t.secret)){for(var s,r,n,a=l.querySelectorAll('iframe[data-secret="'+t.secret+'"]'),o=l.querySelectorAll('blockquote[data-secret="'+t.secret+'"]'),c=new RegExp("^https?:$","i"),i=0;i<o.length;i++)o[i].style.display="none";for(i=0;i<a.length;i++)s=a[i],e.source===s.contentWindow&&(s.removeAttribute("style"),"height"===t.message?(1e3<(r=parseInt(t.value,10))?r=1e3:~~r<200&&(r=200),s.height=r):"link"===t.message&&(r=new URL(s.getAttribute("src")),n=new URL(t.value),c.test(n.protocol))&&n.host===r.host&&l.activeElement===s&&(d.top.location.href=t.value))}},d.addEventListener("message",d.wp.receiveEmbedMessage,!1),l.addEventListener("DOMContentLoaded",function(){for(var e,t,s=l.querySelectorAll("iframe.wp-embedded-content"),r=0;r<s.length;r++)(t=(e=s[r]).getAttribute("data-secret"))||(t=Math.random().toString(36).substring(2,12),e.src+="#?secret="+t,e.setAttribute("data-secret",t)),e.contentWindow.postMessage({message:"ready",secret:t},"*")},!1)))}(window,document);
//# sourceURL=https://stuttgarti-katolikusok.de/wp-includes/js/wp-embed.min.js
/* ]]> */
</script>

&nbsp; 2023. október 15-én az ökumenikus istentiszteletet követően ünnepi műsorral emlékeztünk meg 1956. október 23-ról. 1956 FÉNYLŐ ARCAI címmel, az Udvari Kamaraszínház előadásában ősbemutatóra került sor. Az előadók, Orbán Borbála, Lentulai Hanna Sára és Dóczy Péter, egyfajta időutazásra invitáltak bennünket. Egyszerűen csak a hála és köszönet hangján tudok megszólalni, s mind a magam, mind pedig híveim nevében fejezem ki örömömet ezért a feledhetetlen és az ünnephez méltó megemlékezésért. Tibor atya You are currently viewing a placeholder content from YouTube. To access the actual content, click the button below. Please note that doing so will share data with third-party providers. More Information Unblock content Accept required service and unblock content *
