{"version":"1.0","provider_name":"Stuttgarti Katolikusok","provider_url":"https:\/\/stuttgarti-katolikusok.de","title":"\"1956 \u00e9s az ifj\u00fas\u00e1g\" - \u00dcnnepi megeml\u00e9kez\u0151 m\u0171sor - Stuttgarti Katolikusok","type":"rich","width":600,"height":338,"html":"<blockquote class=\"wp-embedded-content\" data-secret=\"6ltKIDebUw\"><a href=\"https:\/\/stuttgarti-katolikusok.de\/index.php\/1956-es-az-ifjusag-unnepi-megemlekezo-musor\/\">&#8222;1956 \u00e9s az ifj\u00fas\u00e1g&#8221; &#8211; \u00dcnnepi megeml\u00e9kez\u0151 m\u0171sor<\/a><\/blockquote><iframe sandbox=\"allow-scripts\" security=\"restricted\" src=\"https:\/\/stuttgarti-katolikusok.de\/index.php\/1956-es-az-ifjusag-unnepi-megemlekezo-musor\/embed\/#?secret=6ltKIDebUw\" width=\"600\" height=\"338\" title=\"&#8220;&#8222;1956 \u00e9s az ifj\u00fas\u00e1g&#8221; &#8211; \u00dcnnepi megeml\u00e9kez\u0151 m\u0171sor&#8221; &#8212; Stuttgarti Katolikusok\" data-secret=\"6ltKIDebUw\" frameborder=\"0\" marginwidth=\"0\" marginheight=\"0\" scrolling=\"no\" class=\"wp-embedded-content\"><\/iframe><script type=\"text\/javascript\">\n\/* <![CDATA[ *\/\n\/*! This file is auto-generated *\/\n!function(d,l){\"use strict\";l.querySelector&&d.addEventListener&&\"undefined\"!=typeof URL&&(d.wp=d.wp||{},d.wp.receiveEmbedMessage||(d.wp.receiveEmbedMessage=function(e){var t=e.data;if((t||t.secret||t.message||t.value)&&!\/[^a-zA-Z0-9]\/.test(t.secret)){for(var s,r,n,a=l.querySelectorAll('iframe[data-secret=\"'+t.secret+'\"]'),o=l.querySelectorAll('blockquote[data-secret=\"'+t.secret+'\"]'),c=new RegExp(\"^https?:$\",\"i\"),i=0;i<o.length;i++)o[i].style.display=\"none\";for(i=0;i<a.length;i++)s=a[i],e.source===s.contentWindow&&(s.removeAttribute(\"style\"),\"height\"===t.message?(1e3<(r=parseInt(t.value,10))?r=1e3:~~r<200&&(r=200),s.height=r):\"link\"===t.message&&(r=new URL(s.getAttribute(\"src\")),n=new URL(t.value),c.test(n.protocol))&&n.host===r.host&&l.activeElement===s&&(d.top.location.href=t.value))}},d.addEventListener(\"message\",d.wp.receiveEmbedMessage,!1),l.addEventListener(\"DOMContentLoaded\",function(){for(var e,t,s=l.querySelectorAll(\"iframe.wp-embedded-content\"),r=0;r<s.length;r++)(t=(e=s[r]).getAttribute(\"data-secret\"))||(t=Math.random().toString(36).substring(2,12),e.src+=\"#?secret=\"+t,e.setAttribute(\"data-secret\",t)),e.contentWindow.postMessage({message:\"ready\",secret:t},\"*\")},!1)))}(window,document);\n\/\/# sourceURL=https:\/\/stuttgarti-katolikusok.de\/wp-includes\/js\/wp-embed.min.js\n\/* ]]> *\/\n<\/script>\n","thumbnail_url":"https:\/\/stuttgarti-katolikusok.de\/wp-content\/uploads\/2022\/11\/kepernyofelvetel-76-komp.jpg","thumbnail_width":1280,"thumbnail_height":717,"description":"&#8222;1956 \u00e9s az ifj\u00fas\u00e1g&#8221; c\u00edmmel \u00fcnnepi megeml\u00e9kez\u0151 m\u0171sort tartottunk az \u00f6kumenikus istentiszteletet k\u00f6vet\u0151en a Bruder Klaus templomban Az al\u00e1bbi\u00a0 linkre kattintva megtekinthet\u0151 \u00fcnnepi m\u0171sorunk. H\u00e1l\u00e1s k\u00f6sz\u00f6net Schultheis \u00c9v\u00e1nak, aki m\u0171sorunkat \u00f6ssze\u00e1ll\u00edtotta, s term\u00e9szetesen minden k\u00f6zrem\u0171k\u00f6d\u0151nek.\u00a0 &#8222;1956 \u00e9s az ifj\u00fas\u00e1g&#8221; F\u0151bb r\u00e9szei a m\u0171sornak: K\u00f6sz\u00f6nt\u0151 gondolatok &#8211; Tibor atya Bart\u00f3k B\u00e9la: Este a sz\u00e9kelyekn\u00e9l &#8211; P\u00e1l Ram\u00f3na, zongora Bart\u00f3k B\u00e9la- Este a sz\u00e9kelyekn\u00e9l Az Este a sz\u00e9kelyekn\u00e9l Bart\u00f3k B\u00e9la legismertebb zongor\u00e1ra \u00edrott m\u0171ve, amelyet 1908-ban kompon\u00e1lt. Nyilatkozat\u00e1b\u00f3l tudjuk, hogy ez a rendk\u00edv\u00fcl n\u00e9pszer\u0171v\u00e9 v\u00e1lt kompoz\u00edci\u00f3ja k\u00f6veti ugyan az erd\u00e9lyi n\u00e9pdalok st\u00edlus\u00e1t, zenei anyaga azonban nem n\u00e9pi eredet\u0171, hanem a komponista saj\u00e1t invenci\u00f3j\u00e1b\u00f3l sz\u00e1rmazik. A m\u0171 k\u00e9tf\u00e9le anyagb\u00f3l szerkesztett: az egyik lass\u00fa temp\u00f3j\u00fa, parlando dallam, \u00e9nek ill\u00fazi\u00f3j\u00e1t kelti, m\u00edg a m\u00e1sik feszes ritmus\u00fa, gyors t\u00e1nczene, amelyet nyilv\u00e1n furulya sz\u00f3laltat meg az elk\u00e9pzelt sz\u00e9kely falu esti \u00f6sszej\u00f6vetel\u00e9n. Ezt a k\u00e9t anyagot a bemutat\u00e1s ut\u00e1n vari\u00e1lt form\u00e1ban megism\u00e9tli a darab, majd az \u00e9nekelt dallam szenved\u00e9lyes unison\u00f3j\u00e1val \u00e9r v\u00e9get. A darabot 1931-ben zenekari v\u00e1ltozatban is elk\u00e9sz\u00edtette Bart\u00f3k. Dr. Horv\u00e1th D\u00e1niel vezet\u0151 konzul \u00far \u00fcnnepi besz\u00e9de Baka Istv\u00e1n: Halottak napja &#8211; vers &#8211; el\u0151adja T\u00f3th M\u00e1rta Jan\u00e1k R\u00e9ka vezet\u00e9s\u00e9vel a gyermekek el\u0151ad\u00e1sa Sipos Gyula: Egy orosz katon\u00e1r\u00f3l &#8211; vers &#8211; el\u0151adja J\u00f3zsa Tam\u00e1s Berem\u00e9nyi G\u00e9za: Magyar Copperfield &#8211; r\u00e9szlet &#8211; el\u0151adja Andriska G\u00e1bor J. S. Bach &#8211; C-d\u00far prel\u00fadium &#8211; P\u00e1l Ram\u00f3na, zongora D\u00e1vid Melinda vezeti f\u00f6l mind a k\u00e9t elhangz\u00f3 zenei m\u0171vet Johann Sebastian Bach &#8211; C-d\u00far prel\u00fadium Johann Sebastian Bach monument\u00e1lis \u00e9letm\u0171v\u00e9nek egyik nagy pill\u00e9re Wohltemperiertes Klavier c\u00edmmel publik\u00e1lt k\u00e9tk\u00f6tetes sorozata. Pontos c\u00edme magyarra ford\u00edtva: A j\u00f3l hangolt zongora, azaz prel\u00fadiumok \u00e9s f\u00fag\u00e1k minden eg\u00e9sz- \u00e9s f\u00e9lhangr\u00f3l. A C-d\u00far prel\u00fadium a k\u00f6tet legels\u0151 m\u0171ve, amire 2 \u00e9vsz\u00e1zaddal k\u00e9s\u0151bb Charles Gounod kompon\u00e1lt egy Ave Mari\u00e1t. Szent Istv\u00e1n kir\u00e1ly 1038. Augusztus 15-\u00e9n, Nagyboldogasszony napj\u00e1n, Sz\u00e9kesfeh\u00e9rv\u00e1rott f\u00f6laj\u00e1nlotta Magyarorsz\u00e1got Sz\u0171z M\u00e1ri\u00e1nak. A 17. Sz\u00e1zadban a Patrona Hungariae-eszm\u00e9re alapozva... R\u00e9szletek"}

"1956 és az ifjúság" - Ünnepi megemlékező műsor - Stuttgarti Katolikusok

<blockquote class="wp-embedded-content" data-secret="6ltKIDebUw"><a href="https://stuttgarti-katolikusok.de/index.php/1956-es-az-ifjusag-unnepi-megemlekezo-musor/">&#8222;1956 és az ifjúság&#8221; &#8211; Ünnepi megemlékező műsor</a></blockquote><iframe sandbox="allow-scripts" security="restricted" src="https://stuttgarti-katolikusok.de/index.php/1956-es-az-ifjusag-unnepi-megemlekezo-musor/embed/#?secret=6ltKIDebUw" width="600" height="338" title="&#8220;&#8222;1956 és az ifjúság&#8221; &#8211; Ünnepi megemlékező műsor&#8221; &#8212; Stuttgarti Katolikusok" data-secret="6ltKIDebUw" frameborder="0" marginwidth="0" marginheight="0" scrolling="no" class="wp-embedded-content"></iframe><script type="text/javascript">
/* <![CDATA[ */
/*! This file is auto-generated */
!function(d,l){"use strict";l.querySelector&&d.addEventListener&&"undefined"!=typeof URL&&(d.wp=d.wp||{},d.wp.receiveEmbedMessage||(d.wp.receiveEmbedMessage=function(e){var t=e.data;if((t||t.secret||t.message||t.value)&&!/[^a-zA-Z0-9]/.test(t.secret)){for(var s,r,n,a=l.querySelectorAll('iframe[data-secret="'+t.secret+'"]'),o=l.querySelectorAll('blockquote[data-secret="'+t.secret+'"]'),c=new RegExp("^https?:$","i"),i=0;i<o.length;i++)o[i].style.display="none";for(i=0;i<a.length;i++)s=a[i],e.source===s.contentWindow&&(s.removeAttribute("style"),"height"===t.message?(1e3<(r=parseInt(t.value,10))?r=1e3:~~r<200&&(r=200),s.height=r):"link"===t.message&&(r=new URL(s.getAttribute("src")),n=new URL(t.value),c.test(n.protocol))&&n.host===r.host&&l.activeElement===s&&(d.top.location.href=t.value))}},d.addEventListener("message",d.wp.receiveEmbedMessage,!1),l.addEventListener("DOMContentLoaded",function(){for(var e,t,s=l.querySelectorAll("iframe.wp-embedded-content"),r=0;r<s.length;r++)(t=(e=s[r]).getAttribute("data-secret"))||(t=Math.random().toString(36).substring(2,12),e.src+="#?secret="+t,e.setAttribute("data-secret",t)),e.contentWindow.postMessage({message:"ready",secret:t},"*")},!1)))}(window,document);
//# sourceURL=https://stuttgarti-katolikusok.de/wp-includes/js/wp-embed.min.js
/* ]]> */
</script>

&#8222;1956 és az ifjúság&#8221; címmel ünnepi megemlékező műsort tartottunk az ökumenikus istentiszteletet követően a Bruder Klaus templomban Az alábbi  linkre kattintva megtekinthető ünnepi műsorunk. Hálás köszönet Schultheis Évának, aki műsorunkat összeállította, s természetesen minden közreműködőnek.  &#8222;1956 és az ifjúság&#8221; Főbb részei a műsornak: Köszöntő gondolatok &#8211; Tibor atya Bartók Béla: Este a székelyeknél &#8211; Pál Ramóna, zongora Bartók Béla- Este a székelyeknél Az Este a székelyeknél Bartók Béla legismertebb zongorára írott műve, amelyet 1908-ban komponált. Nyilatkozatából tudjuk, hogy ez a rendkívül népszerűvé vált kompozíciója követi ugyan az erdélyi népdalok stílusát, zenei anyaga azonban nem népi eredetű, hanem a komponista saját invenciójából származik. A mű kétféle anyagból szerkesztett: az egyik lassú tempójú, parlando dallam, ének illúzióját kelti, míg a másik feszes ritmusú, gyors tánczene, amelyet nyilván furulya szólaltat meg az elképzelt székely falu esti összejövetelén. Ezt a két anyagot a bemutatás után variált formában megismétli a darab, majd az énekelt dallam szenvedélyes unisonójával ér véget. A darabot 1931-ben zenekari változatban is elkészítette Bartók. Dr. Horváth Dániel vezető konzul úr ünnepi beszéde Baka István: Halottak napja &#8211; vers &#8211; előadja Tóth Márta Janák Réka vezetésével a gyermekek előadása Sipos Gyula: Egy orosz katonáról &#8211; vers &#8211; előadja Józsa Tamás Bereményi Géza: Magyar Copperfield &#8211; részlet &#8211; előadja Andriska Gábor J. S. Bach &#8211; C-dúr prelúdium &#8211; Pál Ramóna, zongora Dávid Melinda vezeti föl mind a két elhangzó zenei művet Johann Sebastian Bach &#8211; C-dúr prelúdium Johann Sebastian Bach monumentális életművének egyik nagy pillére Wohltemperiertes Klavier címmel publikált kétkötetes sorozata. Pontos címe magyarra fordítva: A jól hangolt zongora, azaz prelúdiumok és fúgák minden egész- és félhangról. A C-dúr prelúdium a kötet legelső műve, amire 2 évszázaddal később Charles Gounod komponált egy Ave Mariát. Szent István király 1038. Augusztus 15-én, Nagyboldogasszony napján, Székesfehérvárott fölajánlotta Magyarországot Szűz Máriának. A 17. Században a Patrona Hungariae-eszmére alapozva... Részletek
